3cb57e8c-7d46-491e-bfff-432503e07962	Yei	744086d1-f70e-41fb-9bee-8898f27354b0	2024-06-07 14:52:15	2024-06-07 14:52:15
5eee6e75-fdbc-4fc2-8d08-d58ceb87bb94	Bor	744086d1-f70e-41fb-9bee-8898f27354b0	2024-06-07 14:52:15	2024-06-07 14:52:15
0fd811d8-5eae-46f5-a53b-33d90d8f3a46	Torit	744086d1-f70e-41fb-9bee-8898f27354b0	2024-06-07 14:52:15	2024-06-07 14:52:15
b8693fae-d877-415b-a645-0e8077d35525	Rumbek	744086d1-f70e-41fb-9bee-8898f27354b0	2024-06-07 14:52:15	2024-06-07 14:52:15
188dd381-44eb-4e1a-9e9e-ec4a9b6bfb5b	Tonj	744086d1-f70e-41fb-9bee-8898f27354b0	2024-06-07 14:52:15	2024-06-07 14:52:15
6c2e90dc-0ab0-47c8-bb9d-923fb1b68aaa	Yambio	744086d1-f70e-41fb-9bee-8898f27354b0	2024-06-07 14:52:15	2024-06-07 14:52:15
50e1e9a2-c8fd-45f2-ba64-2277c74020b2	Maridi	744086d1-f70e-41fb-9bee-8898f27354b0	2024-06-07 14:52:15	2024-06-07 14:52:15
08a7a907-3d57-4808-9378-529525d56bee	Bentiu	744086d1-f70e-41fb-9bee-8898f27354b0	2024-06-07 14:52:15	2024-06-07 14:52:15
5158723f-dc8c-4c10-aa9c-57613d707b71	Kapoeta	744086d1-f70e-41fb-9bee-8898f27354b0	2024-06-07 14:52:15	2024-06-07 14:52:15
1218e687-eac4-40dd-83b3-732fc0635c76	Renk	744086d1-f70e-41fb-9bee-8898f27354b0	2024-06-07 14:52:15	2024-06-07 14:52:15
3d4f2b98-442b-48bc-99ac-8c1c957bbc3b	Kuajok	744086d1-f70e-41fb-9bee-8898f27354b0	2024-06-07 14:52:15	2024-06-07 14:52:15
cf65784c-52e6-4a36-95e3-79b6f7e6edf9	Pibor	744086d1-f70e-41fb-9bee-8898f27354b0	2024-06-07 14:52:15	2024-06-07 14:52:15
309781da-62da-4f94-b300-ed341ec2b9a4	Aweil	744086d1-f70e-41fb-9bee-8898f27354b0	2024-06-07 14:52:15	2024-06-07 14:52:15
4782326f-1f7d-488d-9d3a-02626cb23d3a	Bucarest	5cfc5d7d-09bb-4901-b44b-a0304feee673	2024-06-07 14:52:15	2024-06-07 14:52:15
0f5b76b3-2766-4ea6-8c1f-16240cbeef69	Iași	5cfc5d7d-09bb-4901-b44b-a0304feee673	2024-06-07 14:52:15	2024-06-07 14:52:15
16dd704d-ec16-4362-8d1c-a6138b2ffc5d	Cluj-Napoca	5cfc5d7d-09bb-4901-b44b-a0304feee673	2024-06-07 14:52:15	2024-06-07 14:52:15
c772b098-420e-4006-9486-c4fc93747a54	Timișoara	5cfc5d7d-09bb-4901-b44b-a0304feee673	2024-06-07 14:52:15	2024-06-07 14:52:15
8dcb64d4-8cdf-437c-87a8-a872838f4748	Craiova	5cfc5d7d-09bb-4901-b44b-a0304feee673	2024-06-07 14:52:15	2024-06-07 14:52:15
09eaf2e5-ceb7-4213-9662-0deea7b519a6	Constanța	5cfc5d7d-09bb-4901-b44b-a0304feee673	2024-06-07 14:52:15	2024-06-07 14:52:15
11f588fa-6180-4a0b-a4c5-8009bcebdb73	Galați	5cfc5d7d-09bb-4901-b44b-a0304feee673	2024-06-07 14:52:15	2024-06-07 14:52:15
d5d64874-4de6-4ba8-b914-6a1cfba18edf	Brașov	5cfc5d7d-09bb-4901-b44b-a0304feee673	2024-06-07 14:52:15	2024-06-07 14:52:15
0d9765f8-4e2c-4b84-9eb3-0cfe71475a2f	Ploiești	5cfc5d7d-09bb-4901-b44b-a0304feee673	2024-06-07 14:52:15	2024-06-07 14:52:15
950dee45-71c0-48d9-9e4f-720fa05b9016	Oradea	5cfc5d7d-09bb-4901-b44b-a0304feee673	2024-06-07 14:52:15	2024-06-07 14:52:15
565eea9f-12ed-44e3-91a9-4fbe832391ee	Brăila	5cfc5d7d-09bb-4901-b44b-a0304feee673	2024-06-07 14:52:15	2024-06-07 14:52:15
0a302a97-7739-4745-abcb-69e449d5ec25	Arad	5cfc5d7d-09bb-4901-b44b-a0304feee673	2024-06-07 14:52:15	2024-06-07 14:52:15
deef445a-2647-4043-8fcf-b484bf79cf82	Pitești	5cfc5d7d-09bb-4901-b44b-a0304feee673	2024-06-07 14:52:15	2024-06-07 14:52:15
dfdb1ecb-39aa-4210-aef7-22da1a83a114	Sibiu	5cfc5d7d-09bb-4901-b44b-a0304feee673	2024-06-07 14:52:15	2024-06-07 14:52:15
e85a6dc2-6a57-4588-8371-6e4adc372883	Bacău	5cfc5d7d-09bb-4901-b44b-a0304feee673	2024-06-07 14:52:15	2024-06-07 14:52:15
27a02249-8830-47ec-ae89-bf26f341cd33	Târgu Mureș	5cfc5d7d-09bb-4901-b44b-a0304feee673	2024-06-07 14:52:15	2024-06-07 14:52:15
2d53083a-1f41-458c-94f8-4f9478d2300b	Baia Mare	5cfc5d7d-09bb-4901-b44b-a0304feee673	2024-06-07 14:52:15	2024-06-07 14:52:15
78bfa4de-3f25-485e-a5a9-79c968ce1c76	Buzău	5cfc5d7d-09bb-4901-b44b-a0304feee673	2024-06-07 14:52:15	2024-06-07 14:52:15
162a51cb-f1c3-4a66-8a48-85d788069e85	Botoșani	5cfc5d7d-09bb-4901-b44b-a0304feee673	2024-06-07 14:52:15	2024-06-07 14:52:15
2ba5e7fa-0350-4058-8078-08eb71e6f76d	Satu Mare	5cfc5d7d-09bb-4901-b44b-a0304feee673	2024-06-07 14:52:15	2024-06-07 14:52:15
f41332b8-43e8-4323-a501-dcca5f56e4b5	Moscou	5c227e19-677d-4817-83bd-b61b69c9e015	2024-06-07 14:52:15	2024-06-07 14:52:15
35e0152c-5e3b-4474-9afc-4b885968ea3e	Saint-Pétersbourg	5c227e19-677d-4817-83bd-b61b69c9e015	2024-06-07 14:52:15	2024-06-07 14:52:15
fc5c5cfd-017a-4530-841e-3e276c29b003	Novossibirsk	5c227e19-677d-4817-83bd-b61b69c9e015	2024-06-07 14:52:15	2024-06-07 14:52:15
fe5d87ce-2af3-4861-817e-f1755b9553a1	Ekaterinbourg	5c227e19-677d-4817-83bd-b61b69c9e015	2024-06-07 14:52:15	2024-06-07 14:52:15
1687039e-69c6-4ca6-adb8-2fc0a415b056	Nijni Novgorod	5c227e19-677d-4817-83bd-b61b69c9e015	2024-06-07 14:52:15	2024-06-07 14:52:15
1a8b8beb-dd34-4445-805e-bb38f2e90bc4	Kazan	5c227e19-677d-4817-83bd-b61b69c9e015	2024-06-07 14:52:15	2024-06-07 14:52:15
f61862da-bcda-48e1-bc56-11af428fc14e	Tcheliabinsk	5c227e19-677d-4817-83bd-b61b69c9e015	2024-06-07 14:52:15	2024-06-07 14:52:15
cc2afd5d-897e-40d6-820f-3a8589486c1c	Omsk	5c227e19-677d-4817-83bd-b61b69c9e015	2024-06-07 14:52:15	2024-06-07 14:52:15
1f557547-f380-4769-99cf-4635ed7dbac7	Samara	5c227e19-677d-4817-83bd-b61b69c9e015	2024-06-07 14:52:15	2024-06-07 14:52:15
f5cb020a-8c17-41ac-bee6-ad2d19a13b9c	Rostov-sur-le-Don	5c227e19-677d-4817-83bd-b61b69c9e015	2024-06-07 14:52:15	2024-06-07 14:52:15
bb1b19b4-de36-42c3-be5f-5f8aa6d60ee1	Oufa	5c227e19-677d-4817-83bd-b61b69c9e015	2024-06-07 14:52:15	2024-06-07 14:52:15
b38507a8-4afb-4bba-8fd3-7c03c6efa4b4	Krasnoïarsk	5c227e19-677d-4817-83bd-b61b69c9e015	2024-06-07 14:52:15	2024-06-07 14:52:15
d4515fad-ff9f-4367-85ed-a71bab3385fe	Voronej	5c227e19-677d-4817-83bd-b61b69c9e015	2024-06-07 14:52:15	2024-06-07 14:52:15
4e742aaf-6815-4922-a7cb-169ca21ff67f	Perm	5c227e19-677d-4817-83bd-b61b69c9e015	2024-06-07 14:52:15	2024-06-07 14:52:15
06667482-c8c7-4559-b644-aca4f82ce564	Volgograd	5c227e19-677d-4817-83bd-b61b69c9e015	2024-06-07 14:52:15	2024-06-07 14:52:15
0f060f13-c4e5-48e5-afb0-369bb9766aed	Khabarovsk	5c227e19-677d-4817-83bd-b61b69c9e015	2024-06-07 14:52:15	2024-06-07 14:52:15
dc3ce798-fcf5-4d80-b8bb-d4e4336ff2c5	Saratov	5c227e19-677d-4817-83bd-b61b69c9e015	2024-06-07 14:52:15	2024-06-07 14:52:15
705754f3-848d-49d5-ad9d-78856e29b7ec	Tchita	5c227e19-677d-4817-83bd-b61b69c9e015	2024-06-07 14:52:15	2024-06-07 14:52:15
8593718f-5ecc-40ff-80b9-dba2f3521250	Ijevsk	5c227e19-677d-4817-83bd-b61b69c9e015	2024-06-07 14:52:15	2024-06-07 14:52:15
4cbcb8bf-a8cf-4bb6-826f-4a53e68e944c	Irkoutsk	5c227e19-677d-4817-83bd-b61b69c9e015	2024-06-07 14:52:15	2024-06-07 14:52:15
401dcad7-ae21-49b6-b30c-07beab749cd1	Kigali	6ea2d17c-0344-4723-bd3e-67fa78b5adf5	2024-06-07 14:52:15	2024-06-07 14:52:15
cfd6770f-bec8-46aa-8c42-6988b69394a6	Butare	6ea2d17c-0344-4723-bd3e-67fa78b5adf5	2024-06-07 14:52:15	2024-06-07 14:52:15
948ffda0-c9cf-4af7-8956-d9c15cd1b8d5	Gitarama	6ea2d17c-0344-4723-bd3e-67fa78b5adf5	2024-06-07 14:52:15	2024-06-07 14:52:15
393c3c2a-03e3-4edb-be6d-6dc003466ea8	Ruhengeri	6ea2d17c-0344-4723-bd3e-67fa78b5adf5	2024-06-07 14:52:15	2024-06-07 14:52:15
61e22f68-c6d5-4b78-a7df-a11738f05cee	Gisenyi	6ea2d17c-0344-4723-bd3e-67fa78b5adf5	2024-06-07 14:52:15	2024-06-07 14:52:15
02b5f431-f4dd-4983-a982-59da311aa544	Byumba	6ea2d17c-0344-4723-bd3e-67fa78b5adf5	2024-06-07 14:52:15	2024-06-07 14:52:15
9bdb931e-825a-401a-b2ed-d774e4eeb6ce	Cyangugu	6ea2d17c-0344-4723-bd3e-67fa78b5adf5	2024-06-07 14:52:15	2024-06-07 14:52:15
c1368fed-b817-4f3a-9e96-baee3d95fee0	Kibuye	6ea2d17c-0344-4723-bd3e-67fa78b5adf5	2024-06-07 14:52:15	2024-06-07 14:52:15
8e6c3d4b-d0fc-4ff4-a88e-636e5338b16e	Kibungo	6ea2d17c-0344-4723-bd3e-67fa78b5adf5	2024-06-07 14:52:15	2024-06-07 14:52:15
438c7e94-2329-48f4-8719-b42724ab3e29	Nyanza	6ea2d17c-0344-4723-bd3e-67fa78b5adf5	2024-06-07 14:52:15	2024-06-07 14:52:15
3b1f2849-5063-4ba1-a010-39aa53d2c632	Nyamata	6ea2d17c-0344-4723-bd3e-67fa78b5adf5	2024-06-07 14:52:15	2024-06-07 14:52:15
b239c98e-ab4d-4b0d-b5ae-c1bd38ad9fd1	Muhanga	6ea2d17c-0344-4723-bd3e-67fa78b5adf5	2024-06-07 14:52:15	2024-06-07 14:52:15
1bdffd97-018b-42fd-9a99-9cef7fdb5486	Rwamagana	6ea2d17c-0344-4723-bd3e-67fa78b5adf5	2024-06-07 14:52:15	2024-06-07 14:52:15
3302f01a-60df-40ca-9954-0b9db509dfad	Rubavu	6ea2d17c-0344-4723-bd3e-67fa78b5adf5	2024-06-07 14:52:15	2024-06-07 14:52:15
78cec70e-40ef-4cff-aea2-b03713c23f36	Musanze	6ea2d17c-0344-4723-bd3e-67fa78b5adf5	2024-06-07 14:52:15	2024-06-07 14:52:15
da8636f7-9241-43ef-b24e-782b6575c7ee	Nyagatare	6ea2d17c-0344-4723-bd3e-67fa78b5adf5	2024-06-07 14:52:15	2024-06-07 14:52:15
f9910057-a2df-4d02-880e-f81678da9f18	Kamonyi	6ea2d17c-0344-4723-bd3e-67fa78b5adf5	2024-06-07 14:52:15	2024-06-07 14:52:15
69d30200-bc68-4429-b614-56d69f8d6dd7	Nyamagabe	6ea2d17c-0344-4723-bd3e-67fa78b5adf5	2024-06-07 14:52:15	2024-06-07 14:52:15
afedb979-e169-40da-babc-be6b70d304aa	Basseterre	fe47fb78-a151-451d-b57e-03eb46b0f4c1	2024-06-07 14:52:15	2024-06-07 14:52:15
a7005ae0-8ac2-4a05-899b-fb68e28cc8a8	Saint Paul’s	fe47fb78-a151-451d-b57e-03eb46b0f4c1	2024-06-07 14:52:15	2024-06-07 14:52:15
b8431e2e-f6a9-4ecf-a08d-9738c29a454b	Charlestown	fe47fb78-a151-451d-b57e-03eb46b0f4c1	2024-06-07 14:52:15	2024-06-07 14:52:15
5c04d981-4d1b-472b-9b1e-ab665a8adfb9	Dieppe Bay Town	fe47fb78-a151-451d-b57e-03eb46b0f4c1	2024-06-07 14:52:15	2024-06-07 14:52:15
196211e3-f9c6-40f1-b7c0-0c1f049996da	Sandy Point Town	fe47fb78-a151-451d-b57e-03eb46b0f4c1	2024-06-07 14:52:15	2024-06-07 14:52:15
5f1fb46d-f8ff-4991-8da4-3db861acbc64	Half Way Tree	fe47fb78-a151-451d-b57e-03eb46b0f4c1	2024-06-07 14:52:15	2024-06-07 14:52:15
ac07ec32-3389-4b4a-b27b-6698a8be7199	Cayon	fe47fb78-a151-451d-b57e-03eb46b0f4c1	2024-06-07 14:52:15	2024-06-07 14:52:15
18fd8e02-2504-46c7-ae39-fcd77e57fa77	Cotton Ground	fe47fb78-a151-451d-b57e-03eb46b0f4c1	2024-06-07 14:52:15	2024-06-07 14:52:15
e4936d5a-f922-4df1-a8f6-d14211e04063	Frigate Bay	fe47fb78-a151-451d-b57e-03eb46b0f4c1	2024-06-07 14:52:15	2024-06-07 14:52:15
cd93f33a-99a8-47db-bb73-a2e2643f8587	Tabernacle	fe47fb78-a151-451d-b57e-03eb46b0f4c1	2024-06-07 14:52:15	2024-06-07 14:52:15
db9e1add-fecd-43ae-8149-0191f1f4a7e6	Castries	23595379-cfd1-456b-bbb2-d749d781d097	2024-06-07 14:52:15	2024-06-07 14:52:15
97db424b-0fe9-4104-ac6d-025c9469f418	Vieux Fort	23595379-cfd1-456b-bbb2-d749d781d097	2024-06-07 14:52:15	2024-06-07 14:52:15
0142d2a3-4368-4ff1-a90d-604ce209be21	Micoud	23595379-cfd1-456b-bbb2-d749d781d097	2024-06-07 14:52:15	2024-06-07 14:52:15
9fabf1d0-16ab-4bad-b9a2-3f2f37c92d5c	Soufrière	23595379-cfd1-456b-bbb2-d749d781d097	2024-06-07 14:52:15	2024-06-07 14:52:15
d4c507c0-992b-4591-af32-55ee8760c0db	Dennery	23595379-cfd1-456b-bbb2-d749d781d097	2024-06-07 14:52:15	2024-06-07 14:52:15
2524f7a9-9979-4471-8f90-2f0f2d3f72b0	Gros Islet	23595379-cfd1-456b-bbb2-d749d781d097	2024-06-07 14:52:15	2024-06-07 14:52:15
3d32117d-28c4-4b31-a4ae-d09e4df65a90	Laborie	23595379-cfd1-456b-bbb2-d749d781d097	2024-06-07 14:52:15	2024-06-07 14:52:15
22116140-1f3c-4331-8741-68398460bdb0	Canaries	23595379-cfd1-456b-bbb2-d749d781d097	2024-06-07 14:52:15	2024-06-07 14:52:15
c94e76e7-392c-4bef-8708-fa37960b5cc5	Anse la Raye	23595379-cfd1-456b-bbb2-d749d781d097	2024-06-07 14:52:15	2024-06-07 14:52:15
1ac8ddc8-087c-44d8-93f4-b7916e1cd716	Choiseul	23595379-cfd1-456b-bbb2-d749d781d097	2024-06-07 14:52:15	2024-06-07 14:52:15
83e0db89-387a-4e93-882f-bc0649e19af2	Kingstown	e77f9f8b-127d-492c-a6af-fb59556d28e8	2024-06-07 14:52:15	2024-06-07 14:52:15
4bcc2cbf-9802-4b07-9f2b-e35d7d8d2eed	Kingstown Park	e77f9f8b-127d-492c-a6af-fb59556d28e8	2024-06-07 14:52:15	2024-06-07 14:52:15
86bfbb20-01e9-42ab-903c-29b1def14447	Georgetown	e77f9f8b-127d-492c-a6af-fb59556d28e8	2024-06-07 14:52:15	2024-06-07 14:52:15
bfe9062f-1a41-40e0-a329-6784324fe728	Byera Village	e77f9f8b-127d-492c-a6af-fb59556d28e8	2024-06-07 14:52:15	2024-06-07 14:52:15
6d240570-a5e9-4167-b4d0-d035c3081e03	Biabou	e77f9f8b-127d-492c-a6af-fb59556d28e8	2024-06-07 14:52:15	2024-06-07 14:52:15
9d5cf25b-fe26-4cfe-b1b2-281619a55a8f	Port Elizabeth	e77f9f8b-127d-492c-a6af-fb59556d28e8	2024-06-07 14:52:15	2024-06-07 14:52:15
b094e40d-a319-44f5-a9fa-8d62ec161bc2	Chateaubelair	e77f9f8b-127d-492c-a6af-fb59556d28e8	2024-06-07 14:52:15	2024-06-07 14:52:15
4a541106-7290-464f-8298-666e3493afbb	Dovers	e77f9f8b-127d-492c-a6af-fb59556d28e8	2024-06-07 14:52:15	2024-06-07 14:52:15
7798c09b-1db5-4f8b-b567-3e25b3a8b5e5	Barrouallie	e77f9f8b-127d-492c-a6af-fb59556d28e8	2024-06-07 14:52:15	2024-06-07 14:52:15
edfcf718-951e-4b15-a8e3-94a6337704cd	Apia	9c783157-b2a7-4ea9-bfdc-9478dc7f5420	2024-06-07 14:52:15	2024-06-07 14:52:15
6d731585-6f53-485e-a0a0-ee9747ceda0d	Asau	9c783157-b2a7-4ea9-bfdc-9478dc7f5420	2024-06-07 14:52:15	2024-06-07 14:52:15
75fb779d-88ec-44f8-907e-b3e0b13e39cf	Mulifanua	9c783157-b2a7-4ea9-bfdc-9478dc7f5420	2024-06-07 14:52:15	2024-06-07 14:52:15
874b4f04-1749-40f6-98a5-dddef25e3c90	Afenga	9c783157-b2a7-4ea9-bfdc-9478dc7f5420	2024-06-07 14:52:15	2024-06-07 14:52:15
88cb529e-4aee-432f-ae89-46231e969f22	Leulumoega	9c783157-b2a7-4ea9-bfdc-9478dc7f5420	2024-06-07 14:52:15	2024-06-07 14:52:15
61449b4a-bdc6-4769-9342-6f45868e3978	Faleasi’u	9c783157-b2a7-4ea9-bfdc-9478dc7f5420	2024-06-07 14:52:15	2024-06-07 14:52:15
1d5d7183-0929-4943-8333-5e81d842600f	Manase	9c783157-b2a7-4ea9-bfdc-9478dc7f5420	2024-06-07 14:52:15	2024-06-07 14:52:15
2a166c2b-b55b-4e96-b3d0-47d6378c8cff	Siuniu	9c783157-b2a7-4ea9-bfdc-9478dc7f5420	2024-06-07 14:52:15	2024-06-07 14:52:15
18f76e4c-d757-4647-a18b-3756465e8e6a	Vailoa	9c783157-b2a7-4ea9-bfdc-9478dc7f5420	2024-06-07 14:52:15	2024-06-07 14:52:15
e7ce4a70-0f60-4524-a189-21b3dfa49315	Sapapali’i	9c783157-b2a7-4ea9-bfdc-9478dc7f5420	2024-06-07 14:52:15	2024-06-07 14:52:15
dc264ce7-311a-40e0-a2c3-8e6da9e85e44	Città di San Marino	fe190261-e368-4841-9c2c-91e68f2fdb10	2024-06-07 14:52:15	2024-06-07 14:52:15
e4602322-a4e6-41b7-a2e1-6208c46e050f	Borgo Maggiore	fe190261-e368-4841-9c2c-91e68f2fdb10	2024-06-07 14:52:15	2024-06-07 14:52:15
029f0b52-2e51-4709-b2e7-640ba275e62b	Serravalle	fe190261-e368-4841-9c2c-91e68f2fdb10	2024-06-07 14:52:15	2024-06-07 14:52:15
1087c99c-fbab-4144-99f2-ce5e25ec5bf6	Domagnano	fe190261-e368-4841-9c2c-91e68f2fdb10	2024-06-07 14:52:15	2024-06-07 14:52:15
c1a2bdde-3ca3-4a07-84ee-13953612ebb8	Dogana	fe190261-e368-4841-9c2c-91e68f2fdb10	2024-06-07 14:52:15	2024-06-07 14:52:15
c029d1b0-e242-4687-808b-ddb3887255f2	Fiorentino	fe190261-e368-4841-9c2c-91e68f2fdb10	2024-06-07 14:52:15	2024-06-07 14:52:15
f9b6f9bf-d6e8-4810-861d-17da0319a860	Acquaviva	fe190261-e368-4841-9c2c-91e68f2fdb10	2024-06-07 14:52:15	2024-06-07 14:52:15
bbde4da3-e6e6-45b4-99e3-8423fd218e27	Faetano	fe190261-e368-4841-9c2c-91e68f2fdb10	2024-06-07 14:52:15	2024-06-07 14:52:15
44624cf1-4ccb-4f3e-86d2-c1ab5733b057	Montegiardino	fe190261-e368-4841-9c2c-91e68f2fdb10	2024-06-07 14:52:15	2024-06-07 14:52:15
c3f23c9d-f042-4743-a4a5-e43b27e73473	São Tomé	d8b14136-158a-486c-8149-ad96dc61b4d7	2024-06-07 14:52:15	2024-06-07 14:52:15
d765ab95-942e-4846-83d2-9173b1db20fe	Neves	d8b14136-158a-486c-8149-ad96dc61b4d7	2024-06-07 14:52:15	2024-06-07 14:52:15
3f7da0b7-8cb1-431b-ba1e-ff3c96ac8b84	Guadalupe	d8b14136-158a-486c-8149-ad96dc61b4d7	2024-06-07 14:52:15	2024-06-07 14:52:15
a6fb9d9e-1c57-478c-8865-2426cdb82257	Santana	d8b14136-158a-486c-8149-ad96dc61b4d7	2024-06-07 14:52:15	2024-06-07 14:52:15
d95e21c7-60ea-4516-b036-cb5f3d96c7cd	Santo António	d8b14136-158a-486c-8149-ad96dc61b4d7	2024-06-07 14:52:15	2024-06-07 14:52:15
4496d915-e141-4520-9311-e4ccdc941537	São João dos Angolares	d8b14136-158a-486c-8149-ad96dc61b4d7	2024-06-07 14:52:15	2024-06-07 14:52:15
a79eeb77-d30f-4fd5-9554-fa34756a6fa0	Trindade	d8b14136-158a-486c-8149-ad96dc61b4d7	2024-06-07 14:52:15	2024-06-07 14:52:15
e54b22ed-6149-41dc-9383-be6a9fc044c4	Santo Amaro	d8b14136-158a-486c-8149-ad96dc61b4d7	2024-06-07 14:52:15	2024-06-07 14:52:15
188a08eb-bfd2-4d2e-b9ce-a6782a7a9029	Riyad	8ac0ef72-ebcd-43ae-9b69-2601e3518e21	2024-06-07 14:52:15	2024-06-07 14:52:15
5da6bf65-684d-45e6-a598-fe61cd5ab559	Djeddah	8ac0ef72-ebcd-43ae-9b69-2601e3518e21	2024-06-07 14:52:15	2024-06-07 14:52:15
8ebed31e-265a-4731-911c-84c3dacb75ad	La Mecque	8ac0ef72-ebcd-43ae-9b69-2601e3518e21	2024-06-07 14:52:15	2024-06-07 14:52:15
ba52bdbb-a8ff-4397-bb58-092511496354	Médine	8ac0ef72-ebcd-43ae-9b69-2601e3518e21	2024-06-07 14:52:15	2024-06-07 14:52:15
7072e1a5-98c3-458e-ae4c-0bb86bd0aba0	Dammam	8ac0ef72-ebcd-43ae-9b69-2601e3518e21	2024-06-07 14:52:15	2024-06-07 14:52:15
c4819644-5a3f-46b4-a9e0-336e6c223f4f	Khobar	8ac0ef72-ebcd-43ae-9b69-2601e3518e21	2024-06-07 14:52:15	2024-06-07 14:52:15
ee0dea80-b3eb-487f-896e-ac4c7942550c	Jizan	8ac0ef72-ebcd-43ae-9b69-2601e3518e21	2024-06-07 14:52:15	2024-06-07 14:52:15
a65bcc34-b44a-4908-94ce-f597117283b1	Tabouk	8ac0ef72-ebcd-43ae-9b69-2601e3518e21	2024-06-07 14:52:15	2024-06-07 14:52:15
04d46348-ddc5-4828-a74a-48d65e57f738	Burayda	8ac0ef72-ebcd-43ae-9b69-2601e3518e21	2024-06-07 14:52:15	2024-06-07 14:52:15
03af23aa-9ed8-4546-bd0d-a841418dbb80	Haïl	8ac0ef72-ebcd-43ae-9b69-2601e3518e21	2024-06-07 14:52:15	2024-06-07 14:52:15
8ed6e61a-8467-49b4-8a8d-dd40f3928381	Ta'if	8ac0ef72-ebcd-43ae-9b69-2601e3518e21	2024-06-07 14:52:15	2024-06-07 14:52:15
9b653c78-6440-46e1-8d51-ebb58cef36cd	Najran	8ac0ef72-ebcd-43ae-9b69-2601e3518e21	2024-06-07 14:52:15	2024-06-07 14:52:15
e246e78a-3d1a-4f63-8c6a-2438730e1c00	Al-Ahsa	8ac0ef72-ebcd-43ae-9b69-2601e3518e21	2024-06-07 14:52:15	2024-06-07 14:52:15
ea3585f3-ace0-473e-b77f-d8624bad9951	Khamis Mushait	8ac0ef72-ebcd-43ae-9b69-2601e3518e21	2024-06-07 14:52:15	2024-06-07 14:52:15
e6c9f63c-8518-4ccd-89df-80ec39868bb8	Yanbu	8ac0ef72-ebcd-43ae-9b69-2601e3518e21	2024-06-07 14:52:15	2024-06-07 14:52:15
5defa632-6bb0-4231-9783-f99ab2ecf93a	Abha	8ac0ef72-ebcd-43ae-9b69-2601e3518e21	2024-06-07 14:52:15	2024-06-07 14:52:15
5adcac0c-5c8b-4f2d-ad9d-2f63a41c2aa9	Arar	8ac0ef72-ebcd-43ae-9b69-2601e3518e21	2024-06-07 14:52:15	2024-06-07 14:52:15
6f9f38c5-8f9a-4b5f-a3f5-d519afb42483	Sakakah	8ac0ef72-ebcd-43ae-9b69-2601e3518e21	2024-06-07 14:52:15	2024-06-07 14:52:15
3a03674c-3d84-4bdc-a86a-db33ae93c232	Jubail	8ac0ef72-ebcd-43ae-9b69-2601e3518e21	2024-06-07 14:52:15	2024-06-07 14:52:15
c89347aa-1fac-4182-8e59-215c139dbc4b	Al-Kharj	8ac0ef72-ebcd-43ae-9b69-2601e3518e21	2024-06-07 14:52:15	2024-06-07 14:52:15
5cbad73e-73f4-4825-8529-458b3188b339	Dakar	bcae748d-ec37-4a42-84f2-de602d38fe48	2024-06-07 14:52:15	2024-06-07 14:52:15
b05c8ddf-72b1-427a-bf83-1f08ee4073aa	Thiès	bcae748d-ec37-4a42-84f2-de602d38fe48	2024-06-07 14:52:15	2024-06-07 14:52:15
6b18404b-d155-447b-a6ae-20c5512d5752	Rufisque	bcae748d-ec37-4a42-84f2-de602d38fe48	2024-06-07 14:52:15	2024-06-07 14:52:15
fdf3f2dc-9e12-48b4-9b0a-41da8d97aa1c	Kaolack	bcae748d-ec37-4a42-84f2-de602d38fe48	2024-06-07 14:52:15	2024-06-07 14:52:15
cc07d120-b2e0-48a5-8383-c777e481d72b	Ziguinchor	bcae748d-ec37-4a42-84f2-de602d38fe48	2024-06-07 14:52:15	2024-06-07 14:52:15
c1aaf596-35fa-48a7-b0c9-47942c24998e	Saint-Louis	bcae748d-ec37-4a42-84f2-de602d38fe48	2024-06-07 14:52:15	2024-06-07 14:52:15
2caaa440-af14-43bd-9d31-c1b08b578236	Mbour	bcae748d-ec37-4a42-84f2-de602d38fe48	2024-06-07 14:52:15	2024-06-07 14:52:15
62341b0c-5b87-4146-8e7a-32f9400b2a1f	Diourbel	bcae748d-ec37-4a42-84f2-de602d38fe48	2024-06-07 14:52:15	2024-06-07 14:52:15
747d8d24-07a1-48d1-9c51-9723bb319a83	Louga	bcae748d-ec37-4a42-84f2-de602d38fe48	2024-06-07 14:52:15	2024-06-07 14:52:15
04c33789-f418-4725-be4b-e7a17e5cc735	Tambacounda	bcae748d-ec37-4a42-84f2-de602d38fe48	2024-06-07 14:52:15	2024-06-07 14:52:15
0ee2e94d-e0dd-4854-b736-9986cc2e60d6	Fatick	bcae748d-ec37-4a42-84f2-de602d38fe48	2024-06-07 14:52:15	2024-06-07 14:52:15
4cd7f471-b5dd-4ba0-855f-91a6846df60b	Kolda	bcae748d-ec37-4a42-84f2-de602d38fe48	2024-06-07 14:52:15	2024-06-07 14:52:15
d12944c7-f074-4e55-ad1c-a901dc04fe8d	Mbacké	bcae748d-ec37-4a42-84f2-de602d38fe48	2024-06-07 14:52:15	2024-06-07 14:52:15
5cf1dd8b-1c21-425f-9f29-c20557b857e9	Tivaouane	bcae748d-ec37-4a42-84f2-de602d38fe48	2024-06-07 14:52:15	2024-06-07 14:52:15
0f755b62-78a2-4e20-88b0-2c87ad497881	Guinguinéo	bcae748d-ec37-4a42-84f2-de602d38fe48	2024-06-07 14:52:15	2024-06-07 14:52:15
23cb873c-6716-4e66-a149-3eba9820f951	Dara	bcae748d-ec37-4a42-84f2-de602d38fe48	2024-06-07 14:52:15	2024-06-07 14:52:15
2a0b9cf3-b941-4a93-9ff2-0d2e8af287ec	Kédougou	bcae748d-ec37-4a42-84f2-de602d38fe48	2024-06-07 14:52:15	2024-06-07 14:52:15
2144918e-2a7b-4800-8d3c-cb98dfaa04fa	Vélingara	bcae748d-ec37-4a42-84f2-de602d38fe48	2024-06-07 14:52:15	2024-06-07 14:52:15
e5546290-6ce0-4e6c-8654-e7de9f36ab6c	Pourham	bcae748d-ec37-4a42-84f2-de602d38fe48	2024-06-07 14:52:15	2024-06-07 14:52:15
34903099-d4a2-469f-860f-0128618be090	Nioro du Rip	bcae748d-ec37-4a42-84f2-de602d38fe48	2024-06-07 14:52:15	2024-06-07 14:52:15
34c89921-5c0a-4914-b6a4-965d218d04f6	Ourossogui	bcae748d-ec37-4a42-84f2-de602d38fe48	2024-06-07 14:52:15	2024-06-07 14:52:15
13148646-4a99-4351-a76b-97cfaea6325a	Bignona	bcae748d-ec37-4a42-84f2-de602d38fe48	2024-06-07 14:52:16	2024-06-07 14:52:16
1ce38d61-e8ad-4339-9ea2-b1073bb76da1	Kaffrine	bcae748d-ec37-4a42-84f2-de602d38fe48	2024-06-07 14:52:16	2024-06-07 14:52:16
f06988e9-af77-40e4-9fa2-66d114dee412	Sédhiou	bcae748d-ec37-4a42-84f2-de602d38fe48	2024-06-07 14:52:16	2024-06-07 14:52:16
ae9aea1e-54b6-4047-bc66-0533a74d077d	Sokone	bcae748d-ec37-4a42-84f2-de602d38fe48	2024-06-07 14:52:16	2024-06-07 14:52:16
377f2bc5-ad27-463f-a66e-1d41cdd8fe8a	Joal-Fadiouth	bcae748d-ec37-4a42-84f2-de602d38fe48	2024-06-07 14:52:16	2024-06-07 14:52:16
22e93bc0-b7f5-49ab-93dd-103ffd529aaf	Koungheul	bcae748d-ec37-4a42-84f2-de602d38fe48	2024-06-07 14:52:16	2024-06-07 14:52:16
05e9402c-04d4-4fbe-9855-4d02e7180e12	Gossas	bcae748d-ec37-4a42-84f2-de602d38fe48	2024-06-07 14:52:16	2024-06-07 14:52:16
30af8ccd-5e11-4f3a-aa19-f5bb624dd5fb	Kayar	bcae748d-ec37-4a42-84f2-de602d38fe48	2024-06-07 14:52:16	2024-06-07 14:52:16
c7280a3c-4b9d-4a51-871b-caee23583c7c	Touba	bcae748d-ec37-4a42-84f2-de602d38fe48	2024-06-07 14:52:16	2024-06-07 14:52:16
eb7bc4f8-7842-4d13-9208-8790a1444221	Pikine	bcae748d-ec37-4a42-84f2-de602d38fe48	2024-06-07 14:52:16	2024-06-07 14:52:16
821f4ff0-c0ba-4065-bf28-1d4212798a44	Médina	bcae748d-ec37-4a42-84f2-de602d38fe48	2024-06-07 14:52:16	2024-06-07 14:52:16
99953590-0870-445f-b29e-b20036bd16bd	Diakhao	bcae748d-ec37-4a42-84f2-de602d38fe48	2024-06-07 14:52:16	2024-06-07 14:52:16
95ec73c5-4500-43d3-999d-b5d83e98ecf1	Darou Mousty	bcae748d-ec37-4a42-84f2-de602d38fe48	2024-06-07 14:52:16	2024-06-07 14:52:16
63f25d2b-40be-4b27-890d-854e83416896	Gandiaye	bcae748d-ec37-4a42-84f2-de602d38fe48	2024-06-07 14:52:16	2024-06-07 14:52:16
2fcc4169-a2a2-4402-b0a5-a86b1f9a50cb	Nguekokh	bcae748d-ec37-4a42-84f2-de602d38fe48	2024-06-07 14:52:16	2024-06-07 14:52:16
9c64f611-3318-4e14-bb8a-3316aa0db650	Niakhar	bcae748d-ec37-4a42-84f2-de602d38fe48	2024-06-07 14:52:16	2024-06-07 14:52:16
0afa8803-5a45-427e-b576-d3c47e42671d	Nguékokh	bcae748d-ec37-4a42-84f2-de602d38fe48	2024-06-07 14:52:16	2024-06-07 14:52:16
d695ef91-0fc5-4697-a93e-302f097f8dcf	Wack Ngouna	bcae748d-ec37-4a42-84f2-de602d38fe48	2024-06-07 14:52:16	2024-06-07 14:52:16
65d10fdb-badc-4b8f-b245-8b5275a61457	Ndoffane	bcae748d-ec37-4a42-84f2-de602d38fe48	2024-06-07 14:52:16	2024-06-07 14:52:16
57ec251a-bdc5-455d-88fe-65807f9ef662	Dagana	bcae748d-ec37-4a42-84f2-de602d38fe48	2024-06-07 14:52:16	2024-06-07 14:52:16
8796f886-ef83-4aaf-bd15-324a679da1a4	Rosso	bcae748d-ec37-4a42-84f2-de602d38fe48	2024-06-07 14:52:16	2024-06-07 14:52:16
534ce72d-57ca-4582-bf5e-ffdbffd19009	Ndioum	bcae748d-ec37-4a42-84f2-de602d38fe48	2024-06-07 14:52:16	2024-06-07 14:52:16
990de248-21c2-42fb-8b1d-11bf9f94d2e0	Ouro Sogui	bcae748d-ec37-4a42-84f2-de602d38fe48	2024-06-07 14:52:16	2024-06-07 14:52:16
50bee16d-3114-4a8e-b760-5ac091f57d31	Pout	bcae748d-ec37-4a42-84f2-de602d38fe48	2024-06-07 14:52:16	2024-06-07 14:52:16
e63fd5a7-f2b7-4913-86d8-171737af3a29	Nguéniène	bcae748d-ec37-4a42-84f2-de602d38fe48	2024-06-07 14:52:16	2024-06-07 14:52:16
d56344a2-2293-4971-b184-5d36f6245e5b	Saly Portudal	bcae748d-ec37-4a42-84f2-de602d38fe48	2024-06-07 14:52:16	2024-06-07 14:52:16
12de38f4-aee1-4f00-979d-fea9f6a68839	Belgrade	9e5eb1f6-83e2-4a44-b5d4-7fd6f3af8a06	2024-06-07 14:52:16	2024-06-07 14:52:16
c54ce447-0459-4b80-9244-4e671896c2fc	Niš	9e5eb1f6-83e2-4a44-b5d4-7fd6f3af8a06	2024-06-07 14:52:16	2024-06-07 14:52:16
9f1d7a58-fb97-4d8f-84e3-aff1656aff2c	Novi Sad	9e5eb1f6-83e2-4a44-b5d4-7fd6f3af8a06	2024-06-07 14:52:16	2024-06-07 14:52:16
0dead39a-6f20-4db4-92ab-d78d9c15f1e6	Kragujevac	9e5eb1f6-83e2-4a44-b5d4-7fd6f3af8a06	2024-06-07 14:52:16	2024-06-07 14:52:16
8a78c43e-0dbc-42f9-8f3d-b5155e6c86d7	Subotica	9e5eb1f6-83e2-4a44-b5d4-7fd6f3af8a06	2024-06-07 14:52:16	2024-06-07 14:52:16
b9a02e93-704d-424e-816f-f7adfc8f4a8b	Zrenjanin	9e5eb1f6-83e2-4a44-b5d4-7fd6f3af8a06	2024-06-07 14:52:16	2024-06-07 14:52:16
267378d9-30ec-4488-8382-3f77119bdee4	Pančevo	9e5eb1f6-83e2-4a44-b5d4-7fd6f3af8a06	2024-06-07 14:52:16	2024-06-07 14:52:16
df953357-a82e-41c1-91bf-9375b075431c	Čačak	9e5eb1f6-83e2-4a44-b5d4-7fd6f3af8a06	2024-06-07 14:52:16	2024-06-07 14:52:16
96f8fc6d-343e-4791-92b7-a47999a39299	Novi Pazar	9e5eb1f6-83e2-4a44-b5d4-7fd6f3af8a06	2024-06-07 14:52:16	2024-06-07 14:52:16
b1b9a650-c244-4575-bff7-d38034d9bff2	Kraljevo	9e5eb1f6-83e2-4a44-b5d4-7fd6f3af8a06	2024-06-07 14:52:16	2024-06-07 14:52:16
238b15dd-1fb7-43fb-a208-0502b3dcd229	Leskovac	9e5eb1f6-83e2-4a44-b5d4-7fd6f3af8a06	2024-06-07 14:52:16	2024-06-07 14:52:16
ab233020-7fda-4e46-b6b2-5700f972a694	Šabac	9e5eb1f6-83e2-4a44-b5d4-7fd6f3af8a06	2024-06-07 14:52:16	2024-06-07 14:52:16
1dac6c9c-d361-406c-96b4-8ce1cc70cbe7	Užice	9e5eb1f6-83e2-4a44-b5d4-7fd6f3af8a06	2024-06-07 14:52:16	2024-06-07 14:52:16
73b279e7-8816-4728-865f-7c87a571809d	Smederevo	9e5eb1f6-83e2-4a44-b5d4-7fd6f3af8a06	2024-06-07 14:52:16	2024-06-07 14:52:16
255e8195-5b74-4c0c-ad24-c166e110155c	Valjevo	9e5eb1f6-83e2-4a44-b5d4-7fd6f3af8a06	2024-06-07 14:52:16	2024-06-07 14:52:16
d946b672-bffb-4ee4-989c-ea070c407453	Zaječar	9e5eb1f6-83e2-4a44-b5d4-7fd6f3af8a06	2024-06-07 14:52:16	2024-06-07 14:52:16
eff5e48b-5cf0-4648-a1fb-9dcc4a007a49	Kruševac	9e5eb1f6-83e2-4a44-b5d4-7fd6f3af8a06	2024-06-07 14:52:16	2024-06-07 14:52:16
b82b7da6-c93a-437e-a013-914d603a131f	Požarevac	9e5eb1f6-83e2-4a44-b5d4-7fd6f3af8a06	2024-06-07 14:52:16	2024-06-07 14:52:16
594fbdeb-761e-4605-8f69-3a066ba38e55	Sombor	9e5eb1f6-83e2-4a44-b5d4-7fd6f3af8a06	2024-06-07 14:52:16	2024-06-07 14:52:16
c6c7ea08-a709-4903-9fee-f3b0bdb64aec	Pirot	9e5eb1f6-83e2-4a44-b5d4-7fd6f3af8a06	2024-06-07 14:52:16	2024-06-07 14:52:16
77f24f12-ec75-4ff9-9c77-6863c2797b6d	Victoria	cb3c1690-83e9-46be-9952-3751cfd95e6c	2024-06-07 14:52:16	2024-06-07 14:52:16
8451dedb-635c-4b76-8789-31d038dcb250	Anse Boileau	cb3c1690-83e9-46be-9952-3751cfd95e6c	2024-06-07 14:52:16	2024-06-07 14:52:16
b28636d4-a6fd-4046-b212-c5675926fccd	Bel Ombre	cb3c1690-83e9-46be-9952-3751cfd95e6c	2024-06-07 14:52:16	2024-06-07 14:52:16
c8a2dc41-9806-4728-ba6f-d62b7e879579	Beau Vallon	cb3c1690-83e9-46be-9952-3751cfd95e6c	2024-06-07 14:52:16	2024-06-07 14:52:16
94dd3c63-0492-4438-b893-c27575b1efa7	Cascade	cb3c1690-83e9-46be-9952-3751cfd95e6c	2024-06-07 14:52:16	2024-06-07 14:52:16
000a8a75-3e66-467a-9f85-7163bd8cf501	Glacis	cb3c1690-83e9-46be-9952-3751cfd95e6c	2024-06-07 14:52:16	2024-06-07 14:52:16
f506339a-9885-4260-90e8-fcd749a45c54	Grand Anse Mahe	cb3c1690-83e9-46be-9952-3751cfd95e6c	2024-06-07 14:52:16	2024-06-07 14:52:16
4a54d36b-ad00-45fd-be09-0a923934f65e	Grand Anse Praslin	cb3c1690-83e9-46be-9952-3751cfd95e6c	2024-06-07 14:52:16	2024-06-07 14:52:16
59614e93-02eb-4995-80dd-57fa74bb26d4	La Passe	cb3c1690-83e9-46be-9952-3751cfd95e6c	2024-06-07 14:52:16	2024-06-07 14:52:16
e849de03-262a-4afe-8a4d-4b1ee2865d06	La Rivière Anglaise	cb3c1690-83e9-46be-9952-3751cfd95e6c	2024-06-07 14:52:16	2024-06-07 14:52:16
18d3cdbb-a24e-49d0-aa53-d5f6c83e2d6b	Freetown	fbd69f35-f421-4771-bd24-bda4afba8ad7	2024-06-07 14:52:16	2024-06-07 14:52:16
02762ab4-ddec-4789-8f59-39271982cdb4	Bo	fbd69f35-f421-4771-bd24-bda4afba8ad7	2024-06-07 14:52:16	2024-06-07 14:52:16
3d4ec340-a7f6-460d-8ff6-306bdd841a71	Kenema	fbd69f35-f421-4771-bd24-bda4afba8ad7	2024-06-07 14:52:16	2024-06-07 14:52:16
78f2e489-81d3-4927-add5-53d2993f8a42	Koidu	fbd69f35-f421-4771-bd24-bda4afba8ad7	2024-06-07 14:52:16	2024-06-07 14:52:16
18099524-8c6d-4981-97cb-c1317700f568	Makeni	fbd69f35-f421-4771-bd24-bda4afba8ad7	2024-06-07 14:52:16	2024-06-07 14:52:16
d15a3227-2301-402c-972b-f2e81ebf2767	Lunsar	fbd69f35-f421-4771-bd24-bda4afba8ad7	2024-06-07 14:52:16	2024-06-07 14:52:16
a85a3c44-2517-4c26-a91f-f984302eb3af	Port Loko	fbd69f35-f421-4771-bd24-bda4afba8ad7	2024-06-07 14:52:16	2024-06-07 14:52:16
46d1d455-d588-49fc-8785-c223ad1ca7b8	Kabala	fbd69f35-f421-4771-bd24-bda4afba8ad7	2024-06-07 14:52:16	2024-06-07 14:52:16
af9733f4-e9ea-42f6-a6bc-a46382c6f5d9	Kambia	fbd69f35-f421-4771-bd24-bda4afba8ad7	2024-06-07 14:52:16	2024-06-07 14:52:16
31d65a2d-b91c-4dd7-97e9-2c62bfb5c579	Magburaka	fbd69f35-f421-4771-bd24-bda4afba8ad7	2024-06-07 14:52:16	2024-06-07 14:52:16
87d7fb4f-128e-43a9-b50c-bbee0c50227f	Pujehun	fbd69f35-f421-4771-bd24-bda4afba8ad7	2024-06-07 14:52:16	2024-06-07 14:52:16
32170fea-77bb-4b8c-8fe3-2851f5fce7d3	Kailahun	fbd69f35-f421-4771-bd24-bda4afba8ad7	2024-06-07 14:52:16	2024-06-07 14:52:16
e7b12ab7-e1dc-41a9-af32-fd12bcd748c2	Kamakwie	fbd69f35-f421-4771-bd24-bda4afba8ad7	2024-06-07 14:52:16	2024-06-07 14:52:16
45b06bb4-39d0-4dd5-9ef8-7e0e4e61896a	Moyamba	fbd69f35-f421-4771-bd24-bda4afba8ad7	2024-06-07 14:52:16	2024-06-07 14:52:16
3abb3831-b5a9-4b00-ae23-7c3282001f8f	Bonthe	fbd69f35-f421-4771-bd24-bda4afba8ad7	2024-06-07 14:52:16	2024-06-07 14:52:16
83056540-0e3f-447c-a5c5-a5a5b3886adb	Kono	fbd69f35-f421-4771-bd24-bda4afba8ad7	2024-06-07 14:52:16	2024-06-07 14:52:16
11278add-bd2c-4185-a838-f834132fdece	Mattru	fbd69f35-f421-4771-bd24-bda4afba8ad7	2024-06-07 14:52:16	2024-06-07 14:52:16
506ac630-9ced-449b-9cac-762a19d65bc7	Rokupr	fbd69f35-f421-4771-bd24-bda4afba8ad7	2024-06-07 14:52:16	2024-06-07 14:52:16
03585f73-47c8-43fb-99b8-2ca8b290ced1	Pendembu	fbd69f35-f421-4771-bd24-bda4afba8ad7	2024-06-07 14:52:16	2024-06-07 14:52:16
c0439680-f8aa-484a-a0b6-eec39384788d	Masiaka	fbd69f35-f421-4771-bd24-bda4afba8ad7	2024-06-07 14:52:16	2024-06-07 14:52:16
b05e2d44-10ca-4ddb-bedd-75748789938f	Singapour	70b33241-c44d-48d1-96aa-6c8f9aa2ad3e	2024-06-07 14:52:16	2024-06-07 14:52:16
a2512bbf-894f-47af-a6c5-f5b665a7a3ba	Woodlands	70b33241-c44d-48d1-96aa-6c8f9aa2ad3e	2024-06-07 14:52:16	2024-06-07 14:52:16
1bcd41a9-bba1-4dc5-b0e6-e8cd936b7085	Jurong East	70b33241-c44d-48d1-96aa-6c8f9aa2ad3e	2024-06-07 14:52:16	2024-06-07 14:52:16
e68d806d-9f42-4d09-8215-4951714c3186	Tampines	70b33241-c44d-48d1-96aa-6c8f9aa2ad3e	2024-06-07 14:52:16	2024-06-07 14:52:16
a70c3859-88de-4552-942d-5a02e955b1a0	Ang Mo Kio	70b33241-c44d-48d1-96aa-6c8f9aa2ad3e	2024-06-07 14:52:16	2024-06-07 14:52:16
e9858430-a180-4fb8-a05c-25165e0d3cca	Hougang	70b33241-c44d-48d1-96aa-6c8f9aa2ad3e	2024-06-07 14:52:16	2024-06-07 14:52:16
943f799b-2898-4cee-9132-4e0dca034dcf	Bukit Batok	70b33241-c44d-48d1-96aa-6c8f9aa2ad3e	2024-06-07 14:52:16	2024-06-07 14:52:16
d07fa643-a4d5-4997-93d5-7030afdc61b0	Choa Chu Kang	70b33241-c44d-48d1-96aa-6c8f9aa2ad3e	2024-06-07 14:52:16	2024-06-07 14:52:16
b385a7c3-a83c-44e1-984d-238e55a02469	Paya Lebar	70b33241-c44d-48d1-96aa-6c8f9aa2ad3e	2024-06-07 14:52:16	2024-06-07 14:52:16
0c7032e1-bb68-49af-b633-a500922743d2	Sengkang	70b33241-c44d-48d1-96aa-6c8f9aa2ad3e	2024-06-07 14:52:16	2024-06-07 14:52:16
62e5d2b7-4c8f-41e0-87be-6ac9b57deac6	Bratislava	01ce3870-9aea-454d-a60e-4e05f15d3c2a	2024-06-07 14:52:16	2024-06-07 14:52:16
c8227389-938a-4108-88e1-6661eeb0c2c8	Košice	01ce3870-9aea-454d-a60e-4e05f15d3c2a	2024-06-07 14:52:16	2024-06-07 14:52:16
96bbffeb-a541-43ed-8231-0820012eac12	Prešov	01ce3870-9aea-454d-a60e-4e05f15d3c2a	2024-06-07 14:52:16	2024-06-07 14:52:16
8e123c0b-a391-4d45-b001-816b43f6a1fb	Žilina	01ce3870-9aea-454d-a60e-4e05f15d3c2a	2024-06-07 14:52:16	2024-06-07 14:52:16
b96a97e5-6436-45c6-8953-5221cf3695f0	Nitra	01ce3870-9aea-454d-a60e-4e05f15d3c2a	2024-06-07 14:52:16	2024-06-07 14:52:16
4a1f957c-22b7-4241-8e87-08c69211cd28	Banská Bystrica	01ce3870-9aea-454d-a60e-4e05f15d3c2a	2024-06-07 14:52:16	2024-06-07 14:52:16
2874b706-5760-4675-920c-2636a710cff8	Trnava	01ce3870-9aea-454d-a60e-4e05f15d3c2a	2024-06-07 14:52:16	2024-06-07 14:52:16
fdc2a3bf-87f4-4786-a728-5b2e102c886e	Martin	01ce3870-9aea-454d-a60e-4e05f15d3c2a	2024-06-07 14:52:16	2024-06-07 14:52:16
d67e2766-3acf-4116-b8ec-da3b729bb539	Trenčín	01ce3870-9aea-454d-a60e-4e05f15d3c2a	2024-06-07 14:52:16	2024-06-07 14:52:16
dd8a676a-6086-495d-809a-6ceec7eba383	Poprad	01ce3870-9aea-454d-a60e-4e05f15d3c2a	2024-06-07 14:52:16	2024-06-07 14:52:16
3db6805e-5c53-489b-ba05-9dedf525ffe3	Prievidza	01ce3870-9aea-454d-a60e-4e05f15d3c2a	2024-06-07 14:52:16	2024-06-07 14:52:16
afa88c9e-d509-4dc2-bb73-98302479a0e3	Zvolen	01ce3870-9aea-454d-a60e-4e05f15d3c2a	2024-06-07 14:52:16	2024-06-07 14:52:16
ce50782a-9a55-435a-8bdc-d90dd3313d21	Považská Bystrica	01ce3870-9aea-454d-a60e-4e05f15d3c2a	2024-06-07 14:52:16	2024-06-07 14:52:16
c0b5468f-8e71-412e-bae9-5b8c655c0829	Michalovce	01ce3870-9aea-454d-a60e-4e05f15d3c2a	2024-06-07 14:52:16	2024-06-07 14:52:16
711c1e11-9499-48e5-85c2-7e21e8c07f96	Spišská Nová Ves	01ce3870-9aea-454d-a60e-4e05f15d3c2a	2024-06-07 14:52:16	2024-06-07 14:52:16
de469f09-9d34-41b0-a05d-676f758c3cc9	Levice	01ce3870-9aea-454d-a60e-4e05f15d3c2a	2024-06-07 14:52:16	2024-06-07 14:52:16
131f1aa6-b3b5-4c56-acbe-2544bf20b845	Komárno	01ce3870-9aea-454d-a60e-4e05f15d3c2a	2024-06-07 14:52:16	2024-06-07 14:52:16
3aebb4ee-5bbf-44c1-88ae-7831387b9b10	Humenné	01ce3870-9aea-454d-a60e-4e05f15d3c2a	2024-06-07 14:52:16	2024-06-07 14:52:16
77ebee52-62be-43d3-b406-633aa59a6cb0	Bardejov	01ce3870-9aea-454d-a60e-4e05f15d3c2a	2024-06-07 14:52:16	2024-06-07 14:52:16
ed0f2404-d51b-4f8a-9fe7-80b0aeb6b594	Liptovský Mikuláš	01ce3870-9aea-454d-a60e-4e05f15d3c2a	2024-06-07 14:52:16	2024-06-07 14:52:16
ff17c50b-5fa8-416d-beeb-dcf1bd5bd65d	Ljubljana	bb9f36fa-e1ec-40d1-ae09-42c029434cbb	2024-06-07 14:52:16	2024-06-07 14:52:16
a2eb849d-ff7f-4ea9-913e-3387b680acc9	Maribor	bb9f36fa-e1ec-40d1-ae09-42c029434cbb	2024-06-07 14:52:16	2024-06-07 14:52:16
bba072cc-590b-4892-8008-286334392f27	Celje	bb9f36fa-e1ec-40d1-ae09-42c029434cbb	2024-06-07 14:52:16	2024-06-07 14:52:16
4f9b260e-37a8-4c62-bb90-6421bba16afb	Kranj	bb9f36fa-e1ec-40d1-ae09-42c029434cbb	2024-06-07 14:52:16	2024-06-07 14:52:16
53ae6f5e-bf2d-4fc2-afdc-bbf829490c5f	Velenje	bb9f36fa-e1ec-40d1-ae09-42c029434cbb	2024-06-07 14:52:16	2024-06-07 14:52:16
d32a5487-2b3b-4ddc-a6bf-7de07112af50	Koper	bb9f36fa-e1ec-40d1-ae09-42c029434cbb	2024-06-07 14:52:16	2024-06-07 14:52:16
5cc19fcc-bd91-4ba8-bb2b-bc5d91fe47c6	Novo Mesto	bb9f36fa-e1ec-40d1-ae09-42c029434cbb	2024-06-07 14:52:16	2024-06-07 14:52:16
8fb373b3-dd8d-426f-b3ef-af99a507cf0d	Ptuj	bb9f36fa-e1ec-40d1-ae09-42c029434cbb	2024-06-07 14:52:16	2024-06-07 14:52:16
0bee138b-d207-4b2f-a0cf-0ca6b25af8dd	Trbovlje	bb9f36fa-e1ec-40d1-ae09-42c029434cbb	2024-06-07 14:52:16	2024-06-07 14:52:16
53b3c105-17ae-477b-8156-6def8c0d0759	Kamnik	bb9f36fa-e1ec-40d1-ae09-42c029434cbb	2024-06-07 14:52:16	2024-06-07 14:52:16
d37931e5-f719-471f-9584-8db1456150dc	Honiara	3c80e128-348d-49e8-bce6-bd9c082e315b	2024-06-07 14:52:16	2024-06-07 14:52:16
c857da06-6f5c-435f-90d3-3020c51c163e	Gizo	3c80e128-348d-49e8-bce6-bd9c082e315b	2024-06-07 14:52:16	2024-06-07 14:52:16
2b5e91e7-5790-49fa-9a22-2925dcb7824a	Auki	3c80e128-348d-49e8-bce6-bd9c082e315b	2024-06-07 14:52:16	2024-06-07 14:52:16
f228049a-cd08-400f-99b8-d0c0e402df33	Tulagi	3c80e128-348d-49e8-bce6-bd9c082e315b	2024-06-07 14:52:16	2024-06-07 14:52:16
9ad9505d-5d31-4b86-8b93-ae46c5636e43	Kirakira	3c80e128-348d-49e8-bce6-bd9c082e315b	2024-06-07 14:52:16	2024-06-07 14:52:16
31732c1f-e831-4024-a182-73e9e72d4a86	Malu'u	3c80e128-348d-49e8-bce6-bd9c082e315b	2024-06-07 14:52:16	2024-06-07 14:52:16
1448fb2b-5f72-4f21-beec-8d9757d2d591	Buala	3c80e128-348d-49e8-bce6-bd9c082e315b	2024-06-07 14:52:16	2024-06-07 14:52:16
b486dae9-3580-4d9e-8df0-c2cfb0924108	Taro	3c80e128-348d-49e8-bce6-bd9c082e315b	2024-06-07 14:52:16	2024-06-07 14:52:16
e4823fbd-1920-4294-bbfb-e9b15cdbf610	Lata	3c80e128-348d-49e8-bce6-bd9c082e315b	2024-06-07 14:52:16	2024-06-07 14:52:16
4bf6ee48-166a-4264-b1c3-7a151a512304	Tigoa	3c80e128-348d-49e8-bce6-bd9c082e315b	2024-06-07 14:52:16	2024-06-07 14:52:16
711c9989-6983-405a-97c3-e5c7325e37e5	Mogadiscio	de1908ed-2390-4c2e-a4b7-096b4860f13c	2024-06-07 14:52:16	2024-06-07 14:52:16
834f41f8-2692-47b1-8e35-37e847d9bee1	Hargeisa	de1908ed-2390-4c2e-a4b7-096b4860f13c	2024-06-07 14:52:16	2024-06-07 14:52:16
4d21e49a-ecc1-4849-872c-fe2fdac93bb0	Mereeg	de1908ed-2390-4c2e-a4b7-096b4860f13c	2024-06-07 14:52:16	2024-06-07 14:52:16
b91a84c7-2740-4705-bd62-e002a78953f6	Baidoa	de1908ed-2390-4c2e-a4b7-096b4860f13c	2024-06-07 14:52:16	2024-06-07 14:52:16
7fd78ffc-2b01-40f4-ba47-c6052ad54e25	Burco	de1908ed-2390-4c2e-a4b7-096b4860f13c	2024-06-07 14:52:16	2024-06-07 14:52:16
05e21a13-c687-4f38-a02d-4a4a94b82218	Kismayo	de1908ed-2390-4c2e-a4b7-096b4860f13c	2024-06-07 14:52:16	2024-06-07 14:52:16
06320524-4ce2-4663-9fef-38c121a483b7	Jamaame	de1908ed-2390-4c2e-a4b7-096b4860f13c	2024-06-07 14:52:16	2024-06-07 14:52:16
3549e9b9-fae5-45c0-b44e-20178113dfc8	Bosaso	de1908ed-2390-4c2e-a4b7-096b4860f13c	2024-06-07 14:52:16	2024-06-07 14:52:16
c5d52bf7-110d-418a-972a-bc5b75962612	Marka	de1908ed-2390-4c2e-a4b7-096b4860f13c	2024-06-07 14:52:16	2024-06-07 14:52:16
8b9abdac-e2f0-45f7-b3b6-3ad2a2d6d13c	Galkayo	de1908ed-2390-4c2e-a4b7-096b4860f13c	2024-06-07 14:52:16	2024-06-07 14:52:16
a928994d-a79f-4275-b229-2a9ddc6e47f5	Beledweyne	de1908ed-2390-4c2e-a4b7-096b4860f13c	2024-06-07 14:52:16	2024-06-07 14:52:16
b39f1d45-3792-4bcb-84fa-8d9ef8fc0a94	Garowe	de1908ed-2390-4c2e-a4b7-096b4860f13c	2024-06-07 14:52:16	2024-06-07 14:52:16
5e196db7-3f66-474c-8e4e-9f4bdf357c6b	Gaalkacyo	de1908ed-2390-4c2e-a4b7-096b4860f13c	2024-06-07 14:52:16	2024-06-07 14:52:16
53daa314-fe82-42a1-b1e3-9d5efa372551	Jowhar	de1908ed-2390-4c2e-a4b7-096b4860f13c	2024-06-07 14:52:16	2024-06-07 14:52:16
59124efe-6cc2-48b1-9e5d-f3160db6e027	Baraawe	de1908ed-2390-4c2e-a4b7-096b4860f13c	2024-06-07 14:52:16	2024-06-07 14:52:16
54485e09-438d-412d-a1fc-97f7f1b540ab	Erigavo	de1908ed-2390-4c2e-a4b7-096b4860f13c	2024-06-07 14:52:16	2024-06-07 14:52:16
20cd24b2-0a55-4d3f-9e61-0d71bede9b6b	Buurhakaba	de1908ed-2390-4c2e-a4b7-096b4860f13c	2024-06-07 14:52:16	2024-06-07 14:52:16
f70f6d24-4af2-4c7b-9d92-aeae84a2e0be	Ceeldheer	de1908ed-2390-4c2e-a4b7-096b4860f13c	2024-06-07 14:52:16	2024-06-07 14:52:16
e6ff2c44-6133-46d8-ac7d-fcaab7ff2900	Buur Gaabo	de1908ed-2390-4c2e-a4b7-096b4860f13c	2024-06-07 14:52:16	2024-06-07 14:52:16
98e2e365-66bc-4074-bbec-3e2a2bee6160	Dhuusamarreeb	de1908ed-2390-4c2e-a4b7-096b4860f13c	2024-06-07 14:52:16	2024-06-07 14:52:16
651a5929-50f3-4432-a545-41ad8ad51ca2	Johannesburg	ff6be326-f5a7-47b0-ab6b-e7e6b7d663cb	2024-06-07 14:52:16	2024-06-07 14:52:16
0141b163-21ab-41d2-87a0-db00de23bd4a	Cape Town	ff6be326-f5a7-47b0-ab6b-e7e6b7d663cb	2024-06-07 14:52:16	2024-06-07 14:52:16
1d34943c-93d9-4d86-9142-5beeca8ba4df	Durban	ff6be326-f5a7-47b0-ab6b-e7e6b7d663cb	2024-06-07 14:52:16	2024-06-07 14:52:16
0b1bfb3f-1242-4927-8659-8a830af5af4a	Pretoria	ff6be326-f5a7-47b0-ab6b-e7e6b7d663cb	2024-06-07 14:52:16	2024-06-07 14:52:16
d21dfe67-8d95-4582-b018-7682b49de0f8	Port Elizabeth	ff6be326-f5a7-47b0-ab6b-e7e6b7d663cb	2024-06-07 14:52:16	2024-06-07 14:52:16
2d0c5c44-b566-4f4d-ba21-e052c3c34fb1	Bloemfontein	ff6be326-f5a7-47b0-ab6b-e7e6b7d663cb	2024-06-07 14:52:16	2024-06-07 14:52:16
824de845-8001-4e89-8935-e49a7cc566fb	East London	ff6be326-f5a7-47b0-ab6b-e7e6b7d663cb	2024-06-07 14:52:17	2024-06-07 14:52:17
0795cc31-b792-4240-a56d-f656ab4449d1	Vereeniging	ff6be326-f5a7-47b0-ab6b-e7e6b7d663cb	2024-06-07 14:52:17	2024-06-07 14:52:17
c106a8e9-b7c6-45ff-945c-eb8b36b1abbb	Soweto	ff6be326-f5a7-47b0-ab6b-e7e6b7d663cb	2024-06-07 14:52:17	2024-06-07 14:52:17
5697589f-bbe0-4e4a-ae1e-2c3862e3e907	Newcastle	ff6be326-f5a7-47b0-ab6b-e7e6b7d663cb	2024-06-07 14:52:17	2024-06-07 14:52:17
1e9edc77-effe-4536-982c-1c69057d3c6d	Pietermaritzburg	ff6be326-f5a7-47b0-ab6b-e7e6b7d663cb	2024-06-07 14:52:17	2024-06-07 14:52:17
e1f0e3a5-6c1e-4dc6-aac7-83f0504b7d97	Benoni	ff6be326-f5a7-47b0-ab6b-e7e6b7d663cb	2024-06-07 14:52:17	2024-06-07 14:52:17
b7f00741-1e9d-4f6a-bd94-3d8a02e5f67d	Welkom	ff6be326-f5a7-47b0-ab6b-e7e6b7d663cb	2024-06-07 14:52:17	2024-06-07 14:52:17
9002b10d-36e9-4d0b-9c18-dc1f43240cc9	Klerksdorp	ff6be326-f5a7-47b0-ab6b-e7e6b7d663cb	2024-06-07 14:52:17	2024-06-07 14:52:17
1bd1b395-263d-4355-b6ff-f176e9ea1582	Uitenhage	ff6be326-f5a7-47b0-ab6b-e7e6b7d663cb	2024-06-07 14:52:17	2024-06-07 14:52:17
c4c20adb-2d66-4599-ab7d-1aa224f9994f	Roodepoort	ff6be326-f5a7-47b0-ab6b-e7e6b7d663cb	2024-06-07 14:52:17	2024-06-07 14:52:17
77e5b597-6826-49d4-a023-6f88072809e9	Boksburg	ff6be326-f5a7-47b0-ab6b-e7e6b7d663cb	2024-06-07 14:52:17	2024-06-07 14:52:17
5ee374dd-0bec-4897-bad7-4179817b9ec5	Carletonville	ff6be326-f5a7-47b0-ab6b-e7e6b7d663cb	2024-06-07 14:52:17	2024-06-07 14:52:17
97c74e9d-0205-445c-bdb1-5c0ecb31597e	Bethal	ff6be326-f5a7-47b0-ab6b-e7e6b7d663cb	2024-06-07 14:52:17	2024-06-07 14:52:17
95a4e966-96dc-4ffa-a5d8-545149cc4f6b	George	ff6be326-f5a7-47b0-ab6b-e7e6b7d663cb	2024-06-07 14:52:17	2024-06-07 14:52:17
7b33ead2-9ce8-49c8-879f-e93f8e6484d5	Grytviken	255e6736-dc5e-44fa-8d2c-2ca266a75395	2024-06-07 14:52:17	2024-06-07 14:52:17
09a71451-9610-432f-af72-5ed32f755716	King Edward Point	255e6736-dc5e-44fa-8d2c-2ca266a75395	2024-06-07 14:52:17	2024-06-07 14:52:17
b3a2816c-b204-4745-b5cb-05a202af9ee0	Stromness	255e6736-dc5e-44fa-8d2c-2ca266a75395	2024-06-07 14:52:17	2024-06-07 14:52:17
c4f7c870-1f10-4cb0-b764-36efeb2f4eb7	Leith	255e6736-dc5e-44fa-8d2c-2ca266a75395	2024-06-07 14:52:17	2024-06-07 14:52:17
201aadee-8827-4b62-98eb-4ed354c48edc	Cumberland Bay	255e6736-dc5e-44fa-8d2c-2ca266a75395	2024-06-07 14:52:17	2024-06-07 14:52:17
4cf2145d-d224-4e86-a5ea-9fc525150b52	Madrid	b008b8c4-e5fd-47fb-acbb-72edd726b2ca	2024-06-07 14:52:17	2024-06-07 14:52:17
7c12cd7c-57a8-4527-99c5-50e760cb72b2	Barcelone	b008b8c4-e5fd-47fb-acbb-72edd726b2ca	2024-06-07 14:52:17	2024-06-07 14:52:17
87822163-77f2-4740-8c8c-0ee239aadb54	Valence	b008b8c4-e5fd-47fb-acbb-72edd726b2ca	2024-06-07 14:52:17	2024-06-07 14:52:17
838b637f-ee29-4062-b573-a15bc0b3badf	Séville	b008b8c4-e5fd-47fb-acbb-72edd726b2ca	2024-06-07 14:52:17	2024-06-07 14:52:17
1f1c5e5f-5a0f-4f71-b0ea-89de45985e47	Zaragoza	b008b8c4-e5fd-47fb-acbb-72edd726b2ca	2024-06-07 14:52:17	2024-06-07 14:52:17
cdce0e5c-bd79-4263-898b-34f3822076e1	Malaga	b008b8c4-e5fd-47fb-acbb-72edd726b2ca	2024-06-07 14:52:17	2024-06-07 14:52:17
96d940c2-83c5-424b-a83d-ba3cae5adad5	Murcie	b008b8c4-e5fd-47fb-acbb-72edd726b2ca	2024-06-07 14:52:17	2024-06-07 14:52:17
49bce94b-1bd6-42f3-9f16-91faa8a8d561	Palma	b008b8c4-e5fd-47fb-acbb-72edd726b2ca	2024-06-07 14:52:17	2024-06-07 14:52:17
9942cbfd-6b51-4c13-a2cd-e2e84aaf4398	Las Palmas de Gran Canaria	b008b8c4-e5fd-47fb-acbb-72edd726b2ca	2024-06-07 14:52:17	2024-06-07 14:52:17
3b7e1a39-db19-4a69-a5ba-454f93574696	Bilbao	b008b8c4-e5fd-47fb-acbb-72edd726b2ca	2024-06-07 14:52:17	2024-06-07 14:52:17
5279b50d-f4a4-48ea-b238-0bd8cd1abe22	Alicante	b008b8c4-e5fd-47fb-acbb-72edd726b2ca	2024-06-07 14:52:17	2024-06-07 14:52:17
86909ec9-5225-435c-ad22-a4ad1cad7934	Cordoue	b008b8c4-e5fd-47fb-acbb-72edd726b2ca	2024-06-07 14:52:17	2024-06-07 14:52:17
2f1a0ad9-033b-4d67-b6c1-1488e4a0530e	Valladolid	b008b8c4-e5fd-47fb-acbb-72edd726b2ca	2024-06-07 14:52:17	2024-06-07 14:52:17
57b55480-1eab-41f2-86ea-e54579015ec7	Vigo	b008b8c4-e5fd-47fb-acbb-72edd726b2ca	2024-06-07 14:52:17	2024-06-07 14:52:17
0d0d4de1-6faa-4058-a559-4c089f296129	Gijón	b008b8c4-e5fd-47fb-acbb-72edd726b2ca	2024-06-07 14:52:17	2024-06-07 14:52:17
1d62e87b-fff2-4383-95d6-42d921167b04	L’Hospitalet de Llobregat	b008b8c4-e5fd-47fb-acbb-72edd726b2ca	2024-06-07 14:52:17	2024-06-07 14:52:17
192f3600-b02d-402e-ab38-c0ae1400b1df	La Corogne	b008b8c4-e5fd-47fb-acbb-72edd726b2ca	2024-06-07 14:52:17	2024-06-07 14:52:17
dd989b64-5c51-48bc-b41d-74e34387451d	Elche	b008b8c4-e5fd-47fb-acbb-72edd726b2ca	2024-06-07 14:52:17	2024-06-07 14:52:17
4509b272-19d4-4cd6-ac6e-0264f7c0a547	Sabadell	b008b8c4-e5fd-47fb-acbb-72edd726b2ca	2024-06-07 14:52:17	2024-06-07 14:52:17
4a0035ba-51ad-4838-8bf1-bddc477bb3f6	Pamplona	b008b8c4-e5fd-47fb-acbb-72edd726b2ca	2024-06-07 14:52:17	2024-06-07 14:52:17
1b03df41-5fcd-4f2d-b7aa-676a1b7373b8	Colombo	0dcf8089-56f2-4d5a-befd-e063cb2c9f94	2024-06-07 14:52:17	2024-06-07 14:52:17
97c9dc4a-60c8-43be-964b-6a2fb353f455	Dehiwala-Mount Lavinia	0dcf8089-56f2-4d5a-befd-e063cb2c9f94	2024-06-07 14:52:17	2024-06-07 14:52:17
2f094bc4-591d-4b32-8c67-36799e286d29	Moratuwa	0dcf8089-56f2-4d5a-befd-e063cb2c9f94	2024-06-07 14:52:17	2024-06-07 14:52:17
690a70fc-bab5-47e1-8a48-48f5d3e86751	Jaffna	0dcf8089-56f2-4d5a-befd-e063cb2c9f94	2024-06-07 14:52:17	2024-06-07 14:52:17
b2522e99-280e-45ce-a89a-cda1fdf3d37e	Negombo	0dcf8089-56f2-4d5a-befd-e063cb2c9f94	2024-06-07 14:52:17	2024-06-07 14:52:17
2fd9b587-8e79-417a-a0df-2560e584d240	Pita Kotte	0dcf8089-56f2-4d5a-befd-e063cb2c9f94	2024-06-07 14:52:17	2024-06-07 14:52:17
eb223f4c-b524-4d1a-873e-9381777b3d06	Sri Jayawardenepura Kotte	0dcf8089-56f2-4d5a-befd-e063cb2c9f94	2024-06-07 14:52:17	2024-06-07 14:52:17
9771dce4-9ec0-4452-8f1e-a495c3bd8968	Kandy	0dcf8089-56f2-4d5a-befd-e063cb2c9f94	2024-06-07 14:52:17	2024-06-07 14:52:17
240a1063-6f5a-4bd7-bfc2-16cfc2efd4f1	Trincomalee	0dcf8089-56f2-4d5a-befd-e063cb2c9f94	2024-06-07 14:52:17	2024-06-07 14:52:17
5591c26e-0b40-4192-83a6-34f5e5a3f6e4	Kalmunai	0dcf8089-56f2-4d5a-befd-e063cb2c9f94	2024-06-07 14:52:17	2024-06-07 14:52:17
f7199a9d-5526-4737-a6db-8d43912389bc	Galle	0dcf8089-56f2-4d5a-befd-e063cb2c9f94	2024-06-07 14:52:17	2024-06-07 14:52:17
e2c4f087-2371-4cc1-ab61-c7f0bdae923b	Point Pedro	0dcf8089-56f2-4d5a-befd-e063cb2c9f94	2024-06-07 14:52:17	2024-06-07 14:52:17
ce171773-c7a4-4050-9e90-24f161b4c399	Batticaloa	0dcf8089-56f2-4d5a-befd-e063cb2c9f94	2024-06-07 14:52:17	2024-06-07 14:52:17
1a38c6c4-6f9d-4327-a0dd-e283dab78c8f	Katunayaka	0dcf8089-56f2-4d5a-befd-e063cb2c9f94	2024-06-07 14:52:17	2024-06-07 14:52:17
507fbb08-d351-4447-b4a5-c3dee53f719e	Valvedditturai	0dcf8089-56f2-4d5a-befd-e063cb2c9f94	2024-06-07 14:52:17	2024-06-07 14:52:17
44c93559-9062-4869-8a90-772355b381b7	Matara	0dcf8089-56f2-4d5a-befd-e063cb2c9f94	2024-06-07 14:52:17	2024-06-07 14:52:17
9182c625-b6a7-4303-8eec-45de385fc802	Battaramulla	0dcf8089-56f2-4d5a-befd-e063cb2c9f94	2024-06-07 14:52:17	2024-06-07 14:52:17
b8208c95-13f0-4b1d-b55b-52a25df51133	Dambulla	0dcf8089-56f2-4d5a-befd-e063cb2c9f94	2024-06-07 14:52:17	2024-06-07 14:52:17
327e4322-c074-4f2f-a260-be3070a1b7d1	Maharagama	0dcf8089-56f2-4d5a-befd-e063cb2c9f94	2024-06-07 14:52:17	2024-06-07 14:52:17
2b1d67ac-eea4-4db6-b55c-7a87874d0357	Kotikawatta	0dcf8089-56f2-4d5a-befd-e063cb2c9f94	2024-06-07 14:52:17	2024-06-07 14:52:17
cec623e3-0a1c-4c25-bc05-4770460e2f0f	Jamestown	3fcc81d6-6fce-4d04-b87f-8ca01b30b417	2024-06-07 14:52:17	2024-06-07 14:52:17
61aac6b0-48ca-4887-bc01-4a50fccb6f35	Longwood	3fcc81d6-6fce-4d04-b87f-8ca01b30b417	2024-06-07 14:52:17	2024-06-07 14:52:17
0cd493f8-e97c-4d9b-9958-b06a6e8fdb08	Half Tree Hollow	3fcc81d6-6fce-4d04-b87f-8ca01b30b417	2024-06-07 14:52:17	2024-06-07 14:52:17
40f16975-2eb7-40cb-87f4-18e2ed594e66	Georgetown	3fcc81d6-6fce-4d04-b87f-8ca01b30b417	2024-06-07 14:52:17	2024-06-07 14:52:17
b02c703f-5bfa-48cb-8f4b-c55fd216a583	Levelwood	3fcc81d6-6fce-4d04-b87f-8ca01b30b417	2024-06-07 14:52:17	2024-06-07 14:52:17
35bd2643-005b-4f8b-a7b2-ac384653c041	Saint Paul’s	3fcc81d6-6fce-4d04-b87f-8ca01b30b417	2024-06-07 14:52:17	2024-06-07 14:52:17
71b933cb-5ace-4183-8b21-3744270afddf	Saint-Pierre	4ca502c1-66ea-4728-80a4-44171d02556b	2024-06-07 14:52:17	2024-06-07 14:52:17
3fa62427-a1ae-417a-86cb-401fe2a5d473	Miquelon-Langlade	4ca502c1-66ea-4728-80a4-44171d02556b	2024-06-07 14:52:17	2024-06-07 14:52:17
240c5cab-ab80-4f59-9fdd-4ffae218a4d7	Miquelon	4ca502c1-66ea-4728-80a4-44171d02556b	2024-06-07 14:52:17	2024-06-07 14:52:17
25e807d2-6357-4ea4-9f27-6c1d3e92fdce	Khartoum	5c76ef68-19b5-4803-a9ef-c6f03fc25053	2024-06-07 14:52:17	2024-06-07 14:52:17
0a6bb22b-3bb8-42d1-a363-2c34a11fba02	Omdurman	5c76ef68-19b5-4803-a9ef-c6f03fc25053	2024-06-07 14:52:17	2024-06-07 14:52:17
54533a60-b185-43ff-b840-5dc4800a20b6	Port Soudan	5c76ef68-19b5-4803-a9ef-c6f03fc25053	2024-06-07 14:52:17	2024-06-07 14:52:17
bed89045-47a0-4599-935f-8d725b2ad0b6	Kassala	5c76ef68-19b5-4803-a9ef-c6f03fc25053	2024-06-07 14:52:17	2024-06-07 14:52:17
4b4a10ac-0e9f-4ebe-b7ed-0b40f5f86cd2	El-Obeid	5c76ef68-19b5-4803-a9ef-c6f03fc25053	2024-06-07 14:52:17	2024-06-07 14:52:17
43984330-a1da-47db-919a-e1d01af1002f	Al-Qadarif	5c76ef68-19b5-4803-a9ef-c6f03fc25053	2024-06-07 14:52:17	2024-06-07 14:52:17
920505c7-0cd7-4cd8-8fce-46439a72a4b9	Juba	5c76ef68-19b5-4803-a9ef-c6f03fc25053	2024-06-07 14:52:17	2024-06-07 14:52:17
24a727e9-04ab-4b67-a4f7-34bea2c0c495	Nyala	5c76ef68-19b5-4803-a9ef-c6f03fc25053	2024-06-07 14:52:17	2024-06-07 14:52:17
40876c6c-c8f9-4339-89e1-b9679eb3139b	Wad Madani	5c76ef68-19b5-4803-a9ef-c6f03fc25053	2024-06-07 14:52:17	2024-06-07 14:52:17
7c4655cb-cc88-4fbc-8593-d2b40b87b7e7	Al-Fasher	5c76ef68-19b5-4803-a9ef-c6f03fc25053	2024-06-07 14:52:17	2024-06-07 14:52:17
3abc92ba-bc9b-48a2-86a2-7aa4ab7e6e60	Kosti	5c76ef68-19b5-4803-a9ef-c6f03fc25053	2024-06-07 14:52:17	2024-06-07 14:52:17
79cd7f56-8584-4a72-bb55-91aa361e697b	El Geneina	5c76ef68-19b5-4803-a9ef-c6f03fc25053	2024-06-07 14:52:17	2024-06-07 14:52:17
e7d51710-9cf3-4c22-907e-83e01e192f3f	Rabak	5c76ef68-19b5-4803-a9ef-c6f03fc25053	2024-06-07 14:52:17	2024-06-07 14:52:17
4f11e86e-19db-4510-a0ce-4ef14ed9a73a	Sennar	5c76ef68-19b5-4803-a9ef-c6f03fc25053	2024-06-07 14:52:17	2024-06-07 14:52:17
f53c7bcd-8603-4658-88dd-ccb1cb9ed83e	Al-Dabbah	5c76ef68-19b5-4803-a9ef-c6f03fc25053	2024-06-07 14:52:17	2024-06-07 14:52:17
e1a62d3c-6145-4fb2-98c5-dd5a9463a17f	El Obeid	5c76ef68-19b5-4803-a9ef-c6f03fc25053	2024-06-07 14:52:17	2024-06-07 14:52:17
3910217f-0734-4305-b4be-68da0bee35e4	Kadugli	5c76ef68-19b5-4803-a9ef-c6f03fc25053	2024-06-07 14:52:17	2024-06-07 14:52:17
92093a20-2503-4cd4-b9c1-7712ddff9e9f	Atbara	5c76ef68-19b5-4803-a9ef-c6f03fc25053	2024-06-07 14:52:17	2024-06-07 14:52:17
a6b2ab35-22b4-4973-8be6-8e460a76423b	Ed Damer	5c76ef68-19b5-4803-a9ef-c6f03fc25053	2024-06-07 14:52:17	2024-06-07 14:52:17
49e8f713-840a-4f80-b23a-02ef86bfc9f9	Paramaribo	6edd61a2-9179-44c2-9ba1-6badfbf8afd3	2024-06-07 14:52:17	2024-06-07 14:52:17
85370787-51da-4578-b224-8b795e5c95ef	Lelydorp	6edd61a2-9179-44c2-9ba1-6badfbf8afd3	2024-06-07 14:52:17	2024-06-07 14:52:17
23a005d1-c2e0-4f63-a11e-35a311773b24	Nieuw Nickerie	6edd61a2-9179-44c2-9ba1-6badfbf8afd3	2024-06-07 14:52:17	2024-06-07 14:52:17
bbf180cb-6001-46e2-b880-90a28eed8283	Moengo	6edd61a2-9179-44c2-9ba1-6badfbf8afd3	2024-06-07 14:52:17	2024-06-07 14:52:17
5b421eb2-8fef-46de-beb9-028a0d9efaae	Nieuw Amsterdam	6edd61a2-9179-44c2-9ba1-6badfbf8afd3	2024-06-07 14:52:17	2024-06-07 14:52:17
085f0822-14d8-448c-abdf-3c6c5795e459	Mariënburg	6edd61a2-9179-44c2-9ba1-6badfbf8afd3	2024-06-07 14:52:17	2024-06-07 14:52:17
a93c0c92-d57e-4be1-8295-0556429dc917	Wageningen	6edd61a2-9179-44c2-9ba1-6badfbf8afd3	2024-06-07 14:52:17	2024-06-07 14:52:17
c2a98685-30c6-4b6d-a242-43359edcfa1d	Albina	6edd61a2-9179-44c2-9ba1-6badfbf8afd3	2024-06-07 14:52:17	2024-06-07 14:52:17
fa9d1651-9c99-4215-bbf3-203619e8ebc0	Groningen	6edd61a2-9179-44c2-9ba1-6badfbf8afd3	2024-06-07 14:52:17	2024-06-07 14:52:17
3d5b975a-dc8d-4b68-bc06-508602a79927	Brownsweg	6edd61a2-9179-44c2-9ba1-6badfbf8afd3	2024-06-07 14:52:17	2024-06-07 14:52:17
800b1cfb-a877-451b-aa30-0eebab484243	Longyearbyen	e6be295e-1a69-4e20-a3cd-a4f183d7f494	2024-06-07 14:52:17	2024-06-07 14:52:17
21e7df94-fe66-428a-821e-d2bb4e77d025	Barentsburg	e6be295e-1a69-4e20-a3cd-a4f183d7f494	2024-06-07 14:52:17	2024-06-07 14:52:17
b4901b2f-7f77-4e57-b285-5ce3fbd1648c	Pyramiden	e6be295e-1a69-4e20-a3cd-a4f183d7f494	2024-06-07 14:52:17	2024-06-07 14:52:17
9313d654-be41-4f5d-abf6-5588080ea8a7	Hornsund	e6be295e-1a69-4e20-a3cd-a4f183d7f494	2024-06-07 14:52:17	2024-06-07 14:52:17
117a7e19-0b92-413e-b1df-7d9f2c337f38	Ny-Ålesund	e6be295e-1a69-4e20-a3cd-a4f183d7f494	2024-06-07 14:52:17	2024-06-07 14:52:17
3c46052b-80ea-4279-b47a-bc7a27deda7c	Svea	e6be295e-1a69-4e20-a3cd-a4f183d7f494	2024-06-07 14:52:17	2024-06-07 14:52:17
e2eedd7d-1969-4147-aec9-9fa2e05a6672	Mbabane	1fbe6504-4834-4bf5-87c6-f15b89562552	2024-06-07 14:52:17	2024-06-07 14:52:17
8e8d5f9e-f03b-4f6f-9d1a-af72d0bf23a1	Manzini	1fbe6504-4834-4bf5-87c6-f15b89562552	2024-06-07 14:52:17	2024-06-07 14:52:17
5ed5fde7-351e-400d-8d9a-f80c49f81e7f	Lobamba	1fbe6504-4834-4bf5-87c6-f15b89562552	2024-06-07 14:52:17	2024-06-07 14:52:17
593a6208-f22f-4bbd-8f63-f1309f6bb936	Siteki	1fbe6504-4834-4bf5-87c6-f15b89562552	2024-06-07 14:52:17	2024-06-07 14:52:17
d1dc5734-3d96-4e44-bcba-d591662b45a7	Nhlangano	1fbe6504-4834-4bf5-87c6-f15b89562552	2024-06-07 14:52:17	2024-06-07 14:52:17
86c9ae43-87d1-4033-85f6-a7c446fe394f	Big Bend	1fbe6504-4834-4bf5-87c6-f15b89562552	2024-06-07 14:52:17	2024-06-07 14:52:17
b80285ac-cbd5-4930-a52b-25b1bce54226	Malkerns	1fbe6504-4834-4bf5-87c6-f15b89562552	2024-06-07 14:52:17	2024-06-07 14:52:17
784e12a0-8d8a-4295-b89c-88f774a2096e	Mhlume	1fbe6504-4834-4bf5-87c6-f15b89562552	2024-06-07 14:52:17	2024-06-07 14:52:17
7b5591ca-2b33-4207-bf7d-8cdb307ea749	Hluti	1fbe6504-4834-4bf5-87c6-f15b89562552	2024-06-07 14:52:17	2024-06-07 14:52:17
53ecb833-45e9-4749-9ea5-a5a112998bac	Piggs Peak	1fbe6504-4834-4bf5-87c6-f15b89562552	2024-06-07 14:52:17	2024-06-07 14:52:17
eff92e30-ad77-448c-b634-4bf770761bcd	Stockholm	32acad41-cc28-4315-9941-8f0307dc1f57	2024-06-07 14:52:17	2024-06-07 14:52:17
af264f96-01cc-48ee-ab3b-3cb473f526ea	Göteborg	32acad41-cc28-4315-9941-8f0307dc1f57	2024-06-07 14:52:17	2024-06-07 14:52:17
3e68d079-d3a2-4b84-974b-fdf05f408576	Malmö	32acad41-cc28-4315-9941-8f0307dc1f57	2024-06-07 14:52:17	2024-06-07 14:52:17
bb9e6236-4258-44ac-b9b6-ec2bbffc4efd	Uppsala	32acad41-cc28-4315-9941-8f0307dc1f57	2024-06-07 14:52:17	2024-06-07 14:52:17
1dd048fc-caa2-49ce-a180-10b69b673890	Linköping	32acad41-cc28-4315-9941-8f0307dc1f57	2024-06-07 14:52:17	2024-06-07 14:52:17
d7734d50-b9a6-4039-94a1-28fbeea5b24d	Västerås	32acad41-cc28-4315-9941-8f0307dc1f57	2024-06-07 14:52:17	2024-06-07 14:52:17
777d756a-2c94-4962-97f2-b5808b088245	Örebro	32acad41-cc28-4315-9941-8f0307dc1f57	2024-06-07 14:52:17	2024-06-07 14:52:17
e6df3e55-cda3-4788-b2a5-963e8b019c79	Norrköping	32acad41-cc28-4315-9941-8f0307dc1f57	2024-06-07 14:52:17	2024-06-07 14:52:17
c8d32c1d-c570-419f-8fea-ec96344738c8	Helsingborg	32acad41-cc28-4315-9941-8f0307dc1f57	2024-06-07 14:52:17	2024-06-07 14:52:17
a3d600ed-7a9d-4cea-a4f7-3db9306e67a4	Jönköping	32acad41-cc28-4315-9941-8f0307dc1f57	2024-06-07 14:52:17	2024-06-07 14:52:17
25d93f70-068c-4765-bf7c-df83b2240a48	Umeå	32acad41-cc28-4315-9941-8f0307dc1f57	2024-06-07 14:52:17	2024-06-07 14:52:17
dfd8a258-093c-4068-ae7b-039252926dfd	Lund	32acad41-cc28-4315-9941-8f0307dc1f57	2024-06-07 14:52:17	2024-06-07 14:52:17
377c232b-1b12-461e-9789-81886c4b9af0	Gävle	32acad41-cc28-4315-9941-8f0307dc1f57	2024-06-07 14:52:17	2024-06-07 14:52:17
bf6cfcde-4c97-427d-80a6-a39555a78079	Borås	32acad41-cc28-4315-9941-8f0307dc1f57	2024-06-07 14:52:17	2024-06-07 14:52:17
b11dc215-f8e4-4934-8b77-c05d67a7f0df	Södertälje	32acad41-cc28-4315-9941-8f0307dc1f57	2024-06-07 14:52:17	2024-06-07 14:52:17
e3b266cc-214b-47ee-8c46-f6cc54c6c25d	Eskilstuna	32acad41-cc28-4315-9941-8f0307dc1f57	2024-06-07 14:52:17	2024-06-07 14:52:17
cc8a1058-90e5-4da8-9f17-fef19aa26c8f	Halmstad	32acad41-cc28-4315-9941-8f0307dc1f57	2024-06-07 14:52:17	2024-06-07 14:52:17
165d1768-b2af-44a9-9046-63ee0481e203	Växjö	32acad41-cc28-4315-9941-8f0307dc1f57	2024-06-07 14:52:17	2024-06-07 14:52:17
67cf3c2e-d09b-483c-955a-d6919bc73fb6	Karlstad	32acad41-cc28-4315-9941-8f0307dc1f57	2024-06-07 14:52:17	2024-06-07 14:52:17
882f01ee-9a44-4c49-8a06-a73649d57999	Trollhättan	32acad41-cc28-4315-9941-8f0307dc1f57	2024-06-07 14:52:17	2024-06-07 14:52:17
f75442a7-c1e9-42b5-b314-09ae755e8817	Zurich	6f91e7c8-e092-423d-a248-52cc24bc66b4	2024-06-07 14:52:17	2024-06-07 14:52:17
1c56b70b-719b-41e0-9c84-78838e546aec	Genève	6f91e7c8-e092-423d-a248-52cc24bc66b4	2024-06-07 14:52:17	2024-06-07 14:52:17
e079634a-b012-4bb4-af75-796c449bcd3b	Bâle	6f91e7c8-e092-423d-a248-52cc24bc66b4	2024-06-07 14:52:17	2024-06-07 14:52:17
859b8156-f43c-42b0-ac45-25f1eca9cdd1	Lausanne	6f91e7c8-e092-423d-a248-52cc24bc66b4	2024-06-07 14:52:17	2024-06-07 14:52:17
c732c8ab-cccf-487e-86ce-d6e113271de9	Berne	6f91e7c8-e092-423d-a248-52cc24bc66b4	2024-06-07 14:52:17	2024-06-07 14:52:17
73c01afd-9a86-4a34-aee4-7d02107bf2a7	Winterthour	6f91e7c8-e092-423d-a248-52cc24bc66b4	2024-06-07 14:52:17	2024-06-07 14:52:17
434cc9b6-82ba-48f3-aec4-5047232626dd	Lucerne	6f91e7c8-e092-423d-a248-52cc24bc66b4	2024-06-07 14:52:17	2024-06-07 14:52:17
a2d8ece8-1be9-4672-9126-91cf54711bc1	Saint-Gall	6f91e7c8-e092-423d-a248-52cc24bc66b4	2024-06-07 14:52:17	2024-06-07 14:52:17
64f9da2f-2b94-45bf-90d7-af2581313c80	Lugano	6f91e7c8-e092-423d-a248-52cc24bc66b4	2024-06-07 14:52:17	2024-06-07 14:52:17
1b174c05-e944-488e-a6bd-ccbaf82cf1d0	Bienne	6f91e7c8-e092-423d-a248-52cc24bc66b4	2024-06-07 14:52:17	2024-06-07 14:52:17
5f692d16-6d6f-4256-bee6-3ca712391a1b	Thoune	6f91e7c8-e092-423d-a248-52cc24bc66b4	2024-06-07 14:52:17	2024-06-07 14:52:17
31fdc98b-05ce-4c12-8567-9e971294c1a0	Köniz	6f91e7c8-e092-423d-a248-52cc24bc66b4	2024-06-07 14:52:17	2024-06-07 14:52:17
44760b99-b6d7-4dfb-b235-1437218ece6e	La Chaux-de-Fonds	6f91e7c8-e092-423d-a248-52cc24bc66b4	2024-06-07 14:52:17	2024-06-07 14:52:17
06026de8-c5ec-4ffc-8961-aba282531e18	Fribourg	6f91e7c8-e092-423d-a248-52cc24bc66b4	2024-06-07 14:52:17	2024-06-07 14:52:17
290cdb3c-e13c-4da7-9c0e-018f0f445426	Schaffhouse	6f91e7c8-e092-423d-a248-52cc24bc66b4	2024-06-07 14:52:17	2024-06-07 14:52:17
916caaa2-ec4b-4650-9e88-913ddccf9fa8	Neuchâtel	6f91e7c8-e092-423d-a248-52cc24bc66b4	2024-06-07 14:52:17	2024-06-07 14:52:17
ec67aa38-ebfd-4e89-a0d4-1d6bc68adc18	Sion	6f91e7c8-e092-423d-a248-52cc24bc66b4	2024-06-07 14:52:17	2024-06-07 14:52:17
12aac31f-ecb3-43d9-9fd9-3ce5846c54cd	Lancy	6f91e7c8-e092-423d-a248-52cc24bc66b4	2024-06-07 14:52:17	2024-06-07 14:52:17
c313d822-9c8e-499d-8014-1c102ede7885	Emmen	6f91e7c8-e092-423d-a248-52cc24bc66b4	2024-06-07 14:52:17	2024-06-07 14:52:17
db514bad-9167-4c19-8494-ec5768d3b047	Zoug	6f91e7c8-e092-423d-a248-52cc24bc66b4	2024-06-07 14:52:17	2024-06-07 14:52:17
68a58366-dc51-47bc-87d8-7cef35ff7f52	Damas	3005f455-ae05-431f-a4ff-03abf26df2f5	2024-06-07 14:52:17	2024-06-07 14:52:17
002c0fdf-fbfc-483d-8fc1-978eb19425b2	Alep	3005f455-ae05-431f-a4ff-03abf26df2f5	2024-06-07 14:52:17	2024-06-07 14:52:17
2711267d-1b49-4a1a-9b72-4960a1719276	Homs	3005f455-ae05-431f-a4ff-03abf26df2f5	2024-06-07 14:52:17	2024-06-07 14:52:17
87880b8c-fc86-49f4-abb0-b2e4ab88bcc0	Lattaquié	3005f455-ae05-431f-a4ff-03abf26df2f5	2024-06-07 14:52:17	2024-06-07 14:52:17
7600717c-5bfc-43ed-9fe5-a549a249db3f	Hama	3005f455-ae05-431f-a4ff-03abf26df2f5	2024-06-07 14:52:17	2024-06-07 14:52:17
39384654-fe6d-4489-81cc-4469adaffd83	Deir ez-Zor	3005f455-ae05-431f-a4ff-03abf26df2f5	2024-06-07 14:52:17	2024-06-07 14:52:17
102630c0-f920-495f-aabf-3d7fae815eca	Ar-Raqqa	3005f455-ae05-431f-a4ff-03abf26df2f5	2024-06-07 14:52:17	2024-06-07 14:52:17
4bd094ef-8a05-4be9-a4e6-9ac7a3327c4e	Al-Hasakah	3005f455-ae05-431f-a4ff-03abf26df2f5	2024-06-07 14:52:17	2024-06-07 14:52:17
81889878-a2e0-443f-bf80-ea03e055e9c0	Daraa	3005f455-ae05-431f-a4ff-03abf26df2f5	2024-06-07 14:52:17	2024-06-07 14:52:17
5393ea34-849f-4229-be6d-52ed96f1768f	As-Suwayda	3005f455-ae05-431f-a4ff-03abf26df2f5	2024-06-07 14:52:17	2024-06-07 14:52:17
72cf8b0f-8e4b-454b-80cb-3f899c73d95f	Tartous	3005f455-ae05-431f-a4ff-03abf26df2f5	2024-06-07 14:52:17	2024-06-07 14:52:17
0e31ae98-155d-4aaf-88de-e6471ba3c23b	Idlib	3005f455-ae05-431f-a4ff-03abf26df2f5	2024-06-07 14:52:17	2024-06-07 14:52:17
01e7cfb6-885b-4b90-82cc-a9978bb5cb5f	Douma	3005f455-ae05-431f-a4ff-03abf26df2f5	2024-06-07 14:52:17	2024-06-07 14:52:17
51eb5cb5-df1c-49ea-819e-bd3fb4b4577d	Damascus	3005f455-ae05-431f-a4ff-03abf26df2f5	2024-06-07 14:52:17	2024-06-07 14:52:17
c2f767fb-d6b7-4c8c-a984-488ec6f730aa	Palmyre	3005f455-ae05-431f-a4ff-03abf26df2f5	2024-06-07 14:52:17	2024-06-07 14:52:17
7219f927-a0f8-4866-8528-4bdcde465794	Manbij	3005f455-ae05-431f-a4ff-03abf26df2f5	2024-06-07 14:52:17	2024-06-07 14:52:17
63f8f8d3-2502-4397-9d1e-9fc46df8b07c	Yabroud	3005f455-ae05-431f-a4ff-03abf26df2f5	2024-06-07 14:52:17	2024-06-07 14:52:17
bfe77217-5341-4d73-95c0-0259badd3f87	Al-Qamishli	3005f455-ae05-431f-a4ff-03abf26df2f5	2024-06-07 14:52:17	2024-06-07 14:52:17
ac2bde1f-3a1c-4900-85ce-bb046eb55732	Dayr Hafir	3005f455-ae05-431f-a4ff-03abf26df2f5	2024-06-07 14:52:17	2024-06-07 14:52:17
bf6266cd-3eb3-4015-811d-635bfcb660e4	Tadmur	3005f455-ae05-431f-a4ff-03abf26df2f5	2024-06-07 14:52:17	2024-06-07 14:52:17
38d52af9-c942-4c77-83c9-4627617026f3	Taipei	637731e9-7c5b-47fb-b003-89e48bcb8314	2024-06-07 14:52:17	2024-06-07 14:52:17
2740c78a-6d21-4cd2-b383-38443b9f812a	Kaohsiung	637731e9-7c5b-47fb-b003-89e48bcb8314	2024-06-07 14:52:17	2024-06-07 14:52:17
ccf52190-b258-400a-8231-ac8eaf6dd9eb	Taichung	637731e9-7c5b-47fb-b003-89e48bcb8314	2024-06-07 14:52:17	2024-06-07 14:52:17
1837328f-a4b2-484e-815f-632bdd68808d	Tainan	637731e9-7c5b-47fb-b003-89e48bcb8314	2024-06-07 14:52:17	2024-06-07 14:52:17
f279891c-943e-4b94-8c2e-31d35ab7099d	Banqiao	637731e9-7c5b-47fb-b003-89e48bcb8314	2024-06-07 14:52:17	2024-06-07 14:52:17
f3c592ab-2522-4261-b5a0-d380f65f3c3b	Hsinchu	637731e9-7c5b-47fb-b003-89e48bcb8314	2024-06-07 14:52:17	2024-06-07 14:52:17
3db0dbf9-6a05-47cc-a452-a484843a7436	Taoyuan	637731e9-7c5b-47fb-b003-89e48bcb8314	2024-06-07 14:52:17	2024-06-07 14:52:17
08d9cd84-669b-4598-afdb-0ccfae8883fe	Keelung	637731e9-7c5b-47fb-b003-89e48bcb8314	2024-06-07 14:52:17	2024-06-07 14:52:17
f5097a26-9000-4cb3-96df-f0723ee5e9cf	Chiayi	637731e9-7c5b-47fb-b003-89e48bcb8314	2024-06-07 14:52:17	2024-06-07 14:52:17
1c547fb7-13c3-425f-9aeb-ebf2a0762e6c	Taitung	637731e9-7c5b-47fb-b003-89e48bcb8314	2024-06-07 14:52:17	2024-06-07 14:52:17
cb7700b3-85a7-48ff-8113-c652d4d154a0	Hualien	637731e9-7c5b-47fb-b003-89e48bcb8314	2024-06-07 14:52:17	2024-06-07 14:52:17
efef06b5-93ec-44ae-aad2-0d7500018e5e	Yilan	637731e9-7c5b-47fb-b003-89e48bcb8314	2024-06-07 14:52:17	2024-06-07 14:52:17
95f1cd97-ebac-4dec-98f2-396754aae2c4	Magong	637731e9-7c5b-47fb-b003-89e48bcb8314	2024-06-07 14:52:17	2024-06-07 14:52:17
eccb7092-eaab-414d-97fc-fa39ab09fcb3	Pingtung	637731e9-7c5b-47fb-b003-89e48bcb8314	2024-06-07 14:52:17	2024-06-07 14:52:17
14c49094-aaeb-4f51-85d0-2076b24417a1	Douliu	637731e9-7c5b-47fb-b003-89e48bcb8314	2024-06-07 14:52:17	2024-06-07 14:52:17
626a162a-8775-4f86-ba0b-4ec6622a0f25	Zhubei	637731e9-7c5b-47fb-b003-89e48bcb8314	2024-06-07 14:52:17	2024-06-07 14:52:17
8b62b423-34e7-4688-abda-1d4e2e7fc98f	Nantou	637731e9-7c5b-47fb-b003-89e48bcb8314	2024-06-07 14:52:17	2024-06-07 14:52:17
adbce0b2-a66f-4d50-b1c5-f0d41c86bfc7	Puzi	637731e9-7c5b-47fb-b003-89e48bcb8314	2024-06-07 14:52:17	2024-06-07 14:52:17
7c450a7e-1166-4d70-8161-eca019265c49	Miaoli	637731e9-7c5b-47fb-b003-89e48bcb8314	2024-06-07 14:52:17	2024-06-07 14:52:17
23f26c8e-9f12-4818-b339-ec7823339e6f	Lugu	637731e9-7c5b-47fb-b003-89e48bcb8314	2024-06-07 14:52:17	2024-06-07 14:52:17
c8d85b3a-bec0-4f4f-b912-28dd8e7be148	Douchanbé	34e9ed2c-3026-45e7-a4cb-b0dd8d5a9a7e	2024-06-07 14:52:17	2024-06-07 14:52:17
5751d6e9-083b-4343-a396-e831ef8e1622	Khujand	34e9ed2c-3026-45e7-a4cb-b0dd8d5a9a7e	2024-06-07 14:52:17	2024-06-07 14:52:17
07285e49-14fc-4770-8a31-a3e6d753cca7	Kouliab	34e9ed2c-3026-45e7-a4cb-b0dd8d5a9a7e	2024-06-07 14:52:17	2024-06-07 14:52:17
e350e11b-1636-4828-86b4-10e48f5d599c	Khorog	34e9ed2c-3026-45e7-a4cb-b0dd8d5a9a7e	2024-06-07 14:52:17	2024-06-07 14:52:17
d73ce922-98fb-485c-a5b8-c1787a026a0d	Istaravshan	34e9ed2c-3026-45e7-a4cb-b0dd8d5a9a7e	2024-06-07 14:52:17	2024-06-07 14:52:17
ae2b852c-52e7-46c8-b15a-15352086e488	Tursunzoda	34e9ed2c-3026-45e7-a4cb-b0dd8d5a9a7e	2024-06-07 14:52:17	2024-06-07 14:52:17
f08ddcd2-57a3-4d51-859d-a8da911915e6	Konibodom	34e9ed2c-3026-45e7-a4cb-b0dd8d5a9a7e	2024-06-07 14:52:17	2024-06-07 14:52:17
dd910cde-3003-4d9f-a6d4-49c83ebf1975	Kofarnikhon	34e9ed2c-3026-45e7-a4cb-b0dd8d5a9a7e	2024-06-07 14:52:17	2024-06-07 14:52:17
2bf43ab7-3ee4-4774-8b3a-4145a598add1	Isfara	34e9ed2c-3026-45e7-a4cb-b0dd8d5a9a7e	2024-06-07 14:52:17	2024-06-07 14:52:17
15d165d0-09bf-4fda-b137-a0507d4c4a52	Vahdat	34e9ed2c-3026-45e7-a4cb-b0dd8d5a9a7e	2024-06-07 14:52:17	2024-06-07 14:52:17
3c2d94e5-f030-45b4-91af-5811e4cc1e2e	Panjakent	34e9ed2c-3026-45e7-a4cb-b0dd8d5a9a7e	2024-06-07 14:52:17	2024-06-07 14:52:17
1ccf811f-3136-459e-92b7-d47d1d30f76b	Kanibadam	34e9ed2c-3026-45e7-a4cb-b0dd8d5a9a7e	2024-06-07 14:52:17	2024-06-07 14:52:17
c54c7d5e-0371-4615-9f7b-dfedaf70d5d6	Krogouvon	34e9ed2c-3026-45e7-a4cb-b0dd8d5a9a7e	2024-06-07 14:52:17	2024-06-07 14:52:17
d4f0c26f-4ac0-4241-a2c3-42513eb87651	Tavildara	34e9ed2c-3026-45e7-a4cb-b0dd8d5a9a7e	2024-06-07 14:52:17	2024-06-07 14:52:17
129accca-a416-45e7-9d55-d9f6dd2f1fc9	Nurek	34e9ed2c-3026-45e7-a4cb-b0dd8d5a9a7e	2024-06-07 14:52:17	2024-06-07 14:52:17
8c102e95-38c0-487e-95c3-bb87a09a79d1	Kurgan-Tyube	34e9ed2c-3026-45e7-a4cb-b0dd8d5a9a7e	2024-06-07 14:52:17	2024-06-07 14:52:17
f05de583-bd56-4e97-ba70-bdbb4bcef9a4	Farkhor	34e9ed2c-3026-45e7-a4cb-b0dd8d5a9a7e	2024-06-07 14:52:17	2024-06-07 14:52:17
984cc6c3-3524-4f39-9fc4-fe1c03156d0d	Vakhsh	34e9ed2c-3026-45e7-a4cb-b0dd8d5a9a7e	2024-06-07 14:52:17	2024-06-07 14:52:17
351fdfcd-295d-44ea-84c9-6427499f3770	Murghob	34e9ed2c-3026-45e7-a4cb-b0dd8d5a9a7e	2024-06-07 14:52:17	2024-06-07 14:52:17
5b378303-c6b2-4fe8-8a1b-cd5b98a07ad7	Shakhrinav	34e9ed2c-3026-45e7-a4cb-b0dd8d5a9a7e	2024-06-07 14:52:17	2024-06-07 14:52:17
948f6daf-7433-48a0-ad22-21d6be17b585	Dar es Salaam	73bee170-6a1a-42fb-a7a3-f6d79ac4fc5d	2024-06-07 14:52:17	2024-06-07 14:52:17
a05858a8-2577-4208-b1a8-fe2916902ffd	Dodoma	73bee170-6a1a-42fb-a7a3-f6d79ac4fc5d	2024-06-07 14:52:17	2024-06-07 14:52:17
595102b8-6ca0-4533-a561-3efac5b89ddd	Mwanza	73bee170-6a1a-42fb-a7a3-f6d79ac4fc5d	2024-06-07 14:52:17	2024-06-07 14:52:17
dabcc79c-6c77-4024-85da-ac83fbc75646	Zanzibar City	73bee170-6a1a-42fb-a7a3-f6d79ac4fc5d	2024-06-07 14:52:17	2024-06-07 14:52:17
248c8ff6-e988-440b-8b3d-6be32e7274a1	Arusha	73bee170-6a1a-42fb-a7a3-f6d79ac4fc5d	2024-06-07 14:52:17	2024-06-07 14:52:17
eef7c0bf-779d-4033-a404-a11c70f21b9f	Mbeya	73bee170-6a1a-42fb-a7a3-f6d79ac4fc5d	2024-06-07 14:52:17	2024-06-07 14:52:17
866aab2f-0043-4764-bfb4-fa8bc54391e4	Morogoro	73bee170-6a1a-42fb-a7a3-f6d79ac4fc5d	2024-06-07 14:52:17	2024-06-07 14:52:17
67ecbdf3-4cbf-4878-9869-a360a81a7c4b	Tanga	73bee170-6a1a-42fb-a7a3-f6d79ac4fc5d	2024-06-07 14:52:17	2024-06-07 14:52:17
4891900a-c2cb-426b-8c24-09c324357d61	Kahama	73bee170-6a1a-42fb-a7a3-f6d79ac4fc5d	2024-06-07 14:52:17	2024-06-07 14:52:17
95b18001-af62-4bf5-8af8-0a01426334dc	Tabora	73bee170-6a1a-42fb-a7a3-f6d79ac4fc5d	2024-06-07 14:52:17	2024-06-07 14:52:17
14e7f84d-8b0c-4f22-a442-91b575836ff6	Kigoma	73bee170-6a1a-42fb-a7a3-f6d79ac4fc5d	2024-06-07 14:52:17	2024-06-07 14:52:17
3e3f0e4b-39f2-4fe4-8b5f-cda8f04ba824	Sumbawanga	73bee170-6a1a-42fb-a7a3-f6d79ac4fc5d	2024-06-07 14:52:17	2024-06-07 14:52:17
a770e79d-fd59-46e9-8c76-6f5fa06a6a29	Bukoba	73bee170-6a1a-42fb-a7a3-f6d79ac4fc5d	2024-06-07 14:52:17	2024-06-07 14:52:17
bb710d79-c6ba-4b07-95f1-95ff0445a304	Songea	73bee170-6a1a-42fb-a7a3-f6d79ac4fc5d	2024-06-07 14:52:17	2024-06-07 14:52:17
373593b0-c302-443d-9794-dc6a96f4f666	Musoma	73bee170-6a1a-42fb-a7a3-f6d79ac4fc5d	2024-06-07 14:52:17	2024-06-07 14:52:17
573b5de7-fa8d-4518-abe0-c799b0b770ac	Iringa	73bee170-6a1a-42fb-a7a3-f6d79ac4fc5d	2024-06-07 14:52:17	2024-06-07 14:52:17
58739691-3546-4f9e-8053-dbaf7c28e159	Shinyanga	73bee170-6a1a-42fb-a7a3-f6d79ac4fc5d	2024-06-07 14:52:17	2024-06-07 14:52:17
61be6336-de05-410d-8a74-7944e4f90f54	Singida	73bee170-6a1a-42fb-a7a3-f6d79ac4fc5d	2024-06-07 14:52:17	2024-06-07 14:52:17
2f90f44e-c109-44b4-80eb-300a673bf76b	Njombe	73bee170-6a1a-42fb-a7a3-f6d79ac4fc5d	2024-06-07 14:52:17	2024-06-07 14:52:17
20321d29-e7ec-4ba6-ad0c-8feca675b06b	Moshi	73bee170-6a1a-42fb-a7a3-f6d79ac4fc5d	2024-06-07 14:52:17	2024-06-07 14:52:17
32d6229f-d06d-420d-bfbb-f2c97d4da344	Bangkok	0137ff50-2aa9-45b9-9a94-fa9912a268c6	2024-06-07 14:52:18	2024-06-07 14:52:18
eddea83a-8689-4c17-8bec-cff3714a86cc	Samut Prakan	0137ff50-2aa9-45b9-9a94-fa9912a268c6	2024-06-07 14:52:18	2024-06-07 14:52:18
bcc1853c-e619-415a-8dba-f440cbf0123b	Mueang Nonthaburi	0137ff50-2aa9-45b9-9a94-fa9912a268c6	2024-06-07 14:52:18	2024-06-07 14:52:18
50aa5218-32b0-49a0-a4cb-8a28dd410628	Udon Thani	0137ff50-2aa9-45b9-9a94-fa9912a268c6	2024-06-07 14:52:18	2024-06-07 14:52:18
ec5d9337-0f29-4b78-9b33-10892ac5538f	Chon Buri	0137ff50-2aa9-45b9-9a94-fa9912a268c6	2024-06-07 14:52:18	2024-06-07 14:52:18
23860be6-abfc-45a8-9262-d8549ef98b53	Nakhon Ratchasima	0137ff50-2aa9-45b9-9a94-fa9912a268c6	2024-06-07 14:52:18	2024-06-07 14:52:18
b8b242f5-092c-47dc-a793-150997dd41c2	Chiang Mai	0137ff50-2aa9-45b9-9a94-fa9912a268c6	2024-06-07 14:52:18	2024-06-07 14:52:18
1674246f-9861-42d8-b75d-44de726500cd	Hat Yai	0137ff50-2aa9-45b9-9a94-fa9912a268c6	2024-06-07 14:52:18	2024-06-07 14:52:18
1855d2cb-7695-4aae-95d7-ede3c6eda738	Pak Kret	0137ff50-2aa9-45b9-9a94-fa9912a268c6	2024-06-07 14:52:18	2024-06-07 14:52:18
b6facc74-6bc1-46e6-96e4-b536c5fbe55d	Si Racha	0137ff50-2aa9-45b9-9a94-fa9912a268c6	2024-06-07 14:52:18	2024-06-07 14:52:18
af6b7694-7101-4054-90b5-dcb3bb7580ac	Phra Pradaeng	0137ff50-2aa9-45b9-9a94-fa9912a268c6	2024-06-07 14:52:18	2024-06-07 14:52:18
2d77959f-3850-4fbc-8363-e829fa07244c	Lampang	0137ff50-2aa9-45b9-9a94-fa9912a268c6	2024-06-07 14:52:18	2024-06-07 14:52:18
67de9279-e4b4-4330-b1e9-a27efc5b22f2	Khon Kaen	0137ff50-2aa9-45b9-9a94-fa9912a268c6	2024-06-07 14:52:18	2024-06-07 14:52:18
049173fb-a49b-4246-a06b-8a4570c0769e	Surat Thani	0137ff50-2aa9-45b9-9a94-fa9912a268c6	2024-06-07 14:52:18	2024-06-07 14:52:18
add1e82e-e0dc-4dc3-b93f-f7112eb78ea2	Rangsit	0137ff50-2aa9-45b9-9a94-fa9912a268c6	2024-06-07 14:52:18	2024-06-07 14:52:18
4ec36fdf-b333-470c-85d3-fb2e05b2a5f5	Nakhon Si Thammarat	0137ff50-2aa9-45b9-9a94-fa9912a268c6	2024-06-07 14:52:18	2024-06-07 14:52:18
dceebd79-bffe-4392-a9b9-31ed8165445b	Phuket	0137ff50-2aa9-45b9-9a94-fa9912a268c6	2024-06-07 14:52:18	2024-06-07 14:52:18
8c44259b-4f31-4e6e-9329-d626b345b01a	Mueang Nakhon Ratchasima	0137ff50-2aa9-45b9-9a94-fa9912a268c6	2024-06-07 14:52:18	2024-06-07 14:52:18
02a62b6b-cc8f-4f40-91e9-059461055599	Rayong	0137ff50-2aa9-45b9-9a94-fa9912a268c6	2024-06-07 14:52:18	2024-06-07 14:52:18
7c444766-123b-4461-bef7-cd8c89355c94	Ubon Ratchathani	0137ff50-2aa9-45b9-9a94-fa9912a268c6	2024-06-07 14:52:18	2024-06-07 14:52:18
354ddeed-d55e-442f-af1f-5c6f8537150a	Lomé	b188ebdb-4795-4ab2-a33f-f7ce67efdd4d	2024-06-07 14:52:18	2024-06-07 14:52:18
ee089759-19a7-4cde-8d9e-2b3cce10ce02	Sokodé	b188ebdb-4795-4ab2-a33f-f7ce67efdd4d	2024-06-07 14:52:18	2024-06-07 14:52:18
202d664d-e5e9-49bf-bc85-62706383f5f9	Kara	b188ebdb-4795-4ab2-a33f-f7ce67efdd4d	2024-06-07 14:52:18	2024-06-07 14:52:18
087b618d-cd5b-4942-ae2a-c7e66b8d6c77	Atakpamé	b188ebdb-4795-4ab2-a33f-f7ce67efdd4d	2024-06-07 14:52:18	2024-06-07 14:52:18
30ec26d8-d77a-4b7b-8cf9-9c82b4c2d5f0	Palimé	b188ebdb-4795-4ab2-a33f-f7ce67efdd4d	2024-06-07 14:52:18	2024-06-07 14:52:18
8ba3829f-3351-4835-bf14-4a7ff16dd9f1	Bassar	b188ebdb-4795-4ab2-a33f-f7ce67efdd4d	2024-06-07 14:52:18	2024-06-07 14:52:18
87a07da0-b473-4185-a79a-c70006d236e7	Tchamba	b188ebdb-4795-4ab2-a33f-f7ce67efdd4d	2024-06-07 14:52:18	2024-06-07 14:52:18
d1718b59-1f46-4364-8759-aea3561528d0	Niamtougou	b188ebdb-4795-4ab2-a33f-f7ce67efdd4d	2024-06-07 14:52:18	2024-06-07 14:52:18
4cabbeec-29e7-44b0-aaa2-6e4504984868	Sansanné-Mango	b188ebdb-4795-4ab2-a33f-f7ce67efdd4d	2024-06-07 14:52:18	2024-06-07 14:52:18
a94211f4-2d33-42c4-a6f4-3697b8017f5c	Dapaong	b188ebdb-4795-4ab2-a33f-f7ce67efdd4d	2024-06-07 14:52:18	2024-06-07 14:52:18
82229995-63f7-4257-8005-2ea158d9a160	Tsévié	b188ebdb-4795-4ab2-a33f-f7ce67efdd4d	2024-06-07 14:52:18	2024-06-07 14:52:18
e240ce0b-5a4e-4a79-bb95-e6978f320ef0	Aného	b188ebdb-4795-4ab2-a33f-f7ce67efdd4d	2024-06-07 14:52:18	2024-06-07 14:52:18
e0ff3b4d-8e59-4bca-ba17-4f597955f512	Mome Hounzougbe	b188ebdb-4795-4ab2-a33f-f7ce67efdd4d	2024-06-07 14:52:18	2024-06-07 14:52:18
cedfeb71-6396-400c-a5e5-7c66251a2f45	Vogan	b188ebdb-4795-4ab2-a33f-f7ce67efdd4d	2024-06-07 14:52:18	2024-06-07 14:52:18
f0417b6e-a0f7-41c7-9abb-5dee2d9c39ec	Bafilo	b188ebdb-4795-4ab2-a33f-f7ce67efdd4d	2024-06-07 14:52:18	2024-06-07 14:52:18
eb972ef5-b411-459b-81ac-c51f64ee6e6c	Sotouboua	b188ebdb-4795-4ab2-a33f-f7ce67efdd4d	2024-06-07 14:52:18	2024-06-07 14:52:18
184d6186-14e3-4dc5-8993-ff713a0b52b5	Tabligbo	b188ebdb-4795-4ab2-a33f-f7ce67efdd4d	2024-06-07 14:52:18	2024-06-07 14:52:18
57875683-b40d-4481-84a8-b28f5d437bf4	Badou	b188ebdb-4795-4ab2-a33f-f7ce67efdd4d	2024-06-07 14:52:18	2024-06-07 14:52:18
da504347-941f-4a6c-8712-18eabf08a0d2	Amlamé	b188ebdb-4795-4ab2-a33f-f7ce67efdd4d	2024-06-07 14:52:18	2024-06-07 14:52:18
6f883b19-5506-47f6-a6b4-9e57af9fea61	Kpalimé	b188ebdb-4795-4ab2-a33f-f7ce67efdd4d	2024-06-07 14:52:18	2024-06-07 14:52:18
4c0f76ae-c493-4093-8277-82c57c0e228f	Atafu	f1344c37-4bf2-421c-988a-7a29dd81b743	2024-06-07 14:52:18	2024-06-07 14:52:18
8ab2a08d-0db7-45f2-b0e5-b105c42294d2	Fakaofo	f1344c37-4bf2-421c-988a-7a29dd81b743	2024-06-07 14:52:18	2024-06-07 14:52:18
efb09bcd-5fd8-4e85-a313-cb150c2c4953	Nukunonu	f1344c37-4bf2-421c-988a-7a29dd81b743	2024-06-07 14:52:18	2024-06-07 14:52:18
f0ca8965-cb35-418e-bd06-244658403c70	Nuku alofa	cdfe9686-bcef-4f43-b3d7-0ef0842c867b	2024-06-07 14:52:18	2024-06-07 14:52:18
1f53dbf1-65e1-4f61-b543-53116fb7b56a	Neiafu	cdfe9686-bcef-4f43-b3d7-0ef0842c867b	2024-06-07 14:52:18	2024-06-07 14:52:18
0838d7a3-c514-44d0-bfb5-054aa8b05387	Vaini	cdfe9686-bcef-4f43-b3d7-0ef0842c867b	2024-06-07 14:52:18	2024-06-07 14:52:18
6fe9a78d-6783-490c-8bd2-d6f8f0b194ce	Haveluloto	cdfe9686-bcef-4f43-b3d7-0ef0842c867b	2024-06-07 14:52:18	2024-06-07 14:52:18
9ee6bfec-5bd1-4107-a75f-9f130ca18f06	Pangai	cdfe9686-bcef-4f43-b3d7-0ef0842c867b	2024-06-07 14:52:18	2024-06-07 14:52:18
47b770c0-071c-4a7b-b11e-dee6de352dab	Haapai	cdfe9686-bcef-4f43-b3d7-0ef0842c867b	2024-06-07 14:52:18	2024-06-07 14:52:18
a7c528bd-4482-4dcb-b7e3-fdf31539436d	Ohonua	cdfe9686-bcef-4f43-b3d7-0ef0842c867b	2024-06-07 14:52:18	2024-06-07 14:52:18
b5f98eb7-9c95-45ad-a612-65d58d2ac086	Kolonga	cdfe9686-bcef-4f43-b3d7-0ef0842c867b	2024-06-07 14:52:18	2024-06-07 14:52:18
33a25c33-47e5-4d74-a684-26edffd876a4	Hihifo	cdfe9686-bcef-4f43-b3d7-0ef0842c867b	2024-06-07 14:52:18	2024-06-07 14:52:18
d6b5c522-3d77-4bad-94d0-464ca5d2989d	Fuaamotu	cdfe9686-bcef-4f43-b3d7-0ef0842c867b	2024-06-07 14:52:18	2024-06-07 14:52:18
dcb67f79-4656-49f0-b154-be82939ca4fc	Port-d'Espagne	809356c9-09c0-4865-8a9e-55db0ec51871	2024-06-07 14:52:18	2024-06-07 14:52:18
1f804358-749c-4d36-a607-b39013e5d4af	Chaguanas	809356c9-09c0-4865-8a9e-55db0ec51871	2024-06-07 14:52:18	2024-06-07 14:52:18
ee4014cb-1884-44fe-b484-18f2fdaca2ca	San Fernando	809356c9-09c0-4865-8a9e-55db0ec51871	2024-06-07 14:52:18	2024-06-07 14:52:18
f19d37fb-34d0-435f-bcbf-04e7e755535b	Arima	809356c9-09c0-4865-8a9e-55db0ec51871	2024-06-07 14:52:18	2024-06-07 14:52:18
9e490cca-7ce8-4249-95fc-73c0ef1c101d	Marabella	809356c9-09c0-4865-8a9e-55db0ec51871	2024-06-07 14:52:18	2024-06-07 14:52:18
f9e64aff-2573-404c-9a76-b3deda8a72c3	Point Fortin	809356c9-09c0-4865-8a9e-55db0ec51871	2024-06-07 14:52:18	2024-06-07 14:52:18
44f6a874-fd79-488d-b6e5-5729a11c062a	Tunapuna	809356c9-09c0-4865-8a9e-55db0ec51871	2024-06-07 14:52:18	2024-06-07 14:52:18
1edc1a79-256c-441b-b4cc-a3cabca73738	Scarborough	809356c9-09c0-4865-8a9e-55db0ec51871	2024-06-07 14:52:18	2024-06-07 14:52:18
4d7c8a2a-45d0-4b82-8690-68283aacc1c1	Sangre Grande	809356c9-09c0-4865-8a9e-55db0ec51871	2024-06-07 14:52:18	2024-06-07 14:52:18
7e3437e7-e2b7-489f-b7c2-1def8636f155	Paradise	809356c9-09c0-4865-8a9e-55db0ec51871	2024-06-07 14:52:18	2024-06-07 14:52:18
589d03c7-f59a-4fdb-a722-d06c0f1cb9e6	Tunis	dece67f2-64bf-4699-a725-282451932339	2024-06-07 14:52:18	2024-06-07 14:52:18
81f7e536-1aa0-4807-b0cc-367a42005baf	Sfax	dece67f2-64bf-4699-a725-282451932339	2024-06-07 14:52:18	2024-06-07 14:52:18
40a8eb38-3631-41e6-b0ac-a6f733f0a0d3	Sousse	dece67f2-64bf-4699-a725-282451932339	2024-06-07 14:52:18	2024-06-07 14:52:18
de9ff72a-f0b7-4733-9f93-4a65f27fc79d	Ettadhamen	dece67f2-64bf-4699-a725-282451932339	2024-06-07 14:52:18	2024-06-07 14:52:18
de9ac2b8-a9b0-44cc-a950-0fb097ba1a3e	Kairouan	dece67f2-64bf-4699-a725-282451932339	2024-06-07 14:52:18	2024-06-07 14:52:18
69a0d19a-ca32-456c-86a2-d857221da1b4	Bizerte	dece67f2-64bf-4699-a725-282451932339	2024-06-07 14:52:18	2024-06-07 14:52:18
c18cb3c0-9481-4eb1-9c0d-651133eab257	Gabès	dece67f2-64bf-4699-a725-282451932339	2024-06-07 14:52:18	2024-06-07 14:52:18
34cea971-7634-4186-a484-8250ef381af7	Aryanah	dece67f2-64bf-4699-a725-282451932339	2024-06-07 14:52:18	2024-06-07 14:52:18
7b0b529f-46d8-4aa2-be5e-9f6fb6d19d4c	Gafsa	dece67f2-64bf-4699-a725-282451932339	2024-06-07 14:52:18	2024-06-07 14:52:18
acdf7efa-4edc-49fb-b906-623e81358701	La Goulette	dece67f2-64bf-4699-a725-282451932339	2024-06-07 14:52:18	2024-06-07 14:52:18
597639c8-e8e4-4c35-8aeb-a8430f369894	Istanbul	7d0090a2-e3cc-4da6-b211-44fce03f57ee	2024-06-07 14:52:18	2024-06-07 14:52:18
cb302c0c-e137-4261-be71-d97e310d6f53	Ankara	7d0090a2-e3cc-4da6-b211-44fce03f57ee	2024-06-07 14:52:18	2024-06-07 14:52:18
4e1b49f0-2a81-4120-89e6-3315f6f3b9b4	Izmir	7d0090a2-e3cc-4da6-b211-44fce03f57ee	2024-06-07 14:52:18	2024-06-07 14:52:18
7ea5ef87-c86e-46db-a5a3-77e0ec4c0585	Bursa	7d0090a2-e3cc-4da6-b211-44fce03f57ee	2024-06-07 14:52:18	2024-06-07 14:52:18
9d620988-acc9-4f87-aad1-1d281f5c19e9	Adana	7d0090a2-e3cc-4da6-b211-44fce03f57ee	2024-06-07 14:52:18	2024-06-07 14:52:18
430e045c-009a-4c78-bcdd-e65a88d20c76	Gaziantep	7d0090a2-e3cc-4da6-b211-44fce03f57ee	2024-06-07 14:52:18	2024-06-07 14:52:18
618619ad-bf1e-4b71-9487-c707d841620e	Konya	7d0090a2-e3cc-4da6-b211-44fce03f57ee	2024-06-07 14:52:18	2024-06-07 14:52:18
ed76a442-d473-4c67-ab78-09b767b7ab1c	Antalya	7d0090a2-e3cc-4da6-b211-44fce03f57ee	2024-06-07 14:52:18	2024-06-07 14:52:18
23deca92-d01c-4b79-bbae-85afed95ab67	Eskisehir	7d0090a2-e3cc-4da6-b211-44fce03f57ee	2024-06-07 14:52:18	2024-06-07 14:52:18
062f7317-45ce-4341-8db5-723e93c5e387	Diyarbakir	7d0090a2-e3cc-4da6-b211-44fce03f57ee	2024-06-07 14:52:18	2024-06-07 14:52:18
4f88a022-1bab-4f37-a992-7052e06d226f	Achgabat	219a532a-4d0a-46b4-8a58-fcfb7cba6d28	2024-06-07 14:52:18	2024-06-07 14:52:18
02e6b503-198f-495f-9c61-cd6180ba2cd3	Daşoguz	219a532a-4d0a-46b4-8a58-fcfb7cba6d28	2024-06-07 14:52:18	2024-06-07 14:52:18
7304ba68-7472-47d8-9ae3-500d11065258	Turkmenabat	219a532a-4d0a-46b4-8a58-fcfb7cba6d28	2024-06-07 14:52:18	2024-06-07 14:52:18
115535e0-f4d6-411a-b265-8f20440f996a	Mary	219a532a-4d0a-46b4-8a58-fcfb7cba6d28	2024-06-07 14:52:18	2024-06-07 14:52:18
6c744722-a6ff-41e7-826a-e24867436af9	Balkanabat	219a532a-4d0a-46b4-8a58-fcfb7cba6d28	2024-06-07 14:52:18	2024-06-07 14:52:18
a40c3034-fcc8-42a4-a66a-2f117860c829	Bayramaly	219a532a-4d0a-46b4-8a58-fcfb7cba6d28	2024-06-07 14:52:18	2024-06-07 14:52:18
47a13f22-2bae-4826-95f5-4829f2929386	Türkmenbaşy	219a532a-4d0a-46b4-8a58-fcfb7cba6d28	2024-06-07 14:52:18	2024-06-07 14:52:18
4c01cbc1-b02d-4844-90aa-0db53543663f	Tejen	219a532a-4d0a-46b4-8a58-fcfb7cba6d28	2024-06-07 14:52:18	2024-06-07 14:52:18
4e174306-df0c-422d-835f-9f72190d1a7d	Abadan	219a532a-4d0a-46b4-8a58-fcfb7cba6d28	2024-06-07 14:52:18	2024-06-07 14:52:18
556294e4-cc6b-4eb8-a2ad-52359f0d86cb	Yolöten	219a532a-4d0a-46b4-8a58-fcfb7cba6d28	2024-06-07 14:52:18	2024-06-07 14:52:18
cd043187-5218-4725-a6f1-7c8af7e1cdbb	Providenciales	313ca090-c35b-45a9-b866-67340a1f83f8	2024-06-07 14:52:18	2024-06-07 14:52:18
70eb2b66-74ee-4e28-b124-ec594db22b03	Grand Turk	313ca090-c35b-45a9-b866-67340a1f83f8	2024-06-07 14:52:18	2024-06-07 14:52:18
416ecb1d-d48c-4179-9ec6-2b26932ff565	North Caicos	313ca090-c35b-45a9-b866-67340a1f83f8	2024-06-07 14:52:18	2024-06-07 14:52:18
c2882035-8538-46ad-8a78-c2b636028be7	Middle Caicos	313ca090-c35b-45a9-b866-67340a1f83f8	2024-06-07 14:52:18	2024-06-07 14:52:18
98c6c125-da50-47c8-ad36-e7a6ce95c879	South Caicos	313ca090-c35b-45a9-b866-67340a1f83f8	2024-06-07 14:52:18	2024-06-07 14:52:18
10e2e0f2-ac70-4add-af80-88576000a1c9	East Caicos	313ca090-c35b-45a9-b866-67340a1f83f8	2024-06-07 14:52:18	2024-06-07 14:52:18
80734342-a43b-4d89-83ef-1da662bcbc85	Parrot Cay	313ca090-c35b-45a9-b866-67340a1f83f8	2024-06-07 14:52:18	2024-06-07 14:52:18
d421ec5d-220b-43fa-9712-01b592dfd71e	Pine Cay	313ca090-c35b-45a9-b866-67340a1f83f8	2024-06-07 14:52:18	2024-06-07 14:52:18
233cb074-3dbb-4b88-8f0c-59c7f378076f	Salt Cay	313ca090-c35b-45a9-b866-67340a1f83f8	2024-06-07 14:52:18	2024-06-07 14:52:18
ee0236d9-5f54-4954-816d-109ee8006b61	Ambergris Cay	313ca090-c35b-45a9-b866-67340a1f83f8	2024-06-07 14:52:18	2024-06-07 14:52:18
10524727-9a09-443f-a830-057e48c39f6c	Funafuti	3e86025f-4bd8-4692-834c-010d2309636f	2024-06-07 14:52:18	2024-06-07 14:52:18
1de92091-f9b2-44de-8466-2a8b27fa8bb8	Vaitupu	3e86025f-4bd8-4692-834c-010d2309636f	2024-06-07 14:52:18	2024-06-07 14:52:18
022fb1c9-64f5-4e2d-a00f-60438229d28c	Nanumea	3e86025f-4bd8-4692-834c-010d2309636f	2024-06-07 14:52:18	2024-06-07 14:52:18
93145c18-bf87-49de-8d77-8c99b7b8fbbd	Nui	3e86025f-4bd8-4692-834c-010d2309636f	2024-06-07 14:52:18	2024-06-07 14:52:18
77998bf5-9bd5-4123-a197-38e6c3b7483b	Nukufetau	3e86025f-4bd8-4692-834c-010d2309636f	2024-06-07 14:52:18	2024-06-07 14:52:18
664d105b-6f25-405e-a9dd-6f6179f70904	Nukulaelae	3e86025f-4bd8-4692-834c-010d2309636f	2024-06-07 14:52:18	2024-06-07 14:52:18
b398e16c-f720-4792-8041-a5aca0e6917b	Niutao	3e86025f-4bd8-4692-834c-010d2309636f	2024-06-07 14:52:18	2024-06-07 14:52:18
9f7408fd-07ac-42a4-aed3-d11a7bb0af8c	Nanumanga	3e86025f-4bd8-4692-834c-010d2309636f	2024-06-07 14:52:18	2024-06-07 14:52:18
2be287ed-525f-4da2-901c-fba65371b9c3	Niulakita	3e86025f-4bd8-4692-834c-010d2309636f	2024-06-07 14:52:18	2024-06-07 14:52:18
bc97f8e8-3912-4e27-9bf8-c01ba089f4e1	Motulalo	3e86025f-4bd8-4692-834c-010d2309636f	2024-06-07 14:52:18	2024-06-07 14:52:18
601d8f19-c491-4c3d-b896-26835fe7ccd3	Kampala	5b428975-f739-4dbd-b913-a2b2ac1c2af4	2024-06-07 14:52:18	2024-06-07 14:52:18
d1181a7d-9efb-4883-ba08-d252cf1fe74c	Gulu	5b428975-f739-4dbd-b913-a2b2ac1c2af4	2024-06-07 14:52:18	2024-06-07 14:52:18
8d07f344-b58d-4221-8c21-81e09b2b4063	Lira	5b428975-f739-4dbd-b913-a2b2ac1c2af4	2024-06-07 14:52:18	2024-06-07 14:52:18
fd0c00bf-01a1-418d-95a0-d072ddb8d1ee	Mbarara	5b428975-f739-4dbd-b913-a2b2ac1c2af4	2024-06-07 14:52:18	2024-06-07 14:52:18
4c487016-5fa5-4e4e-a19d-6a72e7663af1	Jinja	5b428975-f739-4dbd-b913-a2b2ac1c2af4	2024-06-07 14:52:18	2024-06-07 14:52:18
d9146bb2-8b9a-423a-9e96-c235c6bb5193	Bwizibwera	5b428975-f739-4dbd-b913-a2b2ac1c2af4	2024-06-07 14:52:18	2024-06-07 14:52:18
a96cab26-4c54-47b0-9b84-8c75f7bc8530	Mbale	5b428975-f739-4dbd-b913-a2b2ac1c2af4	2024-06-07 14:52:18	2024-06-07 14:52:18
b3e89aa8-57dd-47f6-85f8-d80f04a182c9	Mukono	5b428975-f739-4dbd-b913-a2b2ac1c2af4	2024-06-07 14:52:18	2024-06-07 14:52:18
c9dab984-d4b5-450a-b1c5-7091bc9f3b0e	Kasese	5b428975-f739-4dbd-b913-a2b2ac1c2af4	2024-06-07 14:52:18	2024-06-07 14:52:18
864d269f-f864-4bb8-8fcd-21cefd8c8435	Masaka	5b428975-f739-4dbd-b913-a2b2ac1c2af4	2024-06-07 14:52:18	2024-06-07 14:52:18
8d822f21-8c48-40a5-acea-96cb6754a372	Entebbe	5b428975-f739-4dbd-b913-a2b2ac1c2af4	2024-06-07 14:52:18	2024-06-07 14:52:18
d2038980-1c51-4d64-8386-124b3343858d	Njeru	5b428975-f739-4dbd-b913-a2b2ac1c2af4	2024-06-07 14:52:18	2024-06-07 14:52:18
626e2ca2-5499-47cd-a12a-ac5d2f64e9a3	Kitgum	5b428975-f739-4dbd-b913-a2b2ac1c2af4	2024-06-07 14:52:18	2024-06-07 14:52:18
f5568848-fd4b-46a3-967c-436695aac2ad	Arua	5b428975-f739-4dbd-b913-a2b2ac1c2af4	2024-06-07 14:52:18	2024-06-07 14:52:18
de595694-06af-4a36-a6e3-fc12a030c1c2	Iganga	5b428975-f739-4dbd-b913-a2b2ac1c2af4	2024-06-07 14:52:18	2024-06-07 14:52:18
b137088b-dcb0-478a-9258-5d5c24ed4df3	Fort Portal	5b428975-f739-4dbd-b913-a2b2ac1c2af4	2024-06-07 14:52:18	2024-06-07 14:52:18
89be44a3-40d4-4f76-a23c-dcd72e84a9ad	Mityana	5b428975-f739-4dbd-b913-a2b2ac1c2af4	2024-06-07 14:52:18	2024-06-07 14:52:18
e5e939f8-ecc3-4021-8807-72bf01c19a83	Hoima	5b428975-f739-4dbd-b913-a2b2ac1c2af4	2024-06-07 14:52:18	2024-06-07 14:52:18
9103e9de-9870-446d-9f91-481c97d7e686	Tororo	5b428975-f739-4dbd-b913-a2b2ac1c2af4	2024-06-07 14:52:18	2024-06-07 14:52:18
bf8f82d4-1a15-45e8-b859-688012fef180	Soroti	5b428975-f739-4dbd-b913-a2b2ac1c2af4	2024-06-07 14:52:18	2024-06-07 14:52:18
01b706fc-d975-451b-9111-b8748430ded9	Kiev	fb5d2aa7-04ce-4047-9895-83c71fb19450	2024-06-07 14:52:18	2024-06-07 14:52:18
0cdbd9dd-f7fb-4b57-bd83-260ce3acda6f	Kharkiv	fb5d2aa7-04ce-4047-9895-83c71fb19450	2024-06-07 14:52:18	2024-06-07 14:52:18
ef1305c4-397a-4b28-9331-b191fe75fe6a	Odessa	fb5d2aa7-04ce-4047-9895-83c71fb19450	2024-06-07 14:52:18	2024-06-07 14:52:18
f8b0fa06-a83a-4ed1-a98c-4f2a43227d38	Dnipro	fb5d2aa7-04ce-4047-9895-83c71fb19450	2024-06-07 14:52:18	2024-06-07 14:52:18
1815b083-9992-4758-af3f-96bd0601ac7f	Donetsk	fb5d2aa7-04ce-4047-9895-83c71fb19450	2024-06-07 14:52:18	2024-06-07 14:52:18
1cb3e561-0cb7-4a98-9f6f-d490c0a75b26	Zaporizhzhia	fb5d2aa7-04ce-4047-9895-83c71fb19450	2024-06-07 14:52:18	2024-06-07 14:52:18
d5eabc72-5a91-4b46-b8ad-e5ed5a19757c	Lviv	fb5d2aa7-04ce-4047-9895-83c71fb19450	2024-06-07 14:52:18	2024-06-07 14:52:18
44b82dc1-2577-42d8-a02d-c7f23d675b4e	Kryvyi Rih	fb5d2aa7-04ce-4047-9895-83c71fb19450	2024-06-07 14:52:18	2024-06-07 14:52:18
0b605fb1-62e0-46b5-9261-d23401dbb01b	Mykolaiv	fb5d2aa7-04ce-4047-9895-83c71fb19450	2024-06-07 14:52:18	2024-06-07 14:52:18
d7d585c7-4831-4793-9840-b8bfbf56c93a	Mariupol	fb5d2aa7-04ce-4047-9895-83c71fb19450	2024-06-07 14:52:18	2024-06-07 14:52:18
987f6515-18db-45c1-a460-152cfdc5673f	Luhansk	fb5d2aa7-04ce-4047-9895-83c71fb19450	2024-06-07 14:52:18	2024-06-07 14:52:18
9b2ebe42-7aa7-40ec-b6fb-f54382644b63	Vinnytsia	fb5d2aa7-04ce-4047-9895-83c71fb19450	2024-06-07 14:52:18	2024-06-07 14:52:18
49a8484d-bd70-4804-a361-4d2098b9adc9	Makiivka	fb5d2aa7-04ce-4047-9895-83c71fb19450	2024-06-07 14:52:18	2024-06-07 14:52:18
01682e0c-eebe-4813-b1e2-2e909c2e464b	Sevastopol	fb5d2aa7-04ce-4047-9895-83c71fb19450	2024-06-07 14:52:18	2024-06-07 14:52:18
d307bb06-682f-467c-9d81-9bfb77ab818c	Simferopol	fb5d2aa7-04ce-4047-9895-83c71fb19450	2024-06-07 14:52:18	2024-06-07 14:52:18
de9c47c1-fd80-4394-8a2c-6d788828be8b	Kherson	fb5d2aa7-04ce-4047-9895-83c71fb19450	2024-06-07 14:52:18	2024-06-07 14:52:18
30a8f63c-667b-4abb-bfd3-9507fb74f926	Poltava	fb5d2aa7-04ce-4047-9895-83c71fb19450	2024-06-07 14:52:18	2024-06-07 14:52:18
e58ec0ba-e9d4-4132-92a4-a0b77e5d3e92	Chernihiv	fb5d2aa7-04ce-4047-9895-83c71fb19450	2024-06-07 14:52:18	2024-06-07 14:52:18
0c98a70d-3fbd-4f23-a936-e69c65e3062f	Cherkasy	fb5d2aa7-04ce-4047-9895-83c71fb19450	2024-06-07 14:52:18	2024-06-07 14:52:18
7fa543ea-85dd-4ec3-9bb6-cf1949e0983b	Zhytomyr	fb5d2aa7-04ce-4047-9895-83c71fb19450	2024-06-07 14:52:18	2024-06-07 14:52:18
5e56d30c-d91d-4a2d-81f0-e5cf84eb6b64	Dubai	fa10fba5-b8fe-4d5f-8701-cbb68ff77169	2024-06-07 14:52:18	2024-06-07 14:52:18
aef91ef3-3b61-4d6d-9412-12c53a93726d	Abu Dhabi	fa10fba5-b8fe-4d5f-8701-cbb68ff77169	2024-06-07 14:52:18	2024-06-07 14:52:18
6adb52e9-b573-4484-92c0-b319fab68710	Sharjah	fa10fba5-b8fe-4d5f-8701-cbb68ff77169	2024-06-07 14:52:18	2024-06-07 14:52:18
732f6ccf-aea1-4111-be7b-9686edc9a54d	Al Ain	fa10fba5-b8fe-4d5f-8701-cbb68ff77169	2024-06-07 14:52:18	2024-06-07 14:52:18
bb3cab02-f748-4f19-8c6a-e0fec41049ef	Ajman	fa10fba5-b8fe-4d5f-8701-cbb68ff77169	2024-06-07 14:52:18	2024-06-07 14:52:18
0ba194e2-f2ad-4c42-ac86-841236f80693	Ras al-Khaimah	fa10fba5-b8fe-4d5f-8701-cbb68ff77169	2024-06-07 14:52:18	2024-06-07 14:52:18
3aca7f3c-6bc5-4c3c-abf7-908bbc7d1152	Fujairah	fa10fba5-b8fe-4d5f-8701-cbb68ff77169	2024-06-07 14:52:18	2024-06-07 14:52:18
baaae10d-c5d3-4b3d-992c-69ec60031ab1	Umm al-Quwain	fa10fba5-b8fe-4d5f-8701-cbb68ff77169	2024-06-07 14:52:18	2024-06-07 14:52:18
1d848d63-b925-456f-8145-ab40e173a404	Khor Fakkan	fa10fba5-b8fe-4d5f-8701-cbb68ff77169	2024-06-07 14:52:18	2024-06-07 14:52:18
3ec773ff-4e95-456d-adc0-3e104cd96a21	Dibba Al-Hisn	fa10fba5-b8fe-4d5f-8701-cbb68ff77169	2024-06-07 14:52:18	2024-06-07 14:52:18
7c44cc6f-ab7e-473e-9cea-f1f97b1e7c17	Kalba	fa10fba5-b8fe-4d5f-8701-cbb68ff77169	2024-06-07 14:52:18	2024-06-07 14:52:18
4ffe7b5b-d06a-4ea7-acec-49090ac7d5cf	Jebel Ali	fa10fba5-b8fe-4d5f-8701-cbb68ff77169	2024-06-07 14:52:18	2024-06-07 14:52:18
b4a452ee-0d04-4f43-9a8f-a374dc5778b1	Hatta	fa10fba5-b8fe-4d5f-8701-cbb68ff77169	2024-06-07 14:52:18	2024-06-07 14:52:18
1f2bbabe-bdab-4d32-8775-18588e977fd8	Ar-Rams	fa10fba5-b8fe-4d5f-8701-cbb68ff77169	2024-06-07 14:52:18	2024-06-07 14:52:18
a7945d92-60b4-4618-87ae-034e130b2d7d	Mina Jabal Ali	fa10fba5-b8fe-4d5f-8701-cbb68ff77169	2024-06-07 14:52:18	2024-06-07 14:52:18
15e51dda-91b3-40df-952f-616ba9e03ca4	Mina Saqr	fa10fba5-b8fe-4d5f-8701-cbb68ff77169	2024-06-07 14:52:18	2024-06-07 14:52:18
ba266d0d-556e-40a5-b8f1-75023ba6f232	Mina Zayed	fa10fba5-b8fe-4d5f-8701-cbb68ff77169	2024-06-07 14:52:18	2024-06-07 14:52:18
141b5664-38ef-4bc9-8acb-bea0a7005543	Ruwiqah	fa10fba5-b8fe-4d5f-8701-cbb68ff77169	2024-06-07 14:52:18	2024-06-07 14:52:18
4a252588-271d-44df-859b-e413943a0463	Liwa Oasis	fa10fba5-b8fe-4d5f-8701-cbb68ff77169	2024-06-07 14:52:18	2024-06-07 14:52:18
a524043d-e4c4-4884-81b6-f8f4b689bf9d	Madinat Zayed	fa10fba5-b8fe-4d5f-8701-cbb68ff77169	2024-06-07 14:52:18	2024-06-07 14:52:18
89360b6b-9346-4794-ac0f-456ad687c3b0	London, England	c09b79fe-2ac1-4dad-9fbf-eb6d7ee23bae	2024-06-07 14:52:18	2024-06-07 14:52:18
e0f789d9-0560-4473-8611-98fcc45013eb	Edinburgh, Scotland	c09b79fe-2ac1-4dad-9fbf-eb6d7ee23bae	2024-06-07 14:52:18	2024-06-07 14:52:18
5cc9b0e6-bf9b-4a6d-9e66-06b0696c5776	Cardiff, Wales	c09b79fe-2ac1-4dad-9fbf-eb6d7ee23bae	2024-06-07 14:52:18	2024-06-07 14:52:18
78e198c9-0aab-492e-84d2-4ab2ef5224b3	Belfast, Northern Ireland	c09b79fe-2ac1-4dad-9fbf-eb6d7ee23bae	2024-06-07 14:52:18	2024-06-07 14:52:18
e8bf1940-ad2b-46f2-8053-64e8b309b85c	Birmingham, England	c09b79fe-2ac1-4dad-9fbf-eb6d7ee23bae	2024-06-07 14:52:18	2024-06-07 14:52:18
f7410788-ca87-4044-8c9e-63585dd3e4e4	Glasgow, Scotland	c09b79fe-2ac1-4dad-9fbf-eb6d7ee23bae	2024-06-07 14:52:18	2024-06-07 14:52:18
34310713-5247-481a-9255-98754fb939b0	Liverpool, England	c09b79fe-2ac1-4dad-9fbf-eb6d7ee23bae	2024-06-07 14:52:18	2024-06-07 14:52:18
bbc97fc4-9e32-4e67-be3d-7466d6b6e26e	Manchester, England	c09b79fe-2ac1-4dad-9fbf-eb6d7ee23bae	2024-06-07 14:52:18	2024-06-07 14:52:18
f4b99108-e347-4d2d-8abd-a17ace7d5885	Bristol, England	c09b79fe-2ac1-4dad-9fbf-eb6d7ee23bae	2024-06-07 14:52:18	2024-06-07 14:52:18
74d774b7-c2be-417d-92ea-4b04288ac043	Newcastle upon Tyne, England	c09b79fe-2ac1-4dad-9fbf-eb6d7ee23bae	2024-06-07 14:52:18	2024-06-07 14:52:18
7c03fe40-4e13-40a2-ba8b-3ca9ca7c67f1	Leeds, England	c09b79fe-2ac1-4dad-9fbf-eb6d7ee23bae	2024-06-07 14:52:18	2024-06-07 14:52:18
0fc3ab89-d261-4cbb-ab06-b27e8e860071	Brighton, England	c09b79fe-2ac1-4dad-9fbf-eb6d7ee23bae	2024-06-07 14:52:18	2024-06-07 14:52:18
bf26ffe8-7e97-4b33-a8ac-f7cb9a0dc555	Sheffield, England	c09b79fe-2ac1-4dad-9fbf-eb6d7ee23bae	2024-06-07 14:52:18	2024-06-07 14:52:18
61de6847-cb0c-462f-a4f7-4a62f86b7f90	Southampton, England	c09b79fe-2ac1-4dad-9fbf-eb6d7ee23bae	2024-06-07 14:52:18	2024-06-07 14:52:18
b6bc1895-fbb7-41ba-905a-36f2fce51c64	Nottingham, England	c09b79fe-2ac1-4dad-9fbf-eb6d7ee23bae	2024-06-07 14:52:18	2024-06-07 14:52:18
fe6d149d-2ae2-4403-9e1d-5b255fb63931	Leicester, England	c09b79fe-2ac1-4dad-9fbf-eb6d7ee23bae	2024-06-07 14:52:18	2024-06-07 14:52:18
ad7bc600-8c97-421c-9811-fe60d1ee5e37	Coventry, England	c09b79fe-2ac1-4dad-9fbf-eb6d7ee23bae	2024-06-07 14:52:18	2024-06-07 14:52:18
3850a7e9-1f7e-4349-b422-082ed9832b77	Bradford, England	c09b79fe-2ac1-4dad-9fbf-eb6d7ee23bae	2024-06-07 14:52:18	2024-06-07 14:52:18
dc7b7cd6-08ce-4e42-8c12-b19e85339dde	Wolverhampton, England	c09b79fe-2ac1-4dad-9fbf-eb6d7ee23bae	2024-06-07 14:52:18	2024-06-07 14:52:18
1e62be4c-160c-4317-a81d-a7cec2d30778	Stoke-on-Trent, England	c09b79fe-2ac1-4dad-9fbf-eb6d7ee23bae	2024-06-07 14:52:18	2024-06-07 14:52:18
dabed942-565f-467e-b552-87057a226c69	Baker Island	2c5b3e63-6bbc-4efb-a6e0-4cfea06aaa65	2024-06-07 14:52:18	2024-06-07 14:52:18
146fdc2e-5024-47bf-82cc-aca567b23be0	Howland Island	2c5b3e63-6bbc-4efb-a6e0-4cfea06aaa65	2024-06-07 14:52:18	2024-06-07 14:52:18
4c15ba43-7848-4e1a-9e94-94d15f2c3764	Jarvis Island	2c5b3e63-6bbc-4efb-a6e0-4cfea06aaa65	2024-06-07 14:52:18	2024-06-07 14:52:18
4c73fe83-51bf-4d4e-88c7-cb6a7b870b43	Johnston Atoll	2c5b3e63-6bbc-4efb-a6e0-4cfea06aaa65	2024-06-07 14:52:18	2024-06-07 14:52:18
6b2e0b99-734b-4e3e-90d6-4a93f9ae3374	Kingman Reef	2c5b3e63-6bbc-4efb-a6e0-4cfea06aaa65	2024-06-07 14:52:18	2024-06-07 14:52:18
10b0605a-a370-4a6c-8df5-def82e28532b	Midway Atoll	2c5b3e63-6bbc-4efb-a6e0-4cfea06aaa65	2024-06-07 14:52:18	2024-06-07 14:52:18
3d5f87aa-8b89-46a1-bd54-7932fee81995	Navassa Island	2c5b3e63-6bbc-4efb-a6e0-4cfea06aaa65	2024-06-07 14:52:18	2024-06-07 14:52:18
ce148bc4-2d8f-4b45-a497-0a05d75f913d	Palmyra Atoll	2c5b3e63-6bbc-4efb-a6e0-4cfea06aaa65	2024-06-07 14:52:18	2024-06-07 14:52:18
e95e9526-87da-4259-9a57-28bae4bce59e	Wake Island	2c5b3e63-6bbc-4efb-a6e0-4cfea06aaa65	2024-06-07 14:52:18	2024-06-07 14:52:18
40b5df43-3a90-4e13-ae7f-d252cfaef5be	Montevideo	108c2501-ec66-48f1-805d-b4e45494329e	2024-06-07 14:52:18	2024-06-07 14:52:18
39d663bb-580d-4212-8ad8-9763ae683b31	Salto	108c2501-ec66-48f1-805d-b4e45494329e	2024-06-07 14:52:18	2024-06-07 14:52:18
4d54a000-f336-466c-a09c-8055196ac2ec	Ciudad de la Costa	108c2501-ec66-48f1-805d-b4e45494329e	2024-06-07 14:52:18	2024-06-07 14:52:18
c7a39363-bbc1-41f2-a091-b08fbe489ad2	Paysandú	108c2501-ec66-48f1-805d-b4e45494329e	2024-06-07 14:52:18	2024-06-07 14:52:18
3b4e5709-f896-4fea-a207-cdf83f4d9720	Maldonado	108c2501-ec66-48f1-805d-b4e45494329e	2024-06-07 14:52:18	2024-06-07 14:52:18
3e2ad54d-c470-4f7f-9f44-ab3336008594	Rivera	108c2501-ec66-48f1-805d-b4e45494329e	2024-06-07 14:52:18	2024-06-07 14:52:18
d6561814-f5b3-4acf-ae18-0de18ec18019	Tacuarembó	108c2501-ec66-48f1-805d-b4e45494329e	2024-06-07 14:52:18	2024-06-07 14:52:18
1c358105-9611-44c9-b561-1d207a32a272	Melo	108c2501-ec66-48f1-805d-b4e45494329e	2024-06-07 14:52:18	2024-06-07 14:52:18
3595f517-28da-45eb-9727-b358a0ff658f	Mercedes	108c2501-ec66-48f1-805d-b4e45494329e	2024-06-07 14:52:18	2024-06-07 14:52:18
375f0d39-f11f-4135-bcbb-712059bd9e57	Artigas	108c2501-ec66-48f1-805d-b4e45494329e	2024-06-07 14:52:18	2024-06-07 14:52:18
85a77bdf-2a9a-4a11-8eb3-08f9ea1d78ec	Minas	108c2501-ec66-48f1-805d-b4e45494329e	2024-06-07 14:52:18	2024-06-07 14:52:18
e7cb3262-e355-489f-b56e-8a44897b018f	San José de Mayo	108c2501-ec66-48f1-805d-b4e45494329e	2024-06-07 14:52:18	2024-06-07 14:52:18
3bd84057-4e37-4a81-bebe-97379e5f9620	Durazno	108c2501-ec66-48f1-805d-b4e45494329e	2024-06-07 14:52:18	2024-06-07 14:52:18
8903de84-e8bb-4efa-ae1b-5a57a60816ab	Florida	108c2501-ec66-48f1-805d-b4e45494329e	2024-06-07 14:52:18	2024-06-07 14:52:18
1f1a4e36-8954-43c4-b9f5-f72845b1e6b0	Treinta y Tres	108c2501-ec66-48f1-805d-b4e45494329e	2024-06-07 14:52:18	2024-06-07 14:52:18
ca5a4f42-8ac8-4919-bd2f-a942c7827b84	Rocha	108c2501-ec66-48f1-805d-b4e45494329e	2024-06-07 14:52:18	2024-06-07 14:52:18
b75e0db5-6d2c-448b-8fb4-c48bf3cf5eba	Fray Bentos	108c2501-ec66-48f1-805d-b4e45494329e	2024-06-07 14:52:18	2024-06-07 14:52:18
9699970f-a84c-4ad4-822f-305b59a4fb4a	Colonia del Sacramento	108c2501-ec66-48f1-805d-b4e45494329e	2024-06-07 14:52:18	2024-06-07 14:52:18
46b16cec-c5fa-4f51-912a-76a7354e2996	Punta del Este	108c2501-ec66-48f1-805d-b4e45494329e	2024-06-07 14:52:18	2024-06-07 14:52:18
0e86b0b4-8233-42c6-bf8d-b77f4cb33ef2	Las Piedras	108c2501-ec66-48f1-805d-b4e45494329e	2024-06-07 14:52:18	2024-06-07 14:52:18
212521e8-431d-4841-9a3c-6463f81e2fb5	Piriápolis	108c2501-ec66-48f1-805d-b4e45494329e	2024-06-07 14:52:18	2024-06-07 14:52:18
3751b2be-234d-4daf-806d-136799c96242	Canelones	108c2501-ec66-48f1-805d-b4e45494329e	2024-06-07 14:52:18	2024-06-07 14:52:18
ec074590-55ac-42b4-b96b-51f073203bc8	Trinidad	108c2501-ec66-48f1-805d-b4e45494329e	2024-06-07 14:52:18	2024-06-07 14:52:18
20e317af-ed95-4cb1-a393-2bfa1885cf34	La Paz	108c2501-ec66-48f1-805d-b4e45494329e	2024-06-07 14:52:18	2024-06-07 14:52:18
a40f6eb8-fbe5-44ac-8ae2-dfd5a0eb6a40	San Carlos	108c2501-ec66-48f1-805d-b4e45494329e	2024-06-07 14:52:18	2024-06-07 14:52:18
a4413aa1-6b29-4e9f-9ef2-0ee9100dd9f1	Tashkent	29f28524-3c4b-4163-af6c-7c2a3b0c8455	2024-06-07 14:52:18	2024-06-07 14:52:18
a4bb67a2-910a-46c3-937d-a0eb9bf224d5	Samarkand	29f28524-3c4b-4163-af6c-7c2a3b0c8455	2024-06-07 14:52:18	2024-06-07 14:52:18
2661c05b-cc9b-48a3-9ee9-e0d3309e266b	Bukhara	29f28524-3c4b-4163-af6c-7c2a3b0c8455	2024-06-07 14:52:18	2024-06-07 14:52:18
8bce2b55-2863-4d2f-a3db-962364f81d06	Khiva	29f28524-3c4b-4163-af6c-7c2a3b0c8455	2024-06-07 14:52:18	2024-06-07 14:52:18
3aa3424e-ad00-46b2-be02-e01e42142c48	Nukus	29f28524-3c4b-4163-af6c-7c2a3b0c8455	2024-06-07 14:52:18	2024-06-07 14:52:18
81f56c7b-fb6f-43fc-b6b8-84f708cd4fd0	Andijan	29f28524-3c4b-4163-af6c-7c2a3b0c8455	2024-06-07 14:52:18	2024-06-07 14:52:18
bdb278d8-fa93-4bb9-a0ba-abf9e84b139a	Namangan	29f28524-3c4b-4163-af6c-7c2a3b0c8455	2024-06-07 14:52:18	2024-06-07 14:52:18
864476f9-fa5f-43a3-92bf-3e90e1cd2ffd	Fergana	29f28524-3c4b-4163-af6c-7c2a3b0c8455	2024-06-07 14:52:18	2024-06-07 14:52:18
28fde391-8253-4169-8cd5-0eae87513bbb	Navoi	29f28524-3c4b-4163-af6c-7c2a3b0c8455	2024-06-07 14:52:18	2024-06-07 14:52:18
dbd8d6f3-c1ff-4cce-8e18-e701f733d5e1	Shakhrisabz	29f28524-3c4b-4163-af6c-7c2a3b0c8455	2024-06-07 14:52:18	2024-06-07 14:52:18
516c2a58-61c4-4e5a-9688-61a4f4669113	Gulistan	29f28524-3c4b-4163-af6c-7c2a3b0c8455	2024-06-07 14:52:18	2024-06-07 14:52:18
e2021537-8731-43da-b976-6022cb34157e	Jizzakh	29f28524-3c4b-4163-af6c-7c2a3b0c8455	2024-06-07 14:52:18	2024-06-07 14:52:18
5ab0f00e-4589-4e84-9bbf-7aca68568576	Urgench	29f28524-3c4b-4163-af6c-7c2a3b0c8455	2024-06-07 14:52:18	2024-06-07 14:52:18
04d1671e-a9fc-4c77-b70c-a8cb71bd2dc4	Termez	29f28524-3c4b-4163-af6c-7c2a3b0c8455	2024-06-07 14:52:18	2024-06-07 14:52:18
f6cb8661-e29a-44ea-a8d4-3061491ca9be	Margilan	29f28524-3c4b-4163-af6c-7c2a3b0c8455	2024-06-07 14:52:18	2024-06-07 14:52:18
f9fc22b9-6f00-4989-8554-3a65b4d9882b	Kokand	29f28524-3c4b-4163-af6c-7c2a3b0c8455	2024-06-07 14:52:18	2024-06-07 14:52:18
eb45ae2d-e104-4f53-800d-9b04d3dad0e0	Chirchiq	29f28524-3c4b-4163-af6c-7c2a3b0c8455	2024-06-07 14:52:18	2024-06-07 14:52:18
2fcc97cd-a94b-4d56-8919-8319735c5842	Karshi	29f28524-3c4b-4163-af6c-7c2a3b0c8455	2024-06-07 14:52:18	2024-06-07 14:52:18
7cddf1ba-d471-47a1-a3b0-876e88205def	Kungrad	29f28524-3c4b-4163-af6c-7c2a3b0c8455	2024-06-07 14:52:18	2024-06-07 14:52:18
498686fd-8cd7-44cc-ba69-e787ab562aa8	Bekabad	29f28524-3c4b-4163-af6c-7c2a3b0c8455	2024-06-07 14:52:18	2024-06-07 14:52:18
e9a4b573-5f80-45e3-9b95-36612afe5506	Angren	29f28524-3c4b-4163-af6c-7c2a3b0c8455	2024-06-07 14:52:18	2024-06-07 14:52:18
cd60dcf3-ca74-4377-a0fa-53c2440c30c5	Samarqand	29f28524-3c4b-4163-af6c-7c2a3b0c8455	2024-06-07 14:52:18	2024-06-07 14:52:18
f8c7db85-7a8e-439e-acf3-b4c52048e787	Port Vila	b3b5092a-1efc-4714-826e-05a1f2c9b595	2024-06-07 14:52:18	2024-06-07 14:52:18
fe534de2-0112-445d-8122-7408bab2a266	Luganville	b3b5092a-1efc-4714-826e-05a1f2c9b595	2024-06-07 14:52:18	2024-06-07 14:52:18
1643a6af-10c7-4dcb-ad99-52341a712319	Isangel	b3b5092a-1efc-4714-826e-05a1f2c9b595	2024-06-07 14:52:18	2024-06-07 14:52:18
66ef1ed1-91a4-402e-9a93-b5d9aa48fae8	Sola	b3b5092a-1efc-4714-826e-05a1f2c9b595	2024-06-07 14:52:18	2024-06-07 14:52:18
09533716-4fa8-464e-a875-af245f8d7a07	Lenakel	b3b5092a-1efc-4714-826e-05a1f2c9b595	2024-06-07 14:52:18	2024-06-07 14:52:18
285b870b-58d2-4df9-86fe-c8dce0ce6b16	Lakatoro	b3b5092a-1efc-4714-826e-05a1f2c9b595	2024-06-07 14:52:19	2024-06-07 14:52:19
833831e0-dcad-4d01-be6f-01d5523a87b5	Norsup	b3b5092a-1efc-4714-826e-05a1f2c9b595	2024-06-07 14:52:19	2024-06-07 14:52:19
25f12f45-f419-4fbb-9ca5-e93726de99f8	Port Olry	b3b5092a-1efc-4714-826e-05a1f2c9b595	2024-06-07 14:52:19	2024-06-07 14:52:19
034e497d-5d10-4a2f-8f5d-cde20bb8e586	Saratamata	b3b5092a-1efc-4714-826e-05a1f2c9b595	2024-06-07 14:52:19	2024-06-07 14:52:19
a9e33bbd-4d48-4b8d-ba09-6ccb31841a60	Lamap	b3b5092a-1efc-4714-826e-05a1f2c9b595	2024-06-07 14:52:19	2024-06-07 14:52:19
f0de5488-ba67-445e-831f-deb7b89baf1b	Loltong	b3b5092a-1efc-4714-826e-05a1f2c9b595	2024-06-07 14:52:19	2024-06-07 14:52:19
2e46e63e-c571-471f-928a-51af805fa316	Ranwadi	b3b5092a-1efc-4714-826e-05a1f2c9b595	2024-06-07 14:52:19	2024-06-07 14:52:19
a179ccc3-8d40-4d5d-ac7d-b1833b08b538	Dillon's Bay	b3b5092a-1efc-4714-826e-05a1f2c9b595	2024-06-07 14:52:19	2024-06-07 14:52:19
33a56209-fe66-4c1d-8f15-e2ef33d3e9d3	Ipota	b3b5092a-1efc-4714-826e-05a1f2c9b595	2024-06-07 14:52:19	2024-06-07 14:52:19
7d31cea4-aa23-466b-bcd2-f47066e5c790	La Basilique Saint-Pierre	08795c49-ae06-42b9-bcb8-b25e19a98b3b	2024-06-07 14:52:19	2024-06-07 14:52:19
80f8a003-ced3-4efa-ad49-5c0f26195e08	La Place Saint-Pierre	08795c49-ae06-42b9-bcb8-b25e19a98b3b	2024-06-07 14:52:19	2024-06-07 14:52:19
3f1b93c4-cc18-43a4-8df4-5318786e6026	Les Musées du Vatican	08795c49-ae06-42b9-bcb8-b25e19a98b3b	2024-06-07 14:52:19	2024-06-07 14:52:19
edd4d2bb-937a-4bcf-8570-a402c3a1a164	Les Jardins du Vatican	08795c49-ae06-42b9-bcb8-b25e19a98b3b	2024-06-07 14:52:19	2024-06-07 14:52:19
3e7ec8af-812f-42ab-b2dd-bc7f55356d0c	La Chapelle Sixtine	08795c49-ae06-42b9-bcb8-b25e19a98b3b	2024-06-07 14:52:19	2024-06-07 14:52:19
7e8b3189-9920-484a-816e-a3afe6ee28ba	Le Palais Apostolique	08795c49-ae06-42b9-bcb8-b25e19a98b3b	2024-06-07 14:52:19	2024-06-07 14:52:19
3bba3d23-8294-46f5-837a-e5e86a5d4e57	La Bibliothèque apostolique vaticane	08795c49-ae06-42b9-bcb8-b25e19a98b3b	2024-06-07 14:52:19	2024-06-07 14:52:19
ddf0a88b-008a-490d-ae53-5ee91075d5db	Les Archives secrètes du Vatican	08795c49-ae06-42b9-bcb8-b25e19a98b3b	2024-06-07 14:52:19	2024-06-07 14:52:19
8fe0b163-45b3-4fbc-9fac-f689ef5f64ce	La Grotte Vaticane	08795c49-ae06-42b9-bcb8-b25e19a98b3b	2024-06-07 14:52:19	2024-06-07 14:52:19
ce240ca8-cef6-4930-9580-8f8901b68098	La Tour Saint-Jean	08795c49-ae06-42b9-bcb8-b25e19a98b3b	2024-06-07 14:52:19	2024-06-07 14:52:19
cf5009dd-48be-4201-9ed6-b6fed99aa4be	Caracas	47c8d359-fd68-491b-8e63-12c4e22df9fd	2024-06-07 14:52:19	2024-06-07 14:52:19
46ba9186-1247-4b22-a611-00a149cfe665	Maracaibo	47c8d359-fd68-491b-8e63-12c4e22df9fd	2024-06-07 14:52:19	2024-06-07 14:52:19
47e73b15-ff46-49d4-a53d-f00e2c24b23e	Valencia	47c8d359-fd68-491b-8e63-12c4e22df9fd	2024-06-07 14:52:19	2024-06-07 14:52:19
2893b3a1-288a-4983-835a-c1b43b11c62f	Barquisimeto	47c8d359-fd68-491b-8e63-12c4e22df9fd	2024-06-07 14:52:19	2024-06-07 14:52:19
9d364cfb-04b3-43b5-9ee2-12ed291771a4	Maracay	47c8d359-fd68-491b-8e63-12c4e22df9fd	2024-06-07 14:52:19	2024-06-07 14:52:19
ec4af9d9-43a9-43e2-9c8c-ba9a47bf1aa4	Ciudad Guayana	47c8d359-fd68-491b-8e63-12c4e22df9fd	2024-06-07 14:52:19	2024-06-07 14:52:19
df6f80dc-d977-4834-bb46-3519e79bc60d	San Cristóbal	47c8d359-fd68-491b-8e63-12c4e22df9fd	2024-06-07 14:52:19	2024-06-07 14:52:19
fe901fa8-17dc-47aa-b6f2-ad5a08b29368	Maturín	47c8d359-fd68-491b-8e63-12c4e22df9fd	2024-06-07 14:52:19	2024-06-07 14:52:19
57d105a5-514b-4c85-9ecd-68b244f2da72	Puerto La Cruz	47c8d359-fd68-491b-8e63-12c4e22df9fd	2024-06-07 14:52:19	2024-06-07 14:52:19
22bead62-e582-4704-bc67-6456c0d6811b	Mérida	47c8d359-fd68-491b-8e63-12c4e22df9fd	2024-06-07 14:52:19	2024-06-07 14:52:19
04d2a141-2b31-4383-ae7d-a8872892c111	Cumana	47c8d359-fd68-491b-8e63-12c4e22df9fd	2024-06-07 14:52:19	2024-06-07 14:52:19
0bba155a-164d-4636-82fb-ceae1392c744	Coro	47c8d359-fd68-491b-8e63-12c4e22df9fd	2024-06-07 14:52:19	2024-06-07 14:52:19
a037c895-b7f3-4ff5-8a25-439293d0f821	Barinas	47c8d359-fd68-491b-8e63-12c4e22df9fd	2024-06-07 14:52:19	2024-06-07 14:52:19
1f130fdb-e69e-4d32-aeb2-10f488af02c7	Puerto Ordaz	47c8d359-fd68-491b-8e63-12c4e22df9fd	2024-06-07 14:52:19	2024-06-07 14:52:19
dd7bb89e-4e1f-422a-9b33-827d9f02c056	Porlamar	47c8d359-fd68-491b-8e63-12c4e22df9fd	2024-06-07 14:52:19	2024-06-07 14:52:19
72834554-dce7-4aaf-9aa1-61b8dec955be	Ciudad Bolívar	47c8d359-fd68-491b-8e63-12c4e22df9fd	2024-06-07 14:52:19	2024-06-07 14:52:19
a9d1a61c-077a-49cd-a0f3-1b465bc5b4b7	Cumaná	47c8d359-fd68-491b-8e63-12c4e22df9fd	2024-06-07 14:52:19	2024-06-07 14:52:19
c6d964d6-172a-4316-a0a6-9982a56be4da	San Felipe	47c8d359-fd68-491b-8e63-12c4e22df9fd	2024-06-07 14:52:19	2024-06-07 14:52:19
09a56fe9-b4c8-412b-bcb8-5b8bc08e9bb2	Los Teques	47c8d359-fd68-491b-8e63-12c4e22df9fd	2024-06-07 14:52:19	2024-06-07 14:52:19
7ba86b44-c3ee-46ea-9722-6bfaad1751ad	Punto Fijo	47c8d359-fd68-491b-8e63-12c4e22df9fd	2024-06-07 14:52:19	2024-06-07 14:52:19
0cc832b2-4e73-47a0-81ea-4cb382f9646b	Guarenas	47c8d359-fd68-491b-8e63-12c4e22df9fd	2024-06-07 14:52:19	2024-06-07 14:52:19
d40b31fc-0718-4786-bc4d-95d1863073fe	Guatire	47c8d359-fd68-491b-8e63-12c4e22df9fd	2024-06-07 14:52:19	2024-06-07 14:52:19
8f400161-f240-4600-85c6-dee6467e2ccf	El Tigre	47c8d359-fd68-491b-8e63-12c4e22df9fd	2024-06-07 14:52:19	2024-06-07 14:52:19
6d61e0fd-b208-43b3-98b4-2956eeb1a205	Valera	47c8d359-fd68-491b-8e63-12c4e22df9fd	2024-06-07 14:52:19	2024-06-07 14:52:19
70c2df24-902e-4c05-aa09-3e668707840e	Cabimas	47c8d359-fd68-491b-8e63-12c4e22df9fd	2024-06-07 14:52:19	2024-06-07 14:52:19
56dcb4ce-68f9-49f0-ad8b-7aa0f5c1c33a	Puerto Cabello	47c8d359-fd68-491b-8e63-12c4e22df9fd	2024-06-07 14:52:19	2024-06-07 14:52:19
2cec173e-6807-42c3-96e4-745da6a2eb75	Barcelona	47c8d359-fd68-491b-8e63-12c4e22df9fd	2024-06-07 14:52:19	2024-06-07 14:52:19
ab253ba7-9a75-45c4-8168-f25404a3130f	La Victoria	47c8d359-fd68-491b-8e63-12c4e22df9fd	2024-06-07 14:52:19	2024-06-07 14:52:19
5168de0e-2fcc-4382-a715-e54c8c4b8cf0	Ocumare del Tuy	47c8d359-fd68-491b-8e63-12c4e22df9fd	2024-06-07 14:52:19	2024-06-07 14:52:19
31cbca91-9699-4b5a-a15f-6487c2495eff	Hanoi	9981a866-2b8d-428d-ae2d-169b21f919d6	2024-06-07 14:52:19	2024-06-07 14:52:19
8e7000be-1e5b-4a6c-b212-e88507334b2f	Ho Chi Minh City	9981a866-2b8d-428d-ae2d-169b21f919d6	2024-06-07 14:52:19	2024-06-07 14:52:19
37beb0e3-f7d2-4003-9476-bd0aefe9d338	Da Nang	9981a866-2b8d-428d-ae2d-169b21f919d6	2024-06-07 14:52:19	2024-06-07 14:52:19
277b34b5-8c8f-4f6f-a222-eca70a98acd1	Hai Phong	9981a866-2b8d-428d-ae2d-169b21f919d6	2024-06-07 14:52:19	2024-06-07 14:52:19
92f2d5e0-0675-4ac5-8045-9684ff363104	Can Tho	9981a866-2b8d-428d-ae2d-169b21f919d6	2024-06-07 14:52:19	2024-06-07 14:52:19
9d49b563-abb7-43ab-99d7-e533824d1058	Hue	9981a866-2b8d-428d-ae2d-169b21f919d6	2024-06-07 14:52:19	2024-06-07 14:52:19
a48b0b29-473b-43d9-a360-188c0d265b61	Nha Trang	9981a866-2b8d-428d-ae2d-169b21f919d6	2024-06-07 14:52:19	2024-06-07 14:52:19
08be7a52-b62d-4cd6-b9bc-2d28726a3ec4	Quy Nhon	9981a866-2b8d-428d-ae2d-169b21f919d6	2024-06-07 14:52:19	2024-06-07 14:52:19
d030c340-1892-4732-9118-4694871631b5	Vinh	9981a866-2b8d-428d-ae2d-169b21f919d6	2024-06-07 14:52:19	2024-06-07 14:52:19
f96cfe88-aa97-4f58-adc5-d1a97c5533dc	Phan Thiet	9981a866-2b8d-428d-ae2d-169b21f919d6	2024-06-07 14:52:19	2024-06-07 14:52:19
399a452a-e3ba-4c15-80c7-72921c45cd9a	Thanh Hoa	9981a866-2b8d-428d-ae2d-169b21f919d6	2024-06-07 14:52:19	2024-06-07 14:52:19
13ac5257-40ca-4470-b6f6-b2f4feb4fb0f	Ha Long	9981a866-2b8d-428d-ae2d-169b21f919d6	2024-06-07 14:52:19	2024-06-07 14:52:19
ead21896-19ce-4e15-a547-1efc81270063	Buon Ma Thuot	9981a866-2b8d-428d-ae2d-169b21f919d6	2024-06-07 14:52:19	2024-06-07 14:52:19
e02b1c98-1549-4be4-b236-59139fc77e6b	Ninh Binh	9981a866-2b8d-428d-ae2d-169b21f919d6	2024-06-07 14:52:19	2024-06-07 14:52:19
561938fe-69d4-44d1-a170-4ebc58c648ab	Vung Tau	9981a866-2b8d-428d-ae2d-169b21f919d6	2024-06-07 14:52:19	2024-06-07 14:52:19
1afae06c-7820-4f0d-8786-2e0a25e7073f	Phan Rang-Thap Cham	9981a866-2b8d-428d-ae2d-169b21f919d6	2024-06-07 14:52:19	2024-06-07 14:52:19
f35c2bd1-33ff-4b25-9fe9-186816c98d3c	Dong Hoi	9981a866-2b8d-428d-ae2d-169b21f919d6	2024-06-07 14:52:19	2024-06-07 14:52:19
63c68929-459e-445a-9ce6-34f0ec3d7898	Hoi An	9981a866-2b8d-428d-ae2d-169b21f919d6	2024-06-07 14:52:19	2024-06-07 14:52:19
83f63f41-be24-4900-aee1-db9339e3fe80	Da Lat	9981a866-2b8d-428d-ae2d-169b21f919d6	2024-06-07 14:52:19	2024-06-07 14:52:19
b1989397-ea6e-4b62-a1e1-c71eb8aa46a5	Rach Gia	9981a866-2b8d-428d-ae2d-169b21f919d6	2024-06-07 14:52:19	2024-06-07 14:52:19
0d9bbddd-47d3-4b12-aa4d-8a92a4f41b01	Soc Trang	9981a866-2b8d-428d-ae2d-169b21f919d6	2024-06-07 14:52:19	2024-06-07 14:52:19
d53c4562-b45d-4a02-bb73-dfbb75a0f621	Tay Ninh	9981a866-2b8d-428d-ae2d-169b21f919d6	2024-06-07 14:52:19	2024-06-07 14:52:19
6afac5a6-b032-4975-aaf8-8cb6c4f9e493	My Tho	9981a866-2b8d-428d-ae2d-169b21f919d6	2024-06-07 14:52:19	2024-06-07 14:52:19
9ba12627-d742-460a-8ad8-19db055b8a43	Ca Mau	9981a866-2b8d-428d-ae2d-169b21f919d6	2024-06-07 14:52:19	2024-06-07 14:52:19
ec5740ad-bd9c-4282-a1a1-a6cc6ad6ebbe	Cao Lanh	9981a866-2b8d-428d-ae2d-169b21f919d6	2024-06-07 14:52:19	2024-06-07 14:52:19
943e762f-0e46-4f4b-8be1-9669a1a2466d	Ben Tre	9981a866-2b8d-428d-ae2d-169b21f919d6	2024-06-07 14:52:19	2024-06-07 14:52:19
b347f886-2910-4cff-b3ef-f62c411c58f0	Tam Ky	9981a866-2b8d-428d-ae2d-169b21f919d6	2024-06-07 14:52:19	2024-06-07 14:52:19
3418adae-0a41-4d06-a020-e496cd976a53	Long Xuyen	9981a866-2b8d-428d-ae2d-169b21f919d6	2024-06-07 14:52:19	2024-06-07 14:52:19
b534466d-1692-4522-a0cf-26f88fd3bd93	Bac Lieu	9981a866-2b8d-428d-ae2d-169b21f919d6	2024-06-07 14:52:19	2024-06-07 14:52:19
e0e6c20a-eec6-4a06-903c-bc89688b36c7	Road Town	238abf2a-d212-4c9b-a4ce-2a0d924ceab2	2024-06-07 14:52:19	2024-06-07 14:52:19
68d5c062-2d75-4cf4-8191-89b21604626e	Spanish Town	238abf2a-d212-4c9b-a4ce-2a0d924ceab2	2024-06-07 14:52:19	2024-06-07 14:52:19
d51c42c0-1b6b-418f-b068-862798faceec	The Settlement	238abf2a-d212-4c9b-a4ce-2a0d924ceab2	2024-06-07 14:52:19	2024-06-07 14:52:19
b4e104cc-d767-4d24-9b0f-18e5b51d2931	Anegada	238abf2a-d212-4c9b-a4ce-2a0d924ceab2	2024-06-07 14:52:19	2024-06-07 14:52:19
6ec957b7-2d86-43d0-8506-df9f1925d20e	Virgin Gorda	238abf2a-d212-4c9b-a4ce-2a0d924ceab2	2024-06-07 14:52:19	2024-06-07 14:52:19
1fa73077-6d5e-47c3-9d4f-ebdc96f33259	Jost Van Dyke	238abf2a-d212-4c9b-a4ce-2a0d924ceab2	2024-06-07 14:52:19	2024-06-07 14:52:19
09d56aa2-b122-457f-8025-eed6b17293a2	Tortola	238abf2a-d212-4c9b-a4ce-2a0d924ceab2	2024-06-07 14:52:19	2024-06-07 14:52:19
82629494-f446-4304-98ec-eff0ef33413e	Charlotte Amalie	215d2f2d-22d0-4f89-8421-ba0a3bb94c56	2024-06-07 14:52:19	2024-06-07 14:52:19
99476fe6-366f-430f-9f76-14f033dff667	Christiansted	215d2f2d-22d0-4f89-8421-ba0a3bb94c56	2024-06-07 14:52:19	2024-06-07 14:52:19
1bd12eb1-6dc6-48df-a62b-a39d34e060f2	Frederiksted	215d2f2d-22d0-4f89-8421-ba0a3bb94c56	2024-06-07 14:52:19	2024-06-07 14:52:19
e7ce2a4e-721b-4025-a8a3-e1868170b560	Cruz Bay	215d2f2d-22d0-4f89-8421-ba0a3bb94c56	2024-06-07 14:52:19	2024-06-07 14:52:19
879954f6-b35a-4fd2-9f5b-b89c07c9909f	Red Hook	215d2f2d-22d0-4f89-8421-ba0a3bb94c56	2024-06-07 14:52:19	2024-06-07 14:52:19
b98b8b04-7635-459b-94ca-a1ec25e2caea	Charlotte Amalie West	215d2f2d-22d0-4f89-8421-ba0a3bb94c56	2024-06-07 14:52:19	2024-06-07 14:52:19
2ac02df6-0b1a-475d-a317-527e53c44881	Anna’s Retreat	215d2f2d-22d0-4f89-8421-ba0a3bb94c56	2024-06-07 14:52:19	2024-06-07 14:52:19
9f6d0384-581e-44d8-b9b9-0f34db6bf5ae	East End	215d2f2d-22d0-4f89-8421-ba0a3bb94c56	2024-06-07 14:52:19	2024-06-07 14:52:19
1921ddc0-1fb2-4d35-88ab-a1e6f011eaa0	Mata-Utu	4ca126a3-b9d1-43e9-bdf8-82533fe38eaa	2024-06-07 14:52:19	2024-06-07 14:52:19
c059b508-af74-4592-97af-74ff8d7f340f	Leava	4ca126a3-b9d1-43e9-bdf8-82533fe38eaa	2024-06-07 14:52:19	2024-06-07 14:52:19
fd4a1da9-f798-4b01-b8fa-d83efea1dcb5	Alo	4ca126a3-b9d1-43e9-bdf8-82533fe38eaa	2024-06-07 14:52:19	2024-06-07 14:52:19
c9abaaee-268c-4cf5-b632-788bd4f690ab	Sigave	4ca126a3-b9d1-43e9-bdf8-82533fe38eaa	2024-06-07 14:52:19	2024-06-07 14:52:19
7e5c3cf7-b696-447d-88ef-63c074fd7a39	Halalo	4ca126a3-b9d1-43e9-bdf8-82533fe38eaa	2024-06-07 14:52:19	2024-06-07 14:52:19
b66626fe-1384-4652-877e-d9bdbc2a7dc6	Vaitupu	4ca126a3-b9d1-43e9-bdf8-82533fe38eaa	2024-06-07 14:52:19	2024-06-07 14:52:19
845bb5cd-d70c-429e-bbf7-375befdc7057	Malae	4ca126a3-b9d1-43e9-bdf8-82533fe38eaa	2024-06-07 14:52:19	2024-06-07 14:52:19
2bdb4fd5-60d8-4e13-9068-14455e992371	Laâyoune	93cb5adc-2347-43a1-870a-7e01861ebf91	2024-06-07 14:52:19	2024-06-07 14:52:19
fe715142-21d4-4885-8adb-040512f8c7f8	Dakhla	93cb5adc-2347-43a1-870a-7e01861ebf91	2024-06-07 14:52:19	2024-06-07 14:52:19
1002e55c-c7ac-4c8c-b204-60dcf89f566a	Smara	93cb5adc-2347-43a1-870a-7e01861ebf91	2024-06-07 14:52:19	2024-06-07 14:52:19
a5fa6ee9-49f3-463e-96fc-e6b6f404aaf0	Boujdour	93cb5adc-2347-43a1-870a-7e01861ebf91	2024-06-07 14:52:19	2024-06-07 14:52:19
0f1a13f1-8be6-40f5-ac0c-1a503b7c4333	Sana'a	ccca0841-a32e-443d-9b3e-45e2fde510b3	2024-06-07 14:52:19	2024-06-07 14:52:19
8985ef6b-27cc-4239-9e8d-8ba050924cd2	Aden	ccca0841-a32e-443d-9b3e-45e2fde510b3	2024-06-07 14:52:19	2024-06-07 14:52:19
c23b7eb6-1da8-43a0-94a3-0c3252159baa	Taiz	ccca0841-a32e-443d-9b3e-45e2fde510b3	2024-06-07 14:52:19	2024-06-07 14:52:19
119c40f7-b95c-470d-9e13-f2e00e5e1a16	Al Hudaydah	ccca0841-a32e-443d-9b3e-45e2fde510b3	2024-06-07 14:52:19	2024-06-07 14:52:19
ab5576e1-2720-4d74-b8d0-247b08aa631b	Mukalla	ccca0841-a32e-443d-9b3e-45e2fde510b3	2024-06-07 14:52:19	2024-06-07 14:52:19
72f96835-0e7c-4163-9378-46b1e2ed4baa	Ibb	ccca0841-a32e-443d-9b3e-45e2fde510b3	2024-06-07 14:52:19	2024-06-07 14:52:19
736f48fd-4909-41ef-a74a-492bebff429a	Dhamar	ccca0841-a32e-443d-9b3e-45e2fde510b3	2024-06-07 14:52:19	2024-06-07 14:52:19
50987648-1c5f-42ae-ab6b-4591eb0b095c	Amran	ccca0841-a32e-443d-9b3e-45e2fde510b3	2024-06-07 14:52:19	2024-06-07 14:52:19
f6a7e2a2-14da-4953-a30c-63f016fd8bff	Sayyan	ccca0841-a32e-443d-9b3e-45e2fde510b3	2024-06-07 14:52:19	2024-06-07 14:52:19
019c0d08-b929-4b0a-b4f7-cd891fc08e09	Zabid	ccca0841-a32e-443d-9b3e-45e2fde510b3	2024-06-07 14:52:19	2024-06-07 14:52:19
87b77aec-b852-4701-892e-1ec94d26e289	Sa'dah	ccca0841-a32e-443d-9b3e-45e2fde510b3	2024-06-07 14:52:19	2024-06-07 14:52:19
ee804aa3-6ccf-402c-b707-81b9cc4a64ce	Bajil	ccca0841-a32e-443d-9b3e-45e2fde510b3	2024-06-07 14:52:19	2024-06-07 14:52:19
4fceae77-71a5-48e4-a51b-4b0749b293b5	Hajjah	ccca0841-a32e-443d-9b3e-45e2fde510b3	2024-06-07 14:52:19	2024-06-07 14:52:19
4ec13c8d-151e-44b1-bfab-3c46e66b2dd4	Dhī as-Sufāl	ccca0841-a32e-443d-9b3e-45e2fde510b3	2024-06-07 14:52:19	2024-06-07 14:52:19
344d1796-ed26-4bd7-82ea-e1288308ca20	Al Mukha	ccca0841-a32e-443d-9b3e-45e2fde510b3	2024-06-07 14:52:19	2024-06-07 14:52:19
c7c84df1-b431-46f2-be00-cd6d0f544744	Belgrade	4394480b-9162-4eb7-9d70-0f14036a6410	2024-06-07 14:52:19	2024-06-07 14:52:19
4aedcd3d-f69b-45f3-a074-5e525ce9c931	Zagreb	4394480b-9162-4eb7-9d70-0f14036a6410	2024-06-07 14:52:19	2024-06-07 14:52:19
4f2f2dd5-bf53-44d5-9bd6-5e7f8d9ec0c8	Ljubljana	4394480b-9162-4eb7-9d70-0f14036a6410	2024-06-07 14:52:19	2024-06-07 14:52:19
1b595b8e-67e5-40bb-bace-2b000f37be81	Sarajevo	4394480b-9162-4eb7-9d70-0f14036a6410	2024-06-07 14:52:19	2024-06-07 14:52:19
05ea8f77-394b-4e1b-9a18-cb8455186321	Skopje	4394480b-9162-4eb7-9d70-0f14036a6410	2024-06-07 14:52:19	2024-06-07 14:52:19
658df977-4de6-4f2b-96be-c200c7cc98bc	Podgorica	4394480b-9162-4eb7-9d70-0f14036a6410	2024-06-07 14:52:19	2024-06-07 14:52:19
5ed30f69-8d5d-4332-80f0-e92ada796c4b	Pristina	4394480b-9162-4eb7-9d70-0f14036a6410	2024-06-07 14:52:19	2024-06-07 14:52:19
511fb97c-8fae-4b52-80ce-165bda264111	Kinshasa	6b4d04c4-8dcd-4c43-a367-86916b7039a3	2024-06-07 14:52:19	2024-06-07 14:52:19
ad6e6af2-f046-4923-81cb-ccd86021d335	Lubumbashi	6b4d04c4-8dcd-4c43-a367-86916b7039a3	2024-06-07 14:52:19	2024-06-07 14:52:19
70d189c9-b91c-4e71-855d-ad78c60f21e1	Mbuji-Mayi	6b4d04c4-8dcd-4c43-a367-86916b7039a3	2024-06-07 14:52:19	2024-06-07 14:52:19
b63d22f4-d3bd-447b-be51-0cd107a43b0a	Kananga	6b4d04c4-8dcd-4c43-a367-86916b7039a3	2024-06-07 14:52:19	2024-06-07 14:52:19
ebe3b93a-1ba2-4240-9cb0-146139b393a7	Kisangani	6b4d04c4-8dcd-4c43-a367-86916b7039a3	2024-06-07 14:52:19	2024-06-07 14:52:19
1655549e-c36d-46db-addd-5a8ec88ca3c7	Bukavu	6b4d04c4-8dcd-4c43-a367-86916b7039a3	2024-06-07 14:52:19	2024-06-07 14:52:19
bb9f7b99-059e-4a7a-a74b-74b2f8a10c4d	Tshikapa	6b4d04c4-8dcd-4c43-a367-86916b7039a3	2024-06-07 14:52:19	2024-06-07 14:52:19
1b0b6e7b-9971-4ea5-a34b-db4a1e290007	Goma	6b4d04c4-8dcd-4c43-a367-86916b7039a3	2024-06-07 14:52:19	2024-06-07 14:52:19
153660d1-1831-4a82-a927-e08b032d2de4	Kolwezi	6b4d04c4-8dcd-4c43-a367-86916b7039a3	2024-06-07 14:52:19	2024-06-07 14:52:19
ae4e3291-7fa8-4866-87a1-41ec764df307	Likasi	6b4d04c4-8dcd-4c43-a367-86916b7039a3	2024-06-07 14:52:19	2024-06-07 14:52:19
5dad5eb7-dfc9-4295-9a6d-421d04b5d43b	Lusaka	149ebcf3-95bc-4494-8ced-757d2ea88105	2024-06-07 14:52:19	2024-06-07 14:52:19
65f450e5-2c97-4e4a-8808-95298c5eaea9	Kitwe	149ebcf3-95bc-4494-8ced-757d2ea88105	2024-06-07 14:52:19	2024-06-07 14:52:19
3a759a5f-2795-4d09-975b-822aada60bb6	Ndola	149ebcf3-95bc-4494-8ced-757d2ea88105	2024-06-07 14:52:19	2024-06-07 14:52:19
e78adb74-fcc3-4bbd-856e-9a528e443f7b	Kabwe	149ebcf3-95bc-4494-8ced-757d2ea88105	2024-06-07 14:52:19	2024-06-07 14:52:19
fcee0bd0-9fa5-4c64-88fb-ec3decb84ecb	Chingola	149ebcf3-95bc-4494-8ced-757d2ea88105	2024-06-07 14:52:19	2024-06-07 14:52:19
61d35964-65cc-4fd7-9cfb-ab57824e6dba	Mufulira	149ebcf3-95bc-4494-8ced-757d2ea88105	2024-06-07 14:52:19	2024-06-07 14:52:19
c672c125-b228-4889-9013-326cf7df33be	Livingstone	149ebcf3-95bc-4494-8ced-757d2ea88105	2024-06-07 14:52:19	2024-06-07 14:52:19
74c85c5c-7245-414b-8264-01b91c760efc	Luanshya	149ebcf3-95bc-4494-8ced-757d2ea88105	2024-06-07 14:52:19	2024-06-07 14:52:19
0c1d28e9-9f4c-40d3-bf5a-ac00a879ca9c	Chipata	149ebcf3-95bc-4494-8ced-757d2ea88105	2024-06-07 14:52:19	2024-06-07 14:52:19
8715d981-b210-439c-850c-1bf50d7bd4e4	Kasama	149ebcf3-95bc-4494-8ced-757d2ea88105	2024-06-07 14:52:19	2024-06-07 14:52:19
1f6ae176-c4ec-4c02-92e7-8f00547e356a	Kalulushi	149ebcf3-95bc-4494-8ced-757d2ea88105	2024-06-07 14:52:19	2024-06-07 14:52:19
65af1763-79ef-4401-bdcd-e40ddad35047	Mazabuka	149ebcf3-95bc-4494-8ced-757d2ea88105	2024-06-07 14:52:19	2024-06-07 14:52:19
76c63a7f-62ec-47c1-9482-b60c2dfd2945	Chililabombwe	149ebcf3-95bc-4494-8ced-757d2ea88105	2024-06-07 14:52:19	2024-06-07 14:52:19
eb16eccf-52c4-4ff5-a717-156a3a7c4e0c	Mongu	149ebcf3-95bc-4494-8ced-757d2ea88105	2024-06-07 14:52:19	2024-06-07 14:52:19
82605b29-a4b2-4451-a58b-7801fd38b311	Kafue	149ebcf3-95bc-4494-8ced-757d2ea88105	2024-06-07 14:52:19	2024-06-07 14:52:19
010aa3cb-94c9-4c34-87ac-be4ae06bc38e	Choma	149ebcf3-95bc-4494-8ced-757d2ea88105	2024-06-07 14:52:19	2024-06-07 14:52:19
6e98a101-513f-4076-86b0-9ee0c6d9b1ab	Mansa	149ebcf3-95bc-4494-8ced-757d2ea88105	2024-06-07 14:52:19	2024-06-07 14:52:19
1fc66344-5948-4f3c-8f2d-8db64ee74a95	Solwezi	149ebcf3-95bc-4494-8ced-757d2ea88105	2024-06-07 14:52:19	2024-06-07 14:52:19
a9536585-7d7f-4444-b09d-51797fb68037	Kapiri Mposhi	149ebcf3-95bc-4494-8ced-757d2ea88105	2024-06-07 14:52:19	2024-06-07 14:52:19
ef89e884-4f07-4816-817f-a0f923e06749	Monze	149ebcf3-95bc-4494-8ced-757d2ea88105	2024-06-07 14:52:19	2024-06-07 14:52:19
cdafc39a-0b3d-4d37-95cc-11cbef4ce001	Harare	0f3dc30d-9ebf-4a28-b36c-09b98b7cbaf1	2024-06-07 14:52:19	2024-06-07 14:52:19
2a193899-3ea0-48f0-8848-f69b0b0267e0	Bulawayo	0f3dc30d-9ebf-4a28-b36c-09b98b7cbaf1	2024-06-07 14:52:19	2024-06-07 14:52:19
88c69f0d-64ec-42f4-b32d-52b3bcda5ac2	Chitungwiza	0f3dc30d-9ebf-4a28-b36c-09b98b7cbaf1	2024-06-07 14:52:19	2024-06-07 14:52:19
3d874d41-3dc0-41fd-a8f2-a9ed4901d64e	Mutare	0f3dc30d-9ebf-4a28-b36c-09b98b7cbaf1	2024-06-07 14:52:19	2024-06-07 14:52:19
4c82df5b-9d0d-4fcd-a257-dbb285638600	Gweru	0f3dc30d-9ebf-4a28-b36c-09b98b7cbaf1	2024-06-07 14:52:19	2024-06-07 14:52:19
ee3b4868-76a1-4625-8382-e7fdf85271d1	Epworth	0f3dc30d-9ebf-4a28-b36c-09b98b7cbaf1	2024-06-07 14:52:19	2024-06-07 14:52:19
a70e3477-b376-401d-a850-9dac4b636475	Kwekwe	0f3dc30d-9ebf-4a28-b36c-09b98b7cbaf1	2024-06-07 14:52:19	2024-06-07 14:52:19
26f6afc2-6c5f-4e42-948f-f5ddb430f124	Kadoma	0f3dc30d-9ebf-4a28-b36c-09b98b7cbaf1	2024-06-07 14:52:19	2024-06-07 14:52:19
36199675-f831-4460-9183-66832a2fbe17	Masvingo	0f3dc30d-9ebf-4a28-b36c-09b98b7cbaf1	2024-06-07 14:52:19	2024-06-07 14:52:19
5e048268-c01d-4073-b17c-bc434040f25a	Chinhoyi	0f3dc30d-9ebf-4a28-b36c-09b98b7cbaf1	2024-06-07 14:52:19	2024-06-07 14:52:19
68a10356-d9d3-457e-9d2c-fa63d9f63d33	Marondera	0f3dc30d-9ebf-4a28-b36c-09b98b7cbaf1	2024-06-07 14:52:19	2024-06-07 14:52:19
a0852e38-2615-434b-9e2c-da676a7e74b9	Norton	0f3dc30d-9ebf-4a28-b36c-09b98b7cbaf1	2024-06-07 14:52:19	2024-06-07 14:52:19
7366cea5-a723-497f-9eeb-cf3779f054e2	Chegutu	0f3dc30d-9ebf-4a28-b36c-09b98b7cbaf1	2024-06-07 14:52:19	2024-06-07 14:52:19
523a624c-8f55-475d-8f36-a78230f7a09d	Bindura	0f3dc30d-9ebf-4a28-b36c-09b98b7cbaf1	2024-06-07 14:52:19	2024-06-07 14:52:19
ab97de9e-93fd-4829-b7df-7fcfae1ae4ca	Zvishavane	0f3dc30d-9ebf-4a28-b36c-09b98b7cbaf1	2024-06-07 14:52:19	2024-06-07 14:52:19
22bdbaaf-3c1b-4628-b32f-a73eb1b0f795	Victoria Falls	0f3dc30d-9ebf-4a28-b36c-09b98b7cbaf1	2024-06-07 14:52:19	2024-06-07 14:52:19
b9ac8e59-3d42-4c35-9087-1799dbba5896	Hwange	0f3dc30d-9ebf-4a28-b36c-09b98b7cbaf1	2024-06-07 14:52:19	2024-06-07 14:52:19
aae6ce7f-2301-43ac-aa39-06b2d70b4de9	Redcliff	0f3dc30d-9ebf-4a28-b36c-09b98b7cbaf1	2024-06-07 14:52:19	2024-06-07 14:52:19
61a44775-d3d4-410b-a50a-b4ed33345db9	Rusape	0f3dc30d-9ebf-4a28-b36c-09b98b7cbaf1	2024-06-07 14:52:19	2024-06-07 14:52:19
c51d7fe4-a583-4955-a6aa-5e24ddac15f8	Beitbridge	0f3dc30d-9ebf-4a28-b36c-09b98b7cbaf1	2024-06-07 14:52:19	2024-06-07 14:52:19
\.


--
-- Data for Name: contacts; Type: TABLE DATA; Schema: public; Owner: postgres
--

COPY public.contacts (id, gender, "contactType", lastname, firstname, phone, email, customer, supplier, birthday, website, avatar, created_at, updated_at, currency_id) FROM stdin;
b8ebf202-895f-48ce-941b-340de603079a	\N	society	RAchid SA	\N	["21212121"]	agnes@netbyus.com	t	t	\N	\N	favicon-1717686558.png	2024-06-06 14:21:58	2024-06-06 15:09:18	\N
14548643-618a-4369-bedf-b838ada23861	male	society	Test 0	\N	[]	\N	t	f	\N	\N	\N	2024-06-08 11:38:35	2024-06-08 11:38:35	\N
74145c17-2443-41d1-b3e9-bcd0b57696ec	male	society	RAchid SA	\N	[]	\N	t	t	\N	\N	\N	2024-06-06 16:12:08	2024-06-06 16:12:08	\N
4549f167-3823-49e5-b538-7cdd5017333d	female	particular	Nom 13	Prenom 13	["21212133"]	mail23@test.com	t	f	1995-10-24		\N	2024-06-06 17:09:26	2024-06-06 17:09:26	\N
f617a55c-23c2-42ef-b37b-b699bf50ce95	female	particular	Nom 14	Prenom 14	["21212134"]	mail24@test.com	t	f	1995-10-25		\N	2024-06-06 17:09:26	2024-06-06 17:09:26	\N
96384956-71b9-4fbd-b6ac-0279be6f7d69	male	particular	Nom 15	Prenom 15	["21212135"]	mail25@test.com	f	f	1995-10-26		\N	2024-06-06 17:09:26	2024-06-06 17:09:26	\N
0a3431b2-b185-4ef8-a52c-40105d2c6dae	female	particular	Nom 16	Prenom 16	["21212136"]	mail62@test.com	t	f	1995-10-27		\N	2024-06-06 17:09:26	2024-06-06 17:09:26	\N
9b00dd6a-52f2-4f73-bc11-a4ad0bfd4c7f	male	particular	Nom 17	Prenom 17	["21212137"]	mail211@test.com	t	f	1995-10-28		\N	2024-06-06 17:09:26	2024-06-06 17:09:26	\N
5a9fccc1-6ba9-472b-8a25-7b2c9763b983	female	particular	Nom 18	Prenom 18	["21212138"]	maivl2@test.com	t	f	1995-10-29		\N	2024-06-06 17:09:26	2024-06-06 17:09:26	\N
c9293c86-e4a1-4fa7-998b-ff9d2bf5783a	female	particular	Nom 19	Prenom 19	["21212139"]	mailj2@test.com	f	f	1995-10-30		\N	2024-06-06 17:09:26	2024-06-06 17:09:26	\N
85529cbc-9cdc-4fdc-9168-2d11e21e0f9b	female	particular	Nom 20	Prenom 20	["21212140"]	maidl2@test.com	t	f	1995-10-31		\N	2024-06-06 17:09:26	2024-06-06 17:09:26	\N
8855aa94-8c6a-45db-8820-38999d7f1b8b	male	particular	Nom 21	Prenom 21	["21212141"]	maild2@test.com	t	f	1995-11-01		\N	2024-06-06 17:09:26	2024-06-06 17:09:26	\N
7d75f96e-bb02-4b3c-9192-e7f2c956dcb4	\N	society	SARL	\N	[null]	\N	t	f	\N	\N	unnamed-1717686592.png	2024-06-06 15:09:51	2024-06-07 11:36:13	\N
a6d15634-0000-459a-a46f-1b9dabbea4be	\N	society	SARL	\N	[null]	\N	t	f	\N	\N	login-1717683908.png	2024-06-06 14:25:07	2024-06-07 11:39:36	\N
c1942083-4e9b-4b98-bf38-00601b5f34e2	male	particular	KAKANAKOU	Cedric	[]	\N	t	f	\N	\N	\N	2024-06-10 19:15:07	2024-06-10 19:15:07	ee2d59c1-bcee-4e9d-a341-4319d0680ea1
6cfaee7c-cb3d-49c5-9b7e-65e8d1bce7e6	\N	society	SARL	\N	[null]	\N	t	f	\N	\N	espece-1717760430.png	2024-06-07 11:39:57	2024-06-07 11:40:30	\N
d3a462fc-7ed1-4aac-8842-cd83dbd3863d	male	particular	Dupont	Jean	["21212121"]	jean.dupont@example.com	t	f	1995-10-12 00:00:00	\N	\N	2024-06-06 16:58:42	2024-06-07 16:10:47	\N
430c9060-dc9e-4de4-8375-e0fe94b129ed	male	particular	Martin	Marie	["21212122"]	marie.martin@example.com	f	f	1995-10-13 00:00:00	\N	\N	2024-06-06 17:09:26	2024-06-07 16:11:27	\N
c871b600-956f-4438-ad71-6b7784492172	male	particular	DARWIN	NUNEZ	[]	\N	f	f	\N	\N	\N	2024-06-08 11:30:04	2024-06-11 14:47:17	\N
b7c47960-3aab-4944-8a14-b7cd0fcd3816	male	particular	IKIA	Deo	[]	\N	t	f	\N	\N	\N	2024-06-07 16:12:01	2024-06-07 16:12:01	\N
597c7b6e-bd47-44d9-b0e4-06bc0f4a1dc8	female	particular	Dubois	Sophie	["21212124"]	sophie.dubois@example.com	f	f	1995-10-15 00:00:00	\N	\N	2024-06-06 17:09:26	2024-06-07 16:13:10	\N
d7f81657-5bb5-43b5-a916-d0ccf108b7e1	male	particular	Lefevre	Paul	["21212125"]	paul.lefevre@example.com	t	f	1995-10-16 00:00:00	\N	\N	2024-06-06 17:09:26	2024-06-07 16:13:33	\N
3a2cb2e0-052a-45bf-a3bc-94543ec5df9d	female	particular	Moreau	Claire	["21212126"]	claire.moreau@example.com	f	f	1995-10-17 00:00:00	\N	\N	2024-06-06 17:09:26	2024-06-07 16:14:02	\N
507add60-124a-4dc2-aa7d-0a8094b2bbbf	male	particular	Simon	Pierre	["21212127"]	pierre.simon@example.com	t	f	1995-10-18 00:00:00	\N	\N	2024-06-06 17:09:26	2024-06-07 16:14:33	\N
099c840e-50c0-456a-9ef8-5e155e0938fa	female	particular	Laurent	Julie	["21212128"]	julie.laurent@example.com	f	f	1995-10-19 00:00:00	\N	\N	2024-06-06 17:09:26	2024-06-07 16:15:06	\N
e91cda39-54cb-4179-adc8-35eeaa3891f3	female	particular	Roux	Antoine	["21212129"]	antoine.roux@example.com	t	f	1995-10-20 00:00:00	\N	\N	2024-06-06 17:09:26	2024-06-07 16:15:31	\N
0bcaf5b0-a811-41df-a8ab-7d05aa43064f	female	particular	Fournier	Emma	["21212130"]	mma.fournier@example.com	t	f	1995-10-21 00:00:00	\N	\N	2024-06-06 17:09:26	2024-06-07 16:15:53	\N
c2e6e6e2-9fc3-4af3-9888-3899028e67ab	male	particular	Girard	Hugo	["21212131"]	hugo.girard@example.com	f	f	1995-10-22 00:00:00	\N	\N	2024-06-06 17:09:26	2024-06-07 16:16:19	\N
0e74db8b-8ef4-42d0-a2f1-0cb271c27233	female	particular	Durand	Chloe	["21212132"]	chloe.durand@example.com	t	f	1995-10-23 00:00:00	\N	\N	2024-06-06 17:09:26	2024-06-07 16:16:42	\N
881edef9-094b-4853-809e-6634d800f97f	female	particular	BROWN	Ruth	["22961000102"]	ruth@test.com	t	f	1995-10-12	\N	\N	2024-06-11 16:44:57	2024-06-11 16:44:57	\N
d5cc6f64-4742-4015-92c2-ec4afd22528c	male	particular	SED	Gaeff	[]	\N	t	f	\N	\N	\N	2024-06-12 10:25:49	2024-06-12 10:25:49	\N
08391773-c9e1-49e2-abc4-160baf686716	\N	society	LSHOP	\N	[null]	lshop@test.com	t	f	\N	\N	\N	2024-06-07 16:34:53	2024-06-07 16:35:23	\N
67ed9fb4-1fa9-40fb-be0e-dcfca2512990	male	particular	Cedric	KAKA	[]	\N	t	f	\N	\N	\N	2024-06-12 18:22:15	2024-06-12 18:22:15	\N
ea8df91e-eeaa-4a54-8b2c-8b82141684b8	\N	society	Thompson	\N	[null]	\N	t	t	\N	\N	capture-decran-du-2024-05-29-10-45-29-1717846885.png	2024-06-07 16:27:18	2024-06-08 11:41:25	\N
6c737367-3c88-47a7-975d-c8f303ca72de	female	particular	RILL	Mirabel	[null]	\N	f	t	\N	\N	\N	2024-06-07 16:28:40	2024-06-07 16:36:15	\N
f16f7283-ee90-4579-b841-d1008f6b6356	\N	society	Bernard	\N	["21212123"]	luc.bernard@example.com	t	f	1995-10-14 00:00:00	\N	\N	2024-06-06 17:09:26	2024-06-08 12:29:09	\N
67279831-d27c-41f8-a50d-dd95fc8c0a5d	male	society	LICHE	\N	[]	\N	t	f	\N	\N	\N	2024-06-08 12:34:32	2024-06-08 12:34:32	\N
b7138b9b-5ad5-4fce-8ad9-a2d4bddfa4c3	male	particular	AAvvvvvv	Agcc	["1111111111111"]	\N	t	f	\N	\N	invitation-mariage-1718380438.jpeg	2024-06-14 15:53:56	2024-06-14 16:00:45	\N
106d69e6-2b57-418f-85db-c87acf7d1500	male	particular	KAKA	BELD	[null]	\N	t	f	\N	\N	capture-decran-2023-09-08-112531-1719312392.png	2024-06-25 10:28:21	2024-06-25 10:46:32	\N
9f23167b-8814-4149-8ce1-1bc6e709cf8c	male	particular	AYAM	Raf	["22222222"]	ayam.raf@mail.com	t	f	1900-01-01		\N	2024-06-10 16:02:03	2024-06-10 16:02:03	\N
bf268018-e4ba-460b-bcd0-4f150ab4e13d	\N	society	NetbYus	\N	["+22969691212"]	test@mail.com	t	t	\N	\N	favicon-k-1718027920.png	2024-06-10 13:57:24	2024-06-10 16:23:38	525902f7-4afb-42af-ad95-1e9802a1b8ff
104faca0-0a32-46ee-b4fb-44d287548325	male	particular	ETS	tt	["21212121"]	ets@mail.com	t	f	1900-01-01		\N	2024-06-10 17:42:31	2024-06-10 17:42:31	\N
391a8449-8e96-4b9d-9b4b-9304f3c9c173	male	society	Devbyus	\N	[]	\N	f	f	\N	\N	\N	2024-06-10 18:29:18	2024-06-10 18:29:18	\N
60f4a074-4323-4900-be9a-c6208bdd0e23	female	particular	AquaLabs	Test	[null]	\N	t	t	\N	\N	\N	2024-06-07 16:34:00	2024-06-10 18:30:44	273952a6-9300-4672-b2ea-0b3118e30a02
\.


--
-- Data for Name: countries; Type: TABLE DATA; Schema: public; Owner: postgres
--

COPY public.countries (id, name, iso_alpha2, created_at, updated_at, currency_name, currency_symbol, symbol_native) FROM stdin;
1e8e60ec-582e-4b88-abec-bd9ba105c985	United States	US	2024-06-07 14:52:00	2024-06-07 14:52:00	US Dollar	$	$
19bb56e7-8a5d-4702-a74b-eb31c742e136	Canada	CA	2024-06-07 14:52:00	2024-06-07 14:52:00	Canadian Dollar	C$	$
82cc05c1-550e-425b-a965-250ea0190eda	Afghanistan	AF	2024-06-07 14:52:00	2024-06-07 14:52:00	Afghan afghani	؋	؋
b5389c92-1be8-43b6-a691-673677b345d4	Albania	AL	2024-06-07 14:52:00	2024-06-07 14:52:00	Albanian lek	Lek	Lek
25f236d7-8c5e-4fad-b1fa-47576bebcc78	Algeria	DZ	2024-06-07 14:52:00	2024-06-07 14:52:00	Algerian dinar	د.ج	د.ج
70f9f6a1-5b4b-4b9f-b652-0281db24e838	American Samoa	AS	2024-06-07 14:52:00	2024-06-07 14:52:00	United States Dollar	$	$
fa3aadd3-89b1-465a-ad9e-9ab5216318a2	Andorra	AD	2024-06-07 14:52:00	2024-06-07 14:52:00	Euro	€	€
71439411-87d1-4842-b82e-06576ff22ab1	Angola	AO	2024-06-07 14:52:00	2024-06-07 14:52:00	Angolan kwanza	Kz	Kz
5bd8c245-83be-441c-92d5-e01c47c13861	Anguilla	AI	2024-06-07 14:52:00	2024-06-07 14:52:00	East Caribbean dollar	$	$
6b6d3ef4-b11e-4b36-90e4-b8a6ba20aeb8	Antarctica	AQ	2024-06-07 14:52:00	2024-06-07 14:52:00	Antarctican dollar	$	$
00c677d7-b700-4829-8f74-f6ed1d781b91	Antigua and/or Barbuda	AG	2024-06-07 14:52:00	2024-06-07 14:52:00	East Caribbean Dollar	$	$
30627165-cbb2-4e87-a98c-0d75a24e8a63	Argentina	AR	2024-06-07 14:52:00	2024-06-07 14:52:00	Argentine peso	$	$
5201f677-189c-4fd7-9cdf-69f2d1113b04	Armenia	AM	2024-06-07 14:52:00	2024-06-07 14:52:00	Armenian dram	֏	֏
93c799da-5282-4f8a-aa88-0ab48443b665	Aruba	AW	2024-06-07 14:52:00	2024-06-07 14:52:00	Aruban florin	ƒ	ƒ
a34989f4-7aac-40ee-ad29-cf99ea97b0b5	Australia	AU	2024-06-07 14:52:00	2024-06-07 14:52:00	Australian dollar	$	$
f78683e9-e8f7-484e-886a-5769d3d74f81	Austria	AT	2024-06-07 14:52:00	2024-06-07 14:52:00	Euro	€	€
82f6cec3-9e74-4d53-b92f-3880e597b35e	Azerbaijan	AZ	2024-06-07 14:52:00	2024-06-07 14:52:00	Azerbaijani manat	₼	ман
351b4d7f-ce4a-4aea-b3cc-97fbd4d2cb48	Bahamas	BS	2024-06-07 14:52:00	2024-06-07 14:52:00	Bahamian dollar	$	$
4a10ec51-5114-46f0-bb29-a702de5cca27	Bahrain	BH	2024-06-07 14:52:01	2024-06-07 14:52:01	Bahraini dinar	.د.ب	د.ب
b7eb478c-805c-4429-b211-2ee8197c6b16	Bangladesh	BD	2024-06-07 14:52:01	2024-06-07 14:52:01	Bangladeshi taka	৳	৳
07c63549-f799-4ec4-8237-62731764b41e	Barbados	BB	2024-06-07 14:52:01	2024-06-07 14:52:01	Barbadian dollar	$	$
2b49c9e3-6d27-4e68-88a3-6909f91a8083	Belarus	BY	2024-06-07 14:52:01	2024-06-07 14:52:01	Belarusian ruble	Br	Br
5f18489a-6ef5-4d8d-9095-f2686647ce8d	Belgium	BE	2024-06-07 14:52:01	2024-06-07 14:52:01	Euro	€	€
d59fc9c9-e9f7-4017-91ce-28704e72e2e3	Belize	BZ	2024-06-07 14:52:01	2024-06-07 14:52:01	Belize dollar	$	$
225448f9-596e-4bbb-9620-2d64c29de46a	Benin	BJ	2024-06-07 14:52:01	2024-06-07 14:52:01	West African CFA franc	CFA	CFA
2466cf78-aec4-49d2-8f13-a1f57e00ac10	Bermuda	BM	2024-06-07 14:52:01	2024-06-07 14:52:01	Bermudian dollar	$	$
335605ee-d086-4205-bb27-0335af72e87a	Bhutan	BT	2024-06-07 14:52:01	2024-06-07 14:52:01	Bhutanese ngultrum	Nu.	Nu.
a26de062-564d-432a-89e8-25c670378a93	Bolivia	BO	2024-06-07 14:52:01	2024-06-07 14:52:01	Bolivian boliviano	Bs.	Bs.
7e973238-f821-4476-99f8-8902308894b4	Bosnia and Herzegovina	BA	2024-06-07 14:52:01	2024-06-07 14:52:01	Bosnia and Herzegovina convertible mark	KM	KM
7d386331-ea60-4306-9107-edfb84fe70d7	Botswana	BW	2024-06-07 14:52:01	2024-06-07 14:52:01	Botswana Pula	P	P
b2b4cbe1-6565-43de-b88d-37f72afe021c	Bouvet Island	BV	2024-06-07 14:52:01	2024-06-07 14:52:01	Norwegian Krone	kr	kr
be0981e4-c8d0-4fac-b57d-160874a85b78	Brazil	BR	2024-06-07 14:52:01	2024-06-07 14:52:01	Brazilian Real	R$	R$
83b77f39-6d3d-4e92-a2e8-dd83b5cb3bb2	British Indian Ocean Territory	IO	2024-06-07 14:52:01	2024-06-07 14:52:01	United States Dollar	$	$
f92c4d41-16df-4d8c-8a53-7a48e920bfc6	Brunei Darussalam	BN	2024-06-07 14:52:01	2024-06-07 14:52:01	Brunei Dollar	$	$
96a48c19-18f8-4b37-b9b4-0f883f8ab487	Bulgaria	BG	2024-06-07 14:52:01	2024-06-07 14:52:01	Bulgarian Lev	лв	лв
a3195663-2b5b-415b-b9c2-2d168e08937e	Burkina Faso	BF	2024-06-07 14:52:01	2024-06-07 14:52:01	West African CFA franc	CFA	CFA
a409f574-27eb-4c86-a01d-2b385013178e	Burundi	BI	2024-06-07 14:52:01	2024-06-07 14:52:01	Burundi Franc	FBu	FBu
c7cd3935-9d22-4f83-b64d-fec52f5f6321	Cambodia	KH	2024-06-07 14:52:01	2024-06-07 14:52:01	Cambodian Riel	៛	៛
eb338448-95b4-4949-bb3e-4b4f5d14231c	Cameroon	CM	2024-06-07 14:52:01	2024-06-07 14:52:01	Central African CFA franc	FCFA	FCFA
29d59855-c37c-409e-8339-5842dc5233fb	Cap-Vert	CV	2024-06-07 14:52:01	2024-06-07 14:52:01	Cape Verdean Escudo	Esc	Esc
d0f973fd-20c6-49ed-bbab-56791b9ce8a4	Cayman Islands	KY	2024-06-07 14:52:01	2024-06-07 14:52:01	Cayman Islands Dollar	$	$
c2cc02d9-5537-46a6-a360-b7849870a07c	Central African Republic	CF	2024-06-07 14:52:01	2024-06-07 14:52:01	Central African CFA franc	FCFA	FCFA
01c17f5e-32ca-436b-97a1-b2fea2ac263d	Tchad	TD	2024-06-07 14:52:01	2024-06-07 14:52:01	Central African CFA franc	FCFA	FCFA
dbc91a5e-3252-41fb-beaa-976ca78aebf1	Chili	CL	2024-06-07 14:52:01	2024-06-07 14:52:01	Chilean Peso	$	$
ea1c8dd9-1aef-4d50-9c15-b265c14b209a	Chine	CN	2024-06-07 14:52:01	2024-06-07 14:52:01	Chinese Yuan Renminbi	¥	¥
a3f20cb1-d4d0-4839-9ad5-93cb44f91454	Christmas Island	CX	2024-06-07 14:52:01	2024-06-07 14:52:01	Australian Dollar	$	$
623b655f-2b92-49d6-9e42-1a699c95788f	Cocos (Keeling) Islands	CC	2024-06-07 14:52:01	2024-06-07 14:52:01	Australian Dollar	$	$
72220a35-80e4-4a13-8a5d-2befcd5971e4	Colombia	CO	2024-06-07 14:52:01	2024-06-07 14:52:01	Colombian Peso	$	$
39142929-6226-40a0-a363-4298dd6413d4	Comoros	KM	2024-06-07 14:52:01	2024-06-07 14:52:01	Comorian Franc	CF	CF
fe3fe642-fd11-4824-9637-c833367701a2	Congo-Brazzaville	CG	2024-06-07 14:52:01	2024-06-07 14:52:01	Central African CFA Franc	Fr	FCFA
67aa454a-7b25-4fa0-976d-03f9bd59869c	Congo-Kinshasa	CG	2024-06-07 14:52:01	2024-06-07 14:52:01	Central African CFA Franc	Fr	FCFA
e3ba9c48-43a0-4b76-a6b1-754ce61f7b99	Cook Islands	CK	2024-06-07 14:52:01	2024-06-07 14:52:01	New Zealand Dollar	$	$
b182f645-b020-4b80-ae75-9db5eb3b4e15	Costa Rica	CR	2024-06-07 14:52:01	2024-06-07 14:52:01	Costa Rican Colon	₡	₡
e5c9b87d-b7e7-46df-b547-ab6f9ca8a594	Croatia (Hrvatska)	HR	2024-06-07 14:52:01	2024-06-07 14:52:01	Croatian Kuna	kn	kn
c47a61b1-657d-4b9c-b5f8-0067f0ae6680	Cuba	CU	2024-06-07 14:52:01	2024-06-07 14:52:01	Cuban Peso	$	$
f48ebab1-abb2-4125-a074-cbace4ec995a	Cyprus	CY	2024-06-07 14:52:01	2024-06-07 14:52:01	Euro	€	€
d610d2f4-43bd-4aa8-adb9-cc2cb3fb2d19	Czech Republic	CZ	2024-06-07 14:52:01	2024-06-07 14:52:01	Czech Koruna	Kč	Kč
8a4d5787-54c3-4e12-b5bb-234bde540be0	Denmark	DK	2024-06-07 14:52:01	2024-06-07 14:52:01	Danish Krone	kr	kr
dd53af36-4be7-4f8d-b85b-ac75b6557547	Djibouti	DJ	2024-06-07 14:52:01	2024-06-07 14:52:01	Djiboutian Franc	Fdj	Fdj
b6db8790-d14e-4822-a0a0-738132f22999	Dominica	DM	2024-06-07 14:52:01	2024-06-07 14:52:01	Eastern Caribbean Dollar	$	$
90f3a318-9f44-4444-b574-e20e68cdfc36	Dominican Republic	DO	2024-06-07 14:52:01	2024-06-07 14:52:01	Dominican Peso	RD$	RD$
15ff1ee9-ec33-4f95-bbc4-b99a2999f793	East Timor	TL	2024-06-07 14:52:01	2024-06-07 14:52:01	United States Dollar	$	$
23daa7da-8d40-448d-abc4-7dd7fb242c89	Ecuador	EC	2024-06-07 14:52:01	2024-06-07 14:52:01	United States Dollar	$	$
54f98594-aa6e-4072-b7fb-b72aecd26cee	Egypt	EG	2024-06-07 14:52:01	2024-06-07 14:52:01	Egyptian Pound	E£	ج.م.‏
4f44ed82-e57e-4d24-bf83-a33c2220ec67	El Salvador	SV	2024-06-07 14:52:01	2024-06-07 14:52:01	United States Dollar	$	$
290e3647-5b9d-4f06-8461-8c58bf88f865	Equatorial Guinea	GQ	2024-06-07 14:52:01	2024-06-07 14:52:01	Central African CFA Franc	FCFA	FCFA
31671f1d-0187-4593-939c-40db53ed93df	Eritrea	ER	2024-06-07 14:52:01	2024-06-07 14:52:01	Eritrean Nakfa	Nfk	Nfk
0ed6fe8e-a587-4064-9b84-8cab02a7dd5c	Estonia	EE	2024-06-07 14:52:01	2024-06-07 14:52:01	Euro	€	€
e3d1de65-016d-495b-a14d-6b021822e1d1	Ethiopia	ET	2024-06-07 14:52:01	2024-06-07 14:52:01	Ethiopian Birr	Br	Br
c3f8c341-7a9c-452a-9b0f-84bdb57262b7	Falkland Islands (Malvinas)	FK	2024-06-07 14:52:01	2024-06-07 14:52:01	Falkland Islands Pound	£	£
8260047f-78db-4b51-8651-92bd594e87a4	Faroe Islands	FO	2024-06-07 14:52:01	2024-06-07 14:52:01	Danish Krone	kr	kr
3e984589-75e1-45b2-ab18-e4d7d330cc0a	Fiji	FJ	2024-06-07 14:52:01	2024-06-07 14:52:01	Fijian Dollar	FJ$	FJ$
48aeb2c9-ce85-4c30-b3ad-56b22eb99c71	Finland	FI	2024-06-07 14:52:01	2024-06-07 14:52:01	Euro	€	€
e8c50335-4b3b-44e4-aab4-e8d5dac32f1d	France	FR	2024-06-07 14:52:01	2024-06-07 14:52:01	Euro	€	€
2797fdac-6acf-49b7-9780-b59e6177f8c4	French Guiana	GF	2024-06-07 14:52:01	2024-06-07 14:52:01	Euro	€	€
32fbbcb7-1b31-41e0-aed0-6db6603f2499	French Polynesia	PF	2024-06-07 14:52:01	2024-06-07 14:52:01	CFP Franc	Fr	Fr
5f68cf99-36fb-415d-a856-ec22d4bc9792	French Southern Territories	TF	2024-06-07 14:52:01	2024-06-07 14:52:01	Euro	€	€
69c147f5-6fac-4666-ad3d-a292c266757b	Gabon	GA	2024-06-07 14:52:01	2024-06-07 14:52:01	Central African CFA Franc	Fr	FCFA
070dbb91-ffe2-4c51-b212-045a894459c8	Gambia	GM	2024-06-07 14:52:01	2024-06-07 14:52:01	Gambian Dalasi	D	D
d91e12a8-7221-4e91-af19-8d30d01cb9be	Georgia	GE	2024-06-07 14:52:01	2024-06-07 14:52:01	Georgian Lari	₾	₾
368e5419-ca55-4c33-a190-4bd6595b91ca	Germany	DE	2024-06-07 14:52:01	2024-06-07 14:52:01	Euro	€	€
ca2a8e2c-1b48-4665-b7ca-8ddaf80c1729	Ghana	GH	2024-06-07 14:52:01	2024-06-07 14:52:01	Ghanaian Cedi	₵	₵
d0cf2722-a3f6-4bce-9fd0-ffd06f441567	Gibraltar	GI	2024-06-07 14:52:01	2024-06-07 14:52:01	Gibraltar Pound	£	£
b3c349ee-ff5f-4659-9740-dccc7ad631f3	Greece	GR	2024-06-07 14:52:01	2024-06-07 14:52:01	Euro	€	€
b25b4d95-4ac5-412e-88ce-f98f92f30ac4	Greenland	GL	2024-06-07 14:52:01	2024-06-07 14:52:01	Danish Krone	kr	kr
85cef068-4b78-4f1e-8c56-62163196abe1	Grenada	GD	2024-06-07 14:52:01	2024-06-07 14:52:01	East Caribbean Dollar	$	$
b444f198-458d-4d6e-9444-ecd7261ad51e	Guadeloupe	GP	2024-06-07 14:52:01	2024-06-07 14:52:01	Euro	€	€
1242e0d7-58cb-4cc4-ae51-7bd1f442e1b3	Guam	GU	2024-06-07 14:52:01	2024-06-07 14:52:01	United States Dollar	$	$
5f4536d7-2dec-44cc-a628-26c834aa689d	Guatemala	GT	2024-06-07 14:52:01	2024-06-07 14:52:01	Guatemalan Quetzal	Q	Q
f95b6ef9-e63e-4596-a69d-6651cba45a02	Guinea	GN	2024-06-07 14:52:01	2024-06-07 14:52:01	Guinean Franc	FG	FG
ed1038b0-9b38-4b3d-a5ac-2f89f370716f	Guinea-Bissau	GW	2024-06-07 14:52:01	2024-06-07 14:52:01	West African CFA franc	CFA	CFA
16d42142-c2ee-48fe-ba57-c839f769bfd9	Guyana	GY	2024-06-07 14:52:01	2024-06-07 14:52:01	Guyanaese Dollar	$	$
00d92f17-e882-42dd-8f54-3cd0c6cc6c82	Haiti	HT	2024-06-07 14:52:01	2024-06-07 14:52:01	Haitian gourde	G	G
ae8d098a-2846-4e22-928c-1092011c4539	Heard and Mc Donald Islands	HM	2024-06-07 14:52:01	2024-06-07 14:52:01			
7760599d-eab0-4b14-92c4-fee5c5354b76	Honduras	HN	2024-06-07 14:52:01	2024-06-07 14:52:01	Honduran Lempira	L	L
3c7ae739-a200-4cf0-b383-9127284c9345	Hong Kong	HK	2024-06-07 14:52:01	2024-06-07 14:52:01	Hong Kong Dollar	$	$
a04a2096-e5ef-468b-800f-c4d6408cedda	Hungary	HU	2024-06-07 14:52:01	2024-06-07 14:52:01	Hungarian Forint	Ft	Ft
e4234110-b561-4d5a-b6c5-01cb1795b414	Iceland	IS	2024-06-07 14:52:01	2024-06-07 14:52:01	Icelandic Króna	kr	kr
6550c1b2-bccb-4337-83b0-13bfbc8e3438	India	IN	2024-06-07 14:52:01	2024-06-07 14:52:01	Indian Rupee	₹	টকা
d66a1209-0340-4e98-b666-e02fc2dbe519	Indonesia	ID	2024-06-07 14:52:01	2024-06-07 14:52:01	Indonesian Rupiah	Rp	Rp
0ca548e9-6d82-45b2-bdf2-a5734627aebd	Iran (Islamic Republic of)	IR	2024-06-07 14:52:01	2024-06-07 14:52:01	Iranian Rial	﷼	﷼
df613b93-24ca-4e99-ad5b-945012091dd2	Iraq	IQ	2024-06-07 14:52:01	2024-06-07 14:52:01	Iraqi Dinar	د.ع.	د.ع.
0ce31005-1e64-47e0-99d1-b5f5158e1d41	Ireland	IE	2024-06-07 14:52:01	2024-06-07 14:52:01	Euro	€	€
f3d6134a-cba3-4aca-8c36-812016fc18ca	Israel	IL	2024-06-07 14:52:01	2024-06-07 14:52:01	Israeli New Sheqel	₪	₪
1db473e3-7b34-408c-afee-ddf339c343d9	Italy	IT	2024-06-07 14:52:01	2024-06-07 14:52:01	Euro	€	€
68c45c95-5c3a-43ed-b50d-970f59c02403	Ivory Coast	CI	2024-06-07 14:52:01	2024-06-07 14:52:01	West African CFA franc	CFA	CFA
ad60394e-728a-4dc5-b833-95adb9875a67	Jamaica	JM	2024-06-07 14:52:01	2024-06-07 14:52:01	Jamaican dollar	J$	$
da48ae7c-9862-44d6-8669-8a12c6d12394	Japan	JP	2024-06-07 14:52:01	2024-06-07 14:52:01	Japanese yen	¥	￥
25f03913-9266-4314-83f2-8a8fff6668fb	Jordan	JO	2024-06-07 14:52:01	2024-06-07 14:52:01	Jordanian dinar	JD	د.أ.
a5a52c18-23f2-4fc4-82ad-6350d404fc24	Kazakhstan	KZ	2024-06-07 14:52:01	2024-06-07 14:52:01	Kazakhstani tenge	₸	₸
9a133b32-b2d2-4572-bc30-974517311658	Kenya	KE	2024-06-07 14:52:01	2024-06-07 14:52:01	Kenyan shilling	KSh	KSh
62e363f5-3e1e-4a76-9baa-168b65df91f8	Kiribati	KI	2024-06-07 14:52:01	2024-06-07 14:52:01	Australian dollar	$	$
323e4263-e96e-4b9c-9335-c68de916c735	Korea, Democratic People's Republic of	KP	2024-06-07 14:52:01	2024-06-07 14:52:01	North Korean won	₩	₩
28d1b4f7-93bf-4014-b2c2-fcd0a7258735	Korea, Republic of	KR	2024-06-07 14:52:01	2024-06-07 14:52:01	South Korean won	₩	₩
e12b921c-08eb-4963-9c7b-f1a552537ed3	Kuwait	KW	2024-06-07 14:52:01	2024-06-07 14:52:01	Kuwaiti dinar	د.ك	د.ك
5565d35d-0a12-4600-88ca-10828de0f42e	Kyrgyzstan	KG	2024-06-07 14:52:01	2024-06-07 14:52:01	Kyrgyzstani som	сом	сом
e4a1ee0c-cab6-4fea-b621-9a751cb21060	Lao People's Democratic Republic	LA	2024-06-07 14:52:01	2024-06-07 14:52:01	Lao kip	₭	₭
5c300332-f493-48dc-b161-a09a9ae0f3dc	Latvia	LV	2024-06-07 14:52:01	2024-06-07 14:52:01	Euro	€	€
06a8ebff-7db8-4f32-98ce-e923129cbe24	Lebanon	LB	2024-06-07 14:52:01	2024-06-07 14:52:01	Lebanese pound	ل.ل	ل.ل
b75a5164-6381-4cd6-a106-c0ab1e1b3e8c	Lesotho	LS	2024-06-07 14:52:01	2024-06-07 14:52:01	Lesotho loti	L	L
e616e69a-8ece-49bf-9953-2e7e58eae47f	Liberia	LR	2024-06-07 14:52:01	2024-06-07 14:52:01	Liberian dollar	$	$
576d0fc3-ca25-4200-ad08-0e9a72ae0822	Libyan Arab Jamahiriya	LY	2024-06-07 14:52:01	2024-06-07 14:52:01	Libyan dinar	ل.د	د.ل.
3cede7cc-996b-4618-9604-fd94112c923c	Liechtenstein	LI	2024-06-07 14:52:01	2024-06-07 14:52:01	Swiss franc	CHF	CHF
2385b537-a45a-4818-8379-5fb3bf561171	Lithuania	LT	2024-06-07 14:52:01	2024-06-07 14:52:01	Euro	€	€
ee8f2a0e-f867-4202-9de2-16021a5d03e7	Luxembourg	LU	2024-06-07 14:52:01	2024-06-07 14:52:01	Euro	€	€
c968deb6-7286-4e5e-b836-34a66a1fd6b1	Macau	MO	2024-06-07 14:52:01	2024-06-07 14:52:01	Macanese pataca	MOP$	MOP$
47c8fd16-fa32-4d10-9612-beff19639ce2	Macedonia	MK	2024-06-07 14:52:01	2024-06-07 14:52:01	Macedonian denar	ден	ден
93a867a9-485f-41c7-8a4a-ab2841717985	Madagascar	MG	2024-06-07 14:52:01	2024-06-07 14:52:01	Malagasy Ariary	Ar	Ar
644a783c-4d60-4340-bc42-e4b6da8308e3	Malawi	MW	2024-06-07 14:52:01	2024-06-07 14:52:01	Malawian Kwacha	MK	MK
fbcd4a12-0eb1-4681-ab28-fef3d167d152	Malaysia	MY	2024-06-07 14:52:01	2024-06-07 14:52:01	Malaysian Ringgit	RM	RM
10bfa98f-ee5f-4089-b2b0-b36bbe5054b7	Maldives	MV	2024-06-07 14:52:01	2024-06-07 14:52:01	Maldivian Rufiyaa	MVR	ރ.
34622cbc-0006-4907-b1d5-d889ae6af1a9	Mali	ML	2024-06-07 14:52:01	2024-06-07 14:52:01	West African CFA franc	CFA	CFA
b4b06dfe-136f-405e-8345-d3a2ec7426f4	Malta	MT	2024-06-07 14:52:01	2024-06-07 14:52:01	Euro	€	€
ba0620bc-6d26-408b-b5b0-34c5b327f28e	Marshall Islands	MH	2024-06-07 14:52:01	2024-06-07 14:52:01	United States Dollar	$	$
82c42d15-1efd-49c5-8538-96579017bea8	Martinique	MQ	2024-06-07 14:52:01	2024-06-07 14:52:01	Euro	€	€
6cb5d2a0-8f84-4593-a814-0edfe2f9f42a	Mauritania	MR	2024-06-07 14:52:01	2024-06-07 14:52:01	Mauritanian Ouguiya	UM	أ.م.
9e7d51aa-48bd-4f04-bd90-f3b918b48add	Mauritius	MU	2024-06-07 14:52:01	2024-06-07 14:52:01	Mauritian Rupee	₨	₨
aa60931b-05a5-4a3c-a3b9-dede1f96f734	Mayotte	YT	2024-06-07 14:52:01	2024-06-07 14:52:01	Euro	€	€
15a5f6cb-64e1-4818-820d-73414229eb34	Mexico	MX	2024-06-07 14:52:01	2024-06-07 14:52:01	Mexican Peso	$	$
41ffa75d-14c3-42a5-b172-6b5c99adc2db	Micronesia, Federated States of	FM	2024-06-07 14:52:01	2024-06-07 14:52:01	United States Dollar	$	$
895a1f80-daef-4cf7-8984-e17495c5ab81	Moldova, Republic of	MD	2024-06-07 14:52:01	2024-06-07 14:52:01	Moldovan Leu	L	L
a4e4c38c-1e65-4352-b2d8-edaac919abe8	Monaco	MC	2024-06-07 14:52:02	2024-06-07 14:52:02	Euro	€	€
8d2d17dc-71c5-43b6-9519-dbb18af812de	Mongolia	MN	2024-06-07 14:52:02	2024-06-07 14:52:02	Mongolian Tögrög	₮	₮
23548c1b-ed32-46c6-99ce-75e1df645cbb	Montserrat	MS	2024-06-07 14:52:02	2024-06-07 14:52:02	East Caribbean Dollar	$	$
b7850678-98b0-4bd1-ba21-a73ea803663b	Morocco	MA	2024-06-07 14:52:02	2024-06-07 14:52:02	Moroccan Dirham	د.م.	د.م.‏
890bc440-1f29-43bf-8e72-3de10a3bcd9c	Mozambique	MZ	2024-06-07 14:52:02	2024-06-07 14:52:02	Mozambican metical	MT	MTn
d464970d-7f6d-4aa8-af86-609f22963ec0	Myanmar	MM	2024-06-07 14:52:02	2024-06-07 14:52:02	Burmese kyat	K	K
fcd0863a-28bf-4242-9e18-18673bb34175	Namibia	NA	2024-06-07 14:52:02	2024-06-07 14:52:02	Namibian dollar	$	N$
098df99d-5179-49d0-ad06-c56312358a34	Nauru	NR	2024-06-07 14:52:02	2024-06-07 14:52:02	Australian dollar	$	$
a5b4b5c4-b806-4e35-8bf5-425325f1643e	Nepal	NP	2024-06-07 14:52:02	2024-06-07 14:52:02	Nepalese rupee	₨	नेरू
d3153d1a-afe4-4dd6-920a-68fe49e55be8	Netherlands	NL	2024-06-07 14:52:02	2024-06-07 14:52:02	Euro	€	€
2c6220e7-991d-42a2-9ba8-79f219fc8a2c	Netherlands Antilles	AN	2024-06-07 14:52:02	2024-06-07 14:52:02	Netherlands Antillean guilder	ƒ	ƒ
a83dfbb9-192e-4aa2-a6c9-185a91697df9	New Caledonia	NC	2024-06-07 14:52:02	2024-06-07 14:52:02	CFP franc	₣	₣
11b38b8c-9024-410e-b071-889cfc5fd1c1	New Zealand	NZ	2024-06-07 14:52:02	2024-06-07 14:52:02	New Zealand Dollar	$	$
9f36b784-2647-4add-80d9-a9a9794dd26c	Nicaragua	NI	2024-06-07 14:52:02	2024-06-07 14:52:02	Nicaraguan Cordoba	C$	C$
96f6a4bc-e70a-4c1b-a29b-07f7b54ea7c6	Niger	NE	2024-06-07 14:52:02	2024-06-07 14:52:02	West African CFA franc	CFA	CFA
993bc282-d1d8-4f8a-b168-a2180bd59cde	Nigeria	NG	2024-06-07 14:52:02	2024-06-07 14:52:02	Nigerian Naira	₦	₦
555831e5-7d35-455e-8c0e-715ae95de6ac	Niue	NU	2024-06-07 14:52:02	2024-06-07 14:52:02	New Zealand Dollar	$	$
e711c793-f735-42af-aea1-80afc1e4c3e2	Norfork Island	NF	2024-06-07 14:52:02	2024-06-07 14:52:02	Australian Dollar	$	$
e3571e8a-6e22-4b77-94d6-93b5de6558ad	Northern Mariana Islands	MP	2024-06-07 14:52:02	2024-06-07 14:52:02	United States Dollar	$	$
7f81b733-b665-4e4f-bbb0-1ad241a79ff5	Norway	NO	2024-06-07 14:52:02	2024-06-07 14:52:02	Norwegian Krone	kr	kr
fc9bebc8-a241-410a-bd5c-6fb0931cd4db	Oman	OM	2024-06-07 14:52:02	2024-06-07 14:52:02	Omani Rial	ر.ع.	ر.ع.
bb1c3903-b535-4f1e-bf62-22f108315e2a	Pakistan	PK	2024-06-07 14:52:02	2024-06-07 14:52:02	Pakistani Rupee	₨	₨
9204d3ce-4b20-4e24-a6d7-ddd1809753da	Palau	PW	2024-06-07 14:52:02	2024-06-07 14:52:02	United States Dollar	$	$
2e5d751c-f21d-4564-adc1-a590136f63f9	Panama	PA	2024-06-07 14:52:02	2024-06-07 14:52:02	Panamanian Balboa	B/.	B/.
9d0d8fad-d867-4fe5-b3d5-2c08faba54a4	Papua New Guinea	PG	2024-06-07 14:52:02	2024-06-07 14:52:02	Papua New Guinean Kina	K	K
817ba68c-e3f0-401d-93bf-d6e93b9bfe3a	Paraguay	PY	2024-06-07 14:52:02	2024-06-07 14:52:02	Paraguayan Guarani	₲	₲
e0a876ef-8fbb-48c5-b3e8-a6e65e33e489	Peru	PE	2024-06-07 14:52:02	2024-06-07 14:52:02	Peruvian Sol	S/.	S/.
2151cbb6-850a-4919-8095-60f469b4fc44	Philippines	PH	2024-06-07 14:52:02	2024-06-07 14:52:02	Philippine Peso	₱	₱
7379ecff-3fc9-4dca-b604-3de8f5c0e059	Pitcairn	PN	2024-06-07 14:52:02	2024-06-07 14:52:02	New Zealand Dollar	$	$
bd7d2345-ffed-40b2-91ed-9ced4fefc18b	Poland	PL	2024-06-07 14:52:02	2024-06-07 14:52:02	Polish Zloty	zł	zł
4c59e794-4912-494f-a38e-efe4a1c89da5	Portugal	PT	2024-06-07 14:52:02	2024-06-07 14:52:02	Euro	€	€
656f30b0-1f12-4b4a-86aa-d788f5fa25e5	Puerto Rico	PR	2024-06-07 14:52:02	2024-06-07 14:52:02	United States Dollar	$	$
51c2d39b-f7c3-4099-8b65-b6493e45602e	Qatar	QA	2024-06-07 14:52:02	2024-06-07 14:52:02	Qatari Riyal	﷼	ر.ق
744086d1-f70e-41fb-9bee-8898f27354b0	Republic of South Sudan	SD	2024-06-07 14:52:02	2024-06-07 14:52:02	South Sudanese Pound	SSP	ج.س.
bb9b1915-ffb7-4723-9bf4-bc750673d341	Reunion	RE	2024-06-07 14:52:02	2024-06-07 14:52:02	Euro	€	€
5cfc5d7d-09bb-4901-b44b-a0304feee673	Romania	RO	2024-06-07 14:52:02	2024-06-07 14:52:02	Romanian Leu	lei	lei
5c227e19-677d-4817-83bd-b61b69c9e015	Russian Federation	RU	2024-06-07 14:52:02	2024-06-07 14:52:02	Russian ruble	₽	₽
6ea2d17c-0344-4723-bd3e-67fa78b5adf5	Rwanda	RW	2024-06-07 14:52:02	2024-06-07 14:52:02	Rwandan franc	FRw	FRw
fe47fb78-a151-451d-b57e-03eb46b0f4c1	Saint Kitts and Nevis	KN	2024-06-07 14:52:02	2024-06-07 14:52:02	East Caribbean dollar	$	$
23595379-cfd1-456b-bbb2-d749d781d097	Saint Lucia	LC	2024-06-07 14:52:02	2024-06-07 14:52:02	East Caribbean dollar	$	$
e77f9f8b-127d-492c-a6af-fb59556d28e8	Saint Vincent and the Grenadines	VC	2024-06-07 14:52:02	2024-06-07 14:52:02	East Caribbean dollar	$	$
9c783157-b2a7-4ea9-bfdc-9478dc7f5420	Samoa	WS	2024-06-07 14:52:02	2024-06-07 14:52:02	Samoan tala	WS$	WS$
fe190261-e368-4841-9c2c-91e68f2fdb10	San Marino	SM	2024-06-07 14:52:02	2024-06-07 14:52:02	Euro	€	€
d8b14136-158a-486c-8149-ad96dc61b4d7	Sao Tome and Principe	ST	2024-06-07 14:52:02	2024-06-07 14:52:02	São Tomé and Príncipe dobra	Db	Db
8ac0ef72-ebcd-43ae-9b69-2601e3518e21	Saudi Arabia	SA	2024-06-07 14:52:02	2024-06-07 14:52:02	Saudi riyal	﷼	ر.س.‏
bcae748d-ec37-4a42-84f2-de602d38fe48	Senegal	SN	2024-06-07 14:52:02	2024-06-07 14:52:02	West African CFA franc	CFA	CFA
9e5eb1f6-83e2-4a44-b5d4-7fd6f3af8a06	Serbia	CS	2024-06-07 14:52:02	2024-06-07 14:52:02	Serbian dinar	дин.	дин.
cb3c1690-83e9-46be-9952-3751cfd95e6c	Seychelles	SC	2024-06-07 14:52:02	2024-06-07 14:52:02	Seychellois Rupee	SCR	SCR
fbd69f35-f421-4771-bd24-bda4afba8ad7	Sierra Leone	SL	2024-06-07 14:52:02	2024-06-07 14:52:02	Sierra Leonean Leone	Le	Le
70b33241-c44d-48d1-96aa-6c8f9aa2ad3e	Singapore	SG	2024-06-07 14:52:02	2024-06-07 14:52:02	Singapore Dollar	$	$
01ce3870-9aea-454d-a60e-4e05f15d3c2a	Slovakia	SK	2024-06-07 14:52:02	2024-06-07 14:52:02	Euro	€	€
bb9f36fa-e1ec-40d1-ae09-42c029434cbb	Slovenia	SI	2024-06-07 14:52:02	2024-06-07 14:52:02	Euro	€	€
3c80e128-348d-49e8-bce6-bd9c082e315b	Solomon Islands	SB	2024-06-07 14:52:02	2024-06-07 14:52:02	Solomon Islands Dollar	$	$
de1908ed-2390-4c2e-a4b7-096b4860f13c	Somalia	SO	2024-06-07 14:52:02	2024-06-07 14:52:02	Somali Shilling	Sh	Sh
ff6be326-f5a7-47b0-ab6b-e7e6b7d663cb	South Africa	ZA	2024-06-07 14:52:02	2024-06-07 14:52:02	South African Rand	R	R
255e6736-dc5e-44fa-8d2c-2ca266a75395	South Georgia South Sandwich Islands	GS	2024-06-07 14:52:02	2024-06-07 14:52:02	British Pound	£	£
b008b8c4-e5fd-47fb-acbb-72edd726b2ca	Spain	ES	2024-06-07 14:52:02	2024-06-07 14:52:02	Euro	€	€
0dcf8089-56f2-4d5a-befd-e063cb2c9f94	Sri Lanka	LK	2024-06-07 14:52:02	2024-06-07 14:52:02	Sri Lankan Rupee	Rs.	රු.
3fcc81d6-6fce-4d04-b87f-8ca01b30b417	St. Helena	SH	2024-06-07 14:52:02	2024-06-07 14:52:02	Saint Helena Pound	£	£
4ca502c1-66ea-4728-80a4-44171d02556b	St. Pierre and Miquelon	PM	2024-06-07 14:52:02	2024-06-07 14:52:02	Euro	€	€
5c76ef68-19b5-4803-a9ef-c6f03fc25053	Sudan	SD	2024-06-07 14:52:02	2024-06-07 14:52:02	Sudanese pound	SDG	ج.س.
6edd61a2-9179-44c2-9ba1-6badfbf8afd3	Suriname	SR	2024-06-07 14:52:02	2024-06-07 14:52:02	Surinamese dollar	$	$
e6be295e-1a69-4e20-a3cd-a4f183d7f494	Svalbarn and Jan Mayen Islands	SJ	2024-06-07 14:52:02	2024-06-07 14:52:02	Norwegian krone	kr	kr
1fbe6504-4834-4bf5-87c6-f15b89562552	Swaziland	SZ	2024-06-07 14:52:02	2024-06-07 14:52:02	Swazi lilangeni	L	E
32acad41-cc28-4315-9941-8f0307dc1f57	Sweden	SE	2024-06-07 14:52:02	2024-06-07 14:52:02	Swedish krona	kr	kr
6f91e7c8-e092-423d-a248-52cc24bc66b4	Switzerland	CH	2024-06-07 14:52:02	2024-06-07 14:52:02	Swiss franc	CHF	CHF
3005f455-ae05-431f-a4ff-03abf26df2f5	Syrian Arab Republic	SY	2024-06-07 14:52:02	2024-06-07 14:52:02	Syrian pound	SYP	ل.س.
637731e9-7c5b-47fb-b003-89e48bcb8314	Taiwan	TW	2024-06-07 14:52:02	2024-06-07 14:52:02	New Taiwan dollar	$	NT$
34e9ed2c-3026-45e7-a4cb-b0dd8d5a9a7e	Tajikistan	TJ	2024-06-07 14:52:02	2024-06-07 14:52:02	Tajikistani somoni	TJS	смн
73bee170-6a1a-42fb-a7a3-f6d79ac4fc5d	Tanzania, United Republic of	TZ	2024-06-07 14:52:02	2024-06-07 14:52:02	Tanzanian Shilling	TZS	TSh
0137ff50-2aa9-45b9-9a94-fa9912a268c6	Thailand	TH	2024-06-07 14:52:02	2024-06-07 14:52:02	Thai Baht	฿	฿
b188ebdb-4795-4ab2-a33f-f7ce67efdd4d	Togo	TG	2024-06-07 14:52:02	2024-06-07 14:52:02	CFA Franc BCEAO	CFA	CFA
f1344c37-4bf2-421c-988a-7a29dd81b743	Tokelau	TK	2024-06-07 14:52:02	2024-06-07 14:52:02	New Zealand Dollar	$	$
cdfe9686-bcef-4f43-b3d7-0ef0842c867b	Tonga	TO	2024-06-07 14:52:02	2024-06-07 14:52:02	Pa’anga	T$	T$
809356c9-09c0-4865-8a9e-55db0ec51871	Trinidad and Tobago	TT	2024-06-07 14:52:02	2024-06-07 14:52:02	Trinidad and Tobago Dollar	TT$	TT$
dece67f2-64bf-4699-a725-282451932339	Tunisia	TN	2024-06-07 14:52:02	2024-06-07 14:52:02	Tunisian Dinar	DT	د.ت.
7d0090a2-e3cc-4da6-b211-44fce03f57ee	Turkey	TR	2024-06-07 14:52:02	2024-06-07 14:52:02	Turkish Lira	₺	₺
219a532a-4d0a-46b4-8a58-fcfb7cba6d28	Turkmenistan	TM	2024-06-07 14:52:02	2024-06-07 14:52:02	Turkmenistan Manat	m	m
313ca090-c35b-45a9-b866-67340a1f83f8	Turks and Caicos Islands	TC	2024-06-07 14:52:02	2024-06-07 14:52:02	US Dollar	$	$
3e86025f-4bd8-4692-834c-010d2309636f	Tuvalu	TV	2024-06-07 14:52:02	2024-06-07 14:52:02	Australian Dollar	$	$
5b428975-f739-4dbd-b913-a2b2ac1c2af4	Uganda	UG	2024-06-07 14:52:02	2024-06-07 14:52:02	Ugandan shilling	USh	USh
fb5d2aa7-04ce-4047-9895-83c71fb19450	Ukraine	UA	2024-06-07 14:52:02	2024-06-07 14:52:02	Ukrainian hryvnia	₴	₴
fa10fba5-b8fe-4d5f-8701-cbb68ff77169	United Arab Emirates	AE	2024-06-07 14:52:02	2024-06-07 14:52:02	United Arab Emirates dirham	AED	د.إ
c09b79fe-2ac1-4dad-9fbf-eb6d7ee23bae	United Kingdom	GB	2024-06-07 14:52:02	2024-06-07 14:52:02	British pound	£	£
2c5b3e63-6bbc-4efb-a6e0-4cfea06aaa65	United States minor outlying islands	UM	2024-06-07 14:52:02	2024-06-07 14:52:02	United States Dollar	$	$
108c2501-ec66-48f1-805d-b4e45494329e	Uruguay	UY	2024-06-07 14:52:02	2024-06-07 14:52:02	Uruguayan peso	$U	$
29f28524-3c4b-4163-af6c-7c2a3b0c8455	Uzbekistan	UZ	2024-06-07 14:52:02	2024-06-07 14:52:02	Uzbekistani som	soʻm	сўм
b3b5092a-1efc-4714-826e-05a1f2c9b595	Vanuatu	VU	2024-06-07 14:52:02	2024-06-07 14:52:02	Vanuatu vatu	VT	VT
08795c49-ae06-42b9-bcb8-b25e19a98b3b	Vatican City State	VA	2024-06-07 14:52:02	2024-06-07 14:52:02	Euro	€	€
47c8d359-fd68-491b-8e63-12c4e22df9fd	Venezuela	VE	2024-06-07 14:52:02	2024-06-07 14:52:02	Venezuelan bolívar	Bs.	Bs.
9981a866-2b8d-428d-ae2d-169b21f919d6	Vietnam	VN	2024-06-07 14:52:02	2024-06-07 14:52:02	Vietnamese Dong	₫	₫
238abf2a-d212-4c9b-a4ce-2a0d924ceab2	Virgin Islands (British)	VG	2024-06-07 14:52:02	2024-06-07 14:52:02	United States Dollar	$	$
215d2f2d-22d0-4f89-8421-ba0a3bb94c56	Virgin Islands (U.S.)	VI	2024-06-07 14:52:02	2024-06-07 14:52:02	United States Dollar	$	$
4ca126a3-b9d1-43e9-bdf8-82533fe38eaa	Wallis and Futuna Islands	WF	2024-06-07 14:52:02	2024-06-07 14:52:02	CFP Franc	₣	₣
93cb5adc-2347-43a1-870a-7e01861ebf91	Western Sahara	EH	2024-06-07 14:52:02	2024-06-07 14:52:02	Moroccan Dirham	MAD	د.م.‏
ccca0841-a32e-443d-9b3e-45e2fde510b3	Yemen	YE	2024-06-07 14:52:02	2024-06-07 14:52:02	Yemeni Rial	﷼	﷼
4394480b-9162-4eb7-9d70-0f14036a6410	Yugoslavia	YU	2024-06-07 14:52:02	2024-06-07 14:52:02	Yugoslavian Dinar	дин.	дин.
6b4d04c4-8dcd-4c43-a367-86916b7039a3	Zaire	ZR	2024-06-07 14:52:02	2024-06-07 14:52:02	Zaire	Z	ZK
149ebcf3-95bc-4494-8ced-757d2ea88105	Zambia	ZM	2024-06-07 14:52:02	2024-06-07 14:52:02	Zambian kwacha	ZK	ZK
0f3dc30d-9ebf-4a28-b36c-09b98b7cbaf1	Zimbabwe	ZW	2024-06-07 14:52:02	2024-06-07 14:52:02	Zimbabwean dollar	$	$
\.


--
-- Data for Name: currencies; Type: TABLE DATA; Schema: public; Owner: postgres
--

COPY public.currencies (id, name, iso, symbol, exchange, online, "default", created_at, updated_at) FROM stdin;
7c8ddef7-0362-4514-8c99-38db80f53138	UAE	AED	د.إ.	1	f	f	2024-06-07 18:07:16	2024-06-07 18:07:16
bae3a483-4ec6-4c51-9e31-574da46e2fcc	Afghan	AFN	Af	1	f	f	2024-06-07 18:07:16	2024-06-07 18:07:16
925d7133-4af7-471c-9636-baca544f1d68	Albanian	ALL	L	1	f	f	2024-06-07 18:07:16	2024-06-07 18:07:16
1fab0b6f-5497-402e-a2d4-b8edbe559e7b	Armenian	AMD	֏	1	f	f	2024-06-07 18:07:16	2024-06-07 18:07:16
f683be40-2e4b-4f58-bd27-9772afb4c470	Netherlands Antillean	ANG	ƒ	1	f	f	2024-06-07 18:07:16	2024-06-07 18:07:16
afe6d05d-da5f-47f6-9f02-2092f919d21d	Angolan	AOA	Kz	1	f	f	2024-06-07 18:07:16	2024-06-07 18:07:16
8a56148c-0ff0-4e11-93ef-f2f776a8c522	Argentine	ARS	AR$	1	f	f	2024-06-07 18:07:16	2024-06-07 18:07:16
523e674b-9dd9-4b63-ab5f-1594d10a1989	Australian	AUD	AU$	1	f	f	2024-06-07 18:07:16	2024-06-07 18:07:16
8d8e3ee1-bc5d-4c97-81b9-22ef29e990bb	Aruban	AWG	ƒ	1	f	f	2024-06-07 18:07:16	2024-06-07 18:07:16
223c83f9-09fb-4fc4-8a82-30696a6ac471	Azerbaijani	AZN	ман	1	f	f	2024-06-07 18:07:16	2024-06-07 18:07:16
703fa5ae-4374-4c0e-9b9a-165752ab7595	Bosnia-Herzegovina	BAM	KM	1	f	f	2024-06-07 18:07:16	2024-06-07 18:07:16
df16c08d-93f4-4b3c-9289-70ee80733d71	Barbadian	BBD	BBD$	1	f	f	2024-06-07 18:07:16	2024-06-07 18:07:16
a2ceccaf-386b-4f55-8f52-85972ff5cabf	Bangladeshi	BDT	৳	1	f	f	2024-06-07 18:07:16	2024-06-07 18:07:16
40ec0860-5c08-498d-af5f-4c804be25743	Bulgarian	BGN	лв.	1	f	f	2024-06-07 18:07:16	2024-06-07 18:07:16
85e8f36c-a439-4793-9bae-34038b026d4f	Bahraini	BHD	BD	1	f	f	2024-06-07 18:07:16	2024-06-07 18:07:16
e602d322-1ecd-42cd-899f-806eaacdd908	Burundian	BIF	FBu	1	f	f	2024-06-07 18:07:16	2024-06-07 18:07:16
e0e93a47-5fc3-4909-8aa1-4fec4ada6a7d	Bermudian	BMD	$	1	f	f	2024-06-07 18:07:16	2024-06-07 18:07:16
c33889b3-0b92-434f-9928-4667bcef92c8	Brunei	BND	B$	1	f	f	2024-06-07 18:07:16	2024-06-07 18:07:16
d2500361-2e25-43a8-bd38-d5da4065a31a	Bolivian	BOB	Bs.	1	f	f	2024-06-07 18:07:16	2024-06-07 18:07:16
028ed4d6-5bca-4c21-8a59-f2e965aa765d	Brazilian	BRL	R$	1	f	f	2024-06-07 18:07:16	2024-06-07 18:07:16
934675b6-7b2e-4286-8bfc-757d55c1797f	Bahamian	BSD	$	1	f	f	2024-06-07 18:07:16	2024-06-07 18:07:16
4739acf6-8c64-4fd0-b55e-3aae9d4665a5	Bhutanese	BTN	Nu.	1	f	f	2024-06-07 18:07:16	2024-06-07 18:07:16
a73253a7-9c66-43bd-bda8-b99334802824	Botswana	BWP	P	1	f	f	2024-06-07 18:07:16	2024-06-07 18:07:16
13e31ee2-487c-4db8-b134-e00cbcf93e46	Belarusian	BYN	Br	1	f	f	2024-06-07 18:07:16	2024-06-07 18:07:16
75f2b99a-6c8a-4b6c-b3fe-f6c156831753	Belize	BZD	BZ$	1	f	f	2024-06-07 18:07:16	2024-06-07 18:07:16
a2da02c8-c039-45de-b1cf-8ec103f56d6a	Canadian	CAD	CA$	1	f	f	2024-06-07 18:07:16	2024-06-07 18:07:16
63fe19fb-a701-4dfe-a289-7b65abccbee1	Congolese	CDF	FC	1	f	f	2024-06-07 18:07:16	2024-06-07 18:07:16
3af6295d-9e09-45ba-8570-e5686e7bc04b	Swiss	CHF	Fr.	1	f	f	2024-06-07 18:07:16	2024-06-07 18:07:16
11a36df7-569c-4ffc-a0a4-c30d85478847	Cook Islands	CKD	$	1	f	f	2024-06-07 18:07:16	2024-06-07 18:07:16
4007220c-b3ea-4dfa-8dc6-8439b99c5fed	Chilean	CLP	CL$	1	f	f	2024-06-07 18:07:17	2024-06-07 18:07:17
50352049-d297-41a5-b7a7-85ef098743b9	Chinese	CNY	CN¥	1	f	f	2024-06-07 18:07:17	2024-06-07 18:07:17
dbf0b64f-e6a1-48e3-a058-c145bca7babd	Colombian	COP	CO$	1	f	f	2024-06-07 18:07:17	2024-06-07 18:07:17
7c77c7ea-4981-4ced-9237-ce710d6aefcf	Costa Rican	CRC	₡	1	f	f	2024-06-07 18:07:17	2024-06-07 18:07:17
c33d7dbc-cdcf-480d-bafd-e5f55473af07	Cuban Convertible	CUC	CUC$	1	f	f	2024-06-07 18:07:17	2024-06-07 18:07:17
71e9acc6-d1a8-4f59-ab73-fbd1f8d2e450	Cuban	CUP	$MN	1	f	f	2024-06-07 18:07:17	2024-06-07 18:07:17
4a99d7ef-4f2e-4d31-85c1-724b82871718	Cabo Verdean	CVE	CV$	1	f	f	2024-06-07 18:07:17	2024-06-07 18:07:17
afe73ea1-c66f-41fc-b2eb-fcdc93b02cdf	Czech	CZK	Kč	1	f	f	2024-06-07 18:07:17	2024-06-07 18:07:17
3d5a6d4f-ea5d-42fa-8059-cb4da498df96	Djiboutian	DJF	Fdj	1	f	f	2024-06-07 18:07:17	2024-06-07 18:07:17
0c8aebbd-a6e1-4563-8eb7-3fb803c926dc	Danish	DKK	kr.	1	f	f	2024-06-07 18:07:17	2024-06-07 18:07:17
d331b897-f1c6-4047-b711-54d2409def6d	Dominican	DOP	RD$	1	f	f	2024-06-07 18:07:17	2024-06-07 18:07:17
081c80c1-749c-435c-bf01-09151fb5aede	Algerian	DZD	DA	1	f	f	2024-06-07 18:07:17	2024-06-07 18:07:17
ebfe7336-6ede-4977-9be4-8fe30ddc9cc9	Egyptian	EGP	E£	1	f	f	2024-06-07 18:07:17	2024-06-07 18:07:17
59ac7643-d9da-4f01-b770-39d7df6d8878	Sahrawi	EHP	Ptas.	1	f	f	2024-06-07 18:07:17	2024-06-07 18:07:17
346efe2a-e5f7-441e-9978-e8ef398631bf	Eritrean	ERN	Nkf	1	f	f	2024-06-07 18:07:17	2024-06-07 18:07:17
4f1e064e-71c6-4783-bbd4-c56a0b2eeeb5	Ethiopian	ETB	Br	1	f	f	2024-06-07 18:07:17	2024-06-07 18:07:17
3dd94667-4eda-4678-acab-3afac4a4a287	Fijian	FJD	FJ$	1	f	f	2024-06-07 18:07:17	2024-06-07 18:07:17
844a2eea-0683-4d78-b40c-038f07277367	Falkland Islands	FKP	FK£	1	f	f	2024-06-07 18:07:17	2024-06-07 18:07:17
407b682d-9af8-4106-8f3b-aabd5f58f22b	Faroese	FOK	kr	1	f	f	2024-06-07 18:07:17	2024-06-07 18:07:17
3ac35045-a140-4688-8544-fa4df1b11542	Pound Sterling	GBP	£	1	f	f	2024-06-07 18:07:17	2024-06-07 18:07:17
d1e0fb5c-6cad-4a43-bbfb-d464467102f8	Georgian	GEL	₾	1	f	f	2024-06-07 18:07:17	2024-06-07 18:07:17
a4ad30ef-c3c1-4b2c-8d89-c190e1888eb7	Guernsey	GGP	£	1	f	f	2024-06-07 18:07:17	2024-06-07 18:07:17
3d717f15-92f1-4d02-a367-0ab615249c9e	Ghanaian	GHS	GH₵	1	f	f	2024-06-07 18:07:17	2024-06-07 18:07:17
164dd049-0eaa-4127-923f-947074c3748d	Gibraltar	GIP	£	1	f	f	2024-06-07 18:07:17	2024-06-07 18:07:17
896e7357-206c-4db4-b790-4410498075a3	Gambian	GMD	D	1	f	f	2024-06-07 18:07:17	2024-06-07 18:07:17
00544b7f-2057-47e1-8a45-7561fb50a8f4	Guinean	GNF	FG	1	f	f	2024-06-07 18:07:17	2024-06-07 18:07:17
ef83098e-4f2c-4fda-b3cf-facd4645da42	Guatemalan	GTQ	Q	1	f	f	2024-06-07 18:07:17	2024-06-07 18:07:17
77074cb5-b0de-419f-8730-bdd835600447	Guyanese	GYD	G$	1	f	f	2024-06-07 18:07:17	2024-06-07 18:07:17
2624ca47-382a-4ddd-a0b3-91d8792de9d4	Hong Kong	HKD	HK$	1	f	f	2024-06-07 18:07:17	2024-06-07 18:07:17
d665f334-736c-4445-b5e4-a6a9fe4cd7d4	Honduran	HNL	L	1	f	f	2024-06-07 18:07:17	2024-06-07 18:07:17
d9f9046c-c1d0-4eee-acab-ffcf8872d5ee	Croatian	HRK	kn	1	f	f	2024-06-07 18:07:17	2024-06-07 18:07:17
c6428e61-6281-40c3-89f1-37c047e828da	Haitian	HTG	G	1	f	f	2024-06-07 18:07:17	2024-06-07 18:07:17
5d58a831-8751-4c1e-9597-e82606a89b64	Hungarian	HUF	Ft	1	f	f	2024-06-07 18:07:17	2024-06-07 18:07:17
1e9a10ec-01f0-496a-a111-da74c8804a55	Indonesian	IDR	Rp	1	f	f	2024-06-07 18:07:17	2024-06-07 18:07:17
33cac7d8-723f-44e1-8361-0f8430065b8c	Israeli	ILS	₪	1	f	f	2024-06-07 18:07:17	2024-06-07 18:07:17
206c198e-eb46-4e2d-a73b-7b5dec65f8c2	Manx	IMP	£	1	f	f	2024-06-07 18:07:17	2024-06-07 18:07:17
814ac697-1534-4137-ad44-efe2d743654d	Indian	INR	Rs.	1	f	f	2024-06-07 18:07:17	2024-06-07 18:07:17
7b4a995f-447f-4326-a6da-9fc1c9675b51	Iraqi	IQD	د.ع.	1	f	f	2024-06-07 18:07:17	2024-06-07 18:07:17
c37b387d-fef7-419f-8cf2-adf5a86d14cd	Iranian	IRR	﷼	1	f	f	2024-06-07 18:07:17	2024-06-07 18:07:17
e494359b-63ee-437e-8401-d87bcd3ad627	Icelandic	ISK	kr	1	f	f	2024-06-07 18:07:17	2024-06-07 18:07:17
9f335b4e-6f6d-40e4-a3cc-279f1359df90	Jersey	JEP	£	1	f	f	2024-06-07 18:07:17	2024-06-07 18:07:17
80b909fc-eeb3-4572-a119-e6ab65b80f13	Jamaican	JMD	J$	1	f	f	2024-06-07 18:07:17	2024-06-07 18:07:17
40bcc76c-d9f9-4f7d-a4eb-ce4b35ef446c	Jordanian	JOD	JD	1	f	f	2024-06-07 18:07:17	2024-06-07 18:07:17
c405cdb9-d024-4c45-a925-1624c55c1f59	Japanese	JPY	¥	1	f	f	2024-06-07 18:07:17	2024-06-07 18:07:17
4848ec2f-00d5-404b-9419-6e81b6abd267	Kenyan	KES	KSh	1	f	f	2024-06-07 18:07:17	2024-06-07 18:07:17
870a5ceb-29e0-4cd0-8d92-899dc2adbe6f	Kyrgyzstani	KGS	с	1	f	f	2024-06-07 18:07:17	2024-06-07 18:07:17
3048dc41-cf06-468c-8a1c-acf07d3a56fb	Cambodian	KHR	៛	1	f	f	2024-06-07 18:07:17	2024-06-07 18:07:17
d380bd06-9920-42bb-9c78-2819e1909da3	Kiribati	KID	$	1	f	f	2024-06-07 18:07:17	2024-06-07 18:07:17
96f5ba1d-8235-49e9-97af-3b226b777a57	Comorian	KMF	CF	1	f	f	2024-06-07 18:07:17	2024-06-07 18:07:17
8cfcc998-7ce1-4de8-8207-a525e98dacbd	North Korean	KPW	₩	1	f	f	2024-06-07 18:07:17	2024-06-07 18:07:17
d267b79d-f3ed-4e6e-b267-459f345bd4dd	South Korean	KRW	₩	1	f	f	2024-06-07 18:07:17	2024-06-07 18:07:17
9d63db43-3505-405e-bd2f-84a0f3db9b22	Kuwaiti	KWD	KD	1	f	f	2024-06-07 18:07:17	2024-06-07 18:07:17
13994bf9-4240-4370-b067-a9fbc7835af5	Cayman Islands	KYD	CI$	1	f	f	2024-06-07 18:07:17	2024-06-07 18:07:17
c6bf87c0-0cb7-45c0-9c0b-9332cc213e81	Kazakhstani	KZT	₸	1	f	f	2024-06-07 18:07:17	2024-06-07 18:07:17
19ffe4f8-9399-4518-885b-66a95b280cda	Lao	LAK	₭N	1	f	f	2024-06-07 18:07:17	2024-06-07 18:07:17
3caf09f6-7ec2-42f1-baf6-03433bea4361	Lebanese	LBP	LL.	1	f	f	2024-06-07 18:07:17	2024-06-07 18:07:17
3f12ef5a-4099-4f6d-bb67-9a0c29f03b5a	Sri Lankan	LKR	Rs.	1	f	f	2024-06-07 18:07:17	2024-06-07 18:07:17
683d9c14-069b-4c3d-b90d-19f99520cfab	Liberian	LRD	L$	1	f	f	2024-06-07 18:07:17	2024-06-07 18:07:17
76e13a7b-05e1-4e56-98c9-4bc699618290	Lesotho	LSL	L	1	f	f	2024-06-07 18:07:17	2024-06-07 18:07:17
8b9a0567-4345-47ac-8049-a4339e9e33af	Libyan	LYD	LD	1	f	f	2024-06-07 18:07:17	2024-06-07 18:07:17
b5aced10-458d-4f30-ad7a-9d948d59f738	Moroccan	MAD	DH	1	f	f	2024-06-07 18:07:17	2024-06-07 18:07:17
b883787b-f02a-4588-a90d-51e51756d32d	Moldovan	MDL	L	1	f	f	2024-06-07 18:07:17	2024-06-07 18:07:17
a0d7dacb-6498-452a-ab03-130f5c7535e2	Malagasy	MGA	Ar	1	f	f	2024-06-07 18:07:17	2024-06-07 18:07:17
3fa00861-fcb5-4209-89c5-a5e19820724b	Macedonian	MKD	den	1	f	f	2024-06-07 18:07:17	2024-06-07 18:07:17
c6d2b392-ca58-4a52-a7b4-e1199aa1a145	Myanmar	MMK	Ks	1	f	f	2024-06-07 18:07:17	2024-06-07 18:07:17
8c0c8c11-83c4-4fb2-a44d-558be00492d0	Mongolian	MNT	₮	1	f	f	2024-06-07 18:07:17	2024-06-07 18:07:17
23263f2e-14c7-49ff-b073-e47431382532	Macanese	MOP	MOP$	1	f	f	2024-06-07 18:07:17	2024-06-07 18:07:17
7f8ef91f-411a-43d7-ad4e-5afb596da360	Mauritanian	MRU	UM	1	f	f	2024-06-07 18:07:17	2024-06-07 18:07:17
2609b693-309a-40af-b041-732262ab21c5	Mauritian	MUR	Rs.	1	f	f	2024-06-07 18:07:17	2024-06-07 18:07:17
2a3766cb-19f7-4a00-96d4-10785b4c76f1	Maldivian	MVR	MRf	1	f	f	2024-06-07 18:07:17	2024-06-07 18:07:17
6e806910-d5e0-41f2-8f75-6ebdb2726657	Malawian	MWK	MK	1	f	f	2024-06-07 18:07:17	2024-06-07 18:07:17
59deacbe-2790-4f39-bcd3-b455bdbcd25e	Mexican	MXN	MX$	1	f	f	2024-06-07 18:07:17	2024-06-07 18:07:17
d0b54bc4-0652-4038-86c7-954340841c52	Malaysian	MYR	RM	1	f	f	2024-06-07 18:07:17	2024-06-07 18:07:17
6b2ab8e7-d40b-4770-8775-d9311909cf95	Mozambican	MZN	MTn	1	f	f	2024-06-07 18:07:17	2024-06-07 18:07:17
d3d607b6-51a7-4476-8e4c-a701f6f56aab	Namibian	NAD	N$	1	f	f	2024-06-07 18:07:17	2024-06-07 18:07:17
5dbdd3f3-04be-441b-bbc0-12a8c16c53cb	Nigerian	NGN	₦	1	f	f	2024-06-07 18:07:17	2024-06-07 18:07:17
5c0df6e5-3552-489f-8a37-f8fae76857a6	Nicaraguan	NIO	C$	1	f	f	2024-06-07 18:07:17	2024-06-07 18:07:17
d5bcdce6-69d3-4715-a9ac-4ffbd7eab87a	Norwegian	NOK	kr	1	f	f	2024-06-07 18:07:17	2024-06-07 18:07:17
bad211ce-039e-4a17-9ef3-e2e847fc6e5b	Nepalese	NPR	Rs.	1	f	f	2024-06-07 18:07:17	2024-06-07 18:07:17
feda5b1c-845c-40c8-90a5-e6f1810b5e40	New Zealand	NZD	NZ$	1	f	f	2024-06-07 18:07:17	2024-06-07 18:07:17
e152d74a-2700-4f69-94e8-48f6643887ce	Omani	OMR	OR	1	f	f	2024-06-07 18:07:17	2024-06-07 18:07:17
81ed7bb1-9670-4965-8553-24b327eb5515	Panamanian	PAB	B/.	1	f	f	2024-06-07 18:07:17	2024-06-07 18:07:17
b5b89934-172f-492b-9aed-0701878419da	Peruvian	PEN	S/.	1	f	f	2024-06-07 18:07:17	2024-06-07 18:07:17
8c13ae4a-e8ff-4f79-b410-bebfdd57bbe3	Papua New Guinean	PGK	K	1	f	f	2024-06-07 18:07:17	2024-06-07 18:07:17
e63c5639-a688-4f56-b6bd-74535a11d208	Philippine	PHP	₱	1	f	f	2024-06-07 18:07:17	2024-06-07 18:07:17
f82aaab8-b9ff-4d7f-b173-fb4dae7b691b	Pakistani	PKR	Rs.	1	f	f	2024-06-07 18:07:17	2024-06-07 18:07:17
140b5dc7-3fff-4cb3-925d-c58608262e40	Polish	PLN	zł	1	f	f	2024-06-07 18:07:17	2024-06-07 18:07:17
806e2cf3-c86c-4638-84f3-c4d4ac315ead	Pitcairn Islands	PND	$	1	f	f	2024-06-07 18:07:17	2024-06-07 18:07:17
0afc708f-8a65-4518-b9ec-d6ba6b9714da	Transnistrian	PRB	р.	1	f	f	2024-06-07 18:07:17	2024-06-07 18:07:17
da73ec84-0ddd-41c4-b514-33e057c006de	Paraguayan	PYG	₲	1	f	f	2024-06-07 18:07:17	2024-06-07 18:07:17
2e9b1135-a6d0-48d8-8916-5a81d3e48959	Qatari	QAR	QR	1	f	f	2024-06-07 18:07:17	2024-06-07 18:07:17
d67c4c6c-3367-4074-b083-009d93e5dac2	Romanian	RON	L	1	f	f	2024-06-07 18:07:17	2024-06-07 18:07:17
30db25c9-27d7-4d98-830f-38b3cae4f941	Serbian	RSD	din	1	f	f	2024-06-07 18:07:17	2024-06-07 18:07:17
3ab7e9cc-676c-4357-b8a5-b636d5335714	Russian	RUB	₽	1	f	f	2024-06-07 18:07:17	2024-06-07 18:07:17
13d0e78e-630c-47dc-8f3b-f4a19d1ee2ed	Rwandan	RWF	FRw	1	f	f	2024-06-07 18:07:17	2024-06-07 18:07:17
a8fe8251-dde8-4deb-bbc9-10e0bfd660e1	Saudi	SAR	SR	1	f	f	2024-06-07 18:07:17	2024-06-07 18:07:17
ccb49a69-b53a-4b26-af31-52cbdc4a4a81	Solomon Islands	SBD	SI$	1	f	f	2024-06-07 18:07:17	2024-06-07 18:07:17
d634e798-1ebf-4b34-ba1f-ef6e8b3dcdaa	Seychellois	SCR	Rs.	1	f	f	2024-06-07 18:07:17	2024-06-07 18:07:17
cc038a29-069b-4552-99bc-3c421cacea79	Sudanese	SDG	£SD	1	f	f	2024-06-07 18:07:17	2024-06-07 18:07:17
4f8791ba-2432-4f6c-8e35-543d97d68dc3	Swedish	SEK	kr	1	f	f	2024-06-07 18:07:17	2024-06-07 18:07:17
38190bfb-498e-4c16-bd19-ce0868635fd5	Singapore	SGD	S$	1	f	f	2024-06-07 18:07:17	2024-06-07 18:07:17
ca18021d-b298-4379-b646-d2a8948b965a	Saint Helena	SHP	£	1	f	f	2024-06-07 18:07:17	2024-06-07 18:07:17
c8a220d0-97f7-4d6a-bce5-cae1a3710776	Sierra Leonean	SLL	Le	1	f	f	2024-06-07 18:07:17	2024-06-07 18:07:17
201db686-c334-4d5d-86b6-0883e2c58dc9	Somaliland	SLS	Sl	1	f	f	2024-06-07 18:07:17	2024-06-07 18:07:17
93e3ad14-129e-4825-9364-5efa35969993	Somali	SOS	Sh.So.	1	f	f	2024-06-07 18:07:17	2024-06-07 18:07:17
80a00eb7-1607-4f89-b587-0bdfec74bbf5	Surinamese	SRD	Sr$	1	f	f	2024-06-07 18:07:17	2024-06-07 18:07:17
e9044cd1-7ce0-46f4-a25d-04b1b99deb8e	South Sudanese	SSP	SS£	1	f	f	2024-06-07 18:07:17	2024-06-07 18:07:17
43710dd8-ccf8-4325-90af-1b4734b59b1e	Sao Tome	STN	Db	1	f	f	2024-06-07 18:07:17	2024-06-07 18:07:17
1f8cf9c4-baee-4e38-b9df-e60a30b095f2	Salvadoran	SVC	₡	1	f	f	2024-06-07 18:07:17	2024-06-07 18:07:17
973461ea-430b-4f95-ab65-2c47a35399eb	Syrian	SYP	LS	1	f	f	2024-06-07 18:07:17	2024-06-07 18:07:17
129116f6-0f56-4039-8afa-78626900f67a	Swazi	SZL	L	1	f	f	2024-06-07 18:07:17	2024-06-07 18:07:17
7b0312b7-a0dd-457b-b913-7ce345895411	Thai	THB	฿	1	f	f	2024-06-07 18:07:17	2024-06-07 18:07:17
1c601b78-9e92-41ed-82e8-bf675c545689	Tajikistani	TJS	SM	1	f	f	2024-06-07 18:07:17	2024-06-07 18:07:17
494c177d-2c60-4c2a-b055-ed0587907cbd	Turkmenistan	TMT	m.	1	f	f	2024-06-07 18:07:17	2024-06-07 18:07:17
f97159ca-0ae9-4b01-af69-83b7afb6c551	Tunisian	TND	DT	1	f	f	2024-06-07 18:07:17	2024-06-07 18:07:17
b90c980c-c07a-41e9-acb8-439a0957c604	Tongan	TOP	T$	1	f	f	2024-06-07 18:07:17	2024-06-07 18:07:17
0ed71f25-09cc-4f6a-89e8-adc95f0b3b16	Turkish	TRY	TL	1	f	f	2024-06-07 18:07:17	2024-06-07 18:07:17
cffa88bb-d98a-4d7b-a0d0-3031d5bb5e28	Trinidad and Tobago	TTD	TT$	1	f	f	2024-06-07 18:07:17	2024-06-07 18:07:17
513cac6b-4ed9-445b-98e9-64a2437689c9	Tuvaluan	TVD	$	1	f	f	2024-06-07 18:07:17	2024-06-07 18:07:17
5a44c348-865b-4b5c-a34e-2e123ef9ab5d	New Taiwan	TWD	NT$	1	f	f	2024-06-07 18:07:17	2024-06-07 18:07:17
fafbfe38-b1c8-4a86-8b0d-e49f6e38bc56	Tanzanian	TZS	TSh	1	f	f	2024-06-07 18:07:17	2024-06-07 18:07:17
7bd34eda-be73-4020-b662-9acb02529286	Ukrainian	UAH	₴	1	f	f	2024-06-07 18:07:17	2024-06-07 18:07:17
5b6f3b86-dc61-4032-bc02-6748446bd8c1	Ugandan	UGX	USh	1	f	f	2024-06-07 18:07:17	2024-06-07 18:07:17
273952a6-9300-4672-b2ea-0b3118e30a02	US	USD	$	1	f	f	2024-06-07 18:07:17	2024-06-07 18:07:17
d199f6b4-9661-4ccb-9a47-516d4b081458	Uruguayan	UYU	$U	1	f	f	2024-06-07 18:07:17	2024-06-07 18:07:17
525902f7-4afb-42af-ad95-1e9802a1b8ff	Uzbekistani	UZS	сум	1	f	f	2024-06-07 18:07:17	2024-06-07 18:07:17
b95a2c11-0d94-4cb6-81dc-4e438d498264	Venezuelan	VED	Bs.	1	f	f	2024-06-07 18:07:17	2024-06-07 18:07:17
226b0cbd-852f-43bb-908a-a78379e1b25c	Vietnamese	VND	₫	1	f	f	2024-06-07 18:07:17	2024-06-07 18:07:17
7b93e758-fc65-46e3-aadf-7a186244ffef	Vanuatu	VUV	VT	1	f	f	2024-06-07 18:07:17	2024-06-07 18:07:17
4f2e54f8-c38f-4475-b957-4afe41fe524c	Samoan	WST	T	1	f	f	2024-06-07 18:07:17	2024-06-07 18:07:17
b1110d86-92f1-4cc3-809c-6aff59e64e07	Central African CFA	XAF	Fr	1	f	f	2024-06-07 18:07:17	2024-06-07 18:07:17
0a942405-3d8a-45dc-8313-28bc0ff11d84	East Caribbean	XCD	$	1	f	f	2024-06-07 18:07:17	2024-06-07 18:07:17
ee2d59c1-bcee-4e9d-a341-4319d0680ea1	West African CFA	XOF	CFA	1	f	f	2024-06-07 18:07:17	2024-06-07 18:07:17
de5733f8-1f8a-4631-bb41-54b2fee7a77e	CFP	XPF	₣	1	f	f	2024-06-07 18:07:17	2024-06-07 18:07:17
bf2d9d3d-6e7e-4c79-b803-e88be27fa8a0	Yemeni	YER	YR	1	f	f	2024-06-07 18:07:17	2024-06-07 18:07:17
8b268012-33ba-4079-b1b0-f0d7a0030ffd	South African	ZAR	R	1	f	f	2024-06-07 18:07:17	2024-06-07 18:07:17
a59becd1-edf9-47cc-9320-d7b945da1b08	Zambian	ZMW	ZK	1	f	f	2024-06-07 18:07:17	2024-06-07 18:07:17
5dac2925-4a45-47a7-835e-056a01737bbf	RTGS	ZWB	Dollar	1	f	f	2024-06-07 18:07:17	2024-06-07 18:07:17
ba6d8c2b-a45c-4d43-ba2f-8feea57d73d3	Zimbabwean	ZWL	Z$	1	f	f	2024-06-07 18:07:17	2024-06-07 18:07:17
010b8089-79ec-45ca-aaee-e0191609c5a6	Abkhazian	Abkhazia	Apsar	1	f	f	2024-06-07 18:07:17	2024-06-07 18:07:17
2fcdcfc8-3eda-42e2-8636-8174b093dc03	Artsakh	Artsakh	դր.	1	f	f	2024-06-07 18:07:17	2024-06-07 18:07:17
a81ca902-1bc4-4bc8-9e61-73dce88d6677	Euro	EUR	€	1	f	t	2024-06-07 18:07:17	2024-06-10 10:28:28
\.


--
-- Data for Name: departments; Type: TABLE DATA; Schema: public; Owner: postgres
--

COPY public.departments (id, name, created_at, updated_at) FROM stdin;
261054bc-47ec-4b38-b2b2-3cac82c5ee17	Production	2024-06-06 15:59:29	2024-06-06 19:20:33
274d52ca-a0a3-438b-8360-8a8e4d939c40	RH	2024-06-07 12:03:21	2024-06-07 12:03:21
6fba124c-0708-4688-9825-ae1d39c29124	Prod	2024-06-07 15:18:17	2024-06-07 15:18:17
6104f8b3-0686-4120-a08c-ebc09bc4ae1f	Marketing Com	2024-06-07 11:51:51	2024-06-10 13:46:01
\.


--
-- Data for Name: invoice_product_sale_element_taxes; Type: TABLE DATA; Schema: public; Owner: postgres
--

COPY public.invoice_product_sale_element_taxes (id, taxe_id, tax_name, tax_type, tax_amount, created_at, updated_at, invoice_product_sale_element_id) FROM stdin;
45e9ba1f-0153-466d-965d-14a76f6b19a0	13f7e962-0e56-4400-8c99-b2821166cf8f	TVB	percent	3.6	2024-06-08 13:46:48	2024-06-08 13:46:48	\N
8a05d1eb-3beb-4d38-920d-13b6c59e9008	0c37c346-225c-4455-9893-ddc617d133a9	Impots Fixe	amount	1000	2024-06-13 21:08:56	2024-06-13 21:08:56	9c9583c0-0a41-4ddd-8bfc-f8cc853c82cb
793066c9-4507-4951-9cfe-fedd46aa7f51	0c37c346-225c-4455-9893-ddc617d133a9	Impots Fixe	amount	1000	2024-06-13 21:08:56	2024-06-13 21:08:56	38600773-c9b1-4153-acb7-2a420bf3d036
029cbcc2-c131-4f00-8d42-e2b8a2f93806	58bffb8c-7804-448a-b723-93f877c81108	TVA	percent	11	2024-06-10 14:18:24	2024-06-10 14:18:24	13af35dc-3015-4685-a0e2-03c894e86040
31a29ca6-a7e6-4dfd-bbb7-acaeb657241e	58bffb8c-7804-448a-b723-93f877c81108	TVA	percent	11	2024-06-10 14:18:24	2024-06-10 14:18:24	89a5d6b6-5bfa-4593-9d79-b6bdef848e4b
a6a73e9a-a860-417b-ba1d-dbfc589451df	13f7e962-0e56-4400-8c99-b2821166cf8f	TVB	percent	3	2024-06-10 14:18:24	2024-06-10 14:18:24	89a5d6b6-5bfa-4593-9d79-b6bdef848e4b
9614deba-2878-4dfb-9a1c-917a3bf2418c	13f7e962-0e56-4400-8c99-b2821166cf8f	TVB	percent	3	2024-06-10 15:59:46	2024-06-10 15:59:46	91216d5d-49fc-4c91-afd5-d9059f4af150
caf64544-b509-4eff-8dda-521b0af4bd1b	58bffb8c-7804-448a-b723-93f877c81108	TVA	percent	11	2024-07-03 15:28:46	2024-07-03 15:28:46	e0f8675f-aa62-46e6-8b21-7787c7fd16f4
b9d1d327-2faf-495b-8d1c-d7be29df2fe3	0c37c346-225c-4455-9893-ddc617d133a9	Impots Fixe	amount	1000	2024-07-03 15:28:46	2024-07-03 15:28:46	e0f8675f-aa62-46e6-8b21-7787c7fd16f4
8a4b5976-2e54-4163-8c9a-60869d04f672	0c37c346-225c-4455-9893-ddc617d133a9	Impots Fixe	amount	1000	2024-07-03 15:28:46	2024-07-03 15:28:46	6d5f8ca8-dc4a-4b02-8c1d-4782fdfa4f29
1b4e9511-d8b7-4095-b310-bed1317d0763	13f7e962-0e56-4400-8c99-b2821166cf8f	TVB	percent	2	2024-06-10 20:47:26	2024-06-10 20:47:26	9152fc8f-e285-4755-bdab-b79b9fa78b32
5aebe390-e1e3-4802-870e-78301080596f	13f7e962-0e56-4400-8c99-b2821166cf8f	TVB	percent	2	2024-06-10 20:47:26	2024-06-10 20:47:26	b59c52d0-7695-4caf-9b2a-6d7a9ad9b82b
fddf91fd-c29d-49f4-83ee-f4fb6ae9e74f	13f7e962-0e56-4400-8c99-b2821166cf8f	TVB	percent	2	2024-06-10 20:50:13	2024-06-10 20:50:13	a083b08e-9c69-41fb-8c37-c9853c45adc5
c74246e8-26e8-49e8-bd3b-57c0de28cbf9	0c37c346-225c-4455-9893-ddc617d133a9	Impots Fixe	amount	1000	2024-06-11 11:49:41	2024-06-11 11:49:41	07f9cade-378f-4c31-bea0-132a75899626
020e8997-2a2c-4f6b-a4b7-e0b5208b5715	0c37c346-225c-4455-9893-ddc617d133a9	Impots Fixe	amount	1000	2024-06-11 12:36:50	2024-06-11 12:36:50	4b8f2e4a-f283-4e91-8d5d-96f164f9f048
278e2072-1162-483a-b6aa-9793fcaac43b	0c37c346-225c-4455-9893-ddc617d133a9	Impots Fixe	amount	1000	2024-06-11 12:36:50	2024-06-11 12:36:50	c74b2191-63f5-47f8-94a0-2ff65b90094f
c9ec698a-0a5c-4264-af1d-2e32f5ebb6d6	13f7e962-0e56-4400-8c99-b2821166cf8f	TVB	percent	2	2024-06-13 09:35:36	2024-06-13 09:35:36	b5305473-cfec-4dc8-9afd-54038f421660
\.


--
-- Data for Name: invoice_product_sale_elements; Type: TABLE DATA; Schema: public; Owner: postgres
--

COPY public.invoice_product_sale_elements (id, name, description, price, quantity, discount_type, discount_value, invoice_id, product_sale_element_id, created_at, updated_at) FROM stdin;
b8ba0a0e-5189-45e4-ba0b-a5fc1e9ee52a	Serveur	\N	3000.00	1	percent	2.00	ed833c80-198c-41fe-8b74-5dc9a4e382cb	9495cd9b-4a78-49e7-b281-27d6939ab448	2024-06-08 13:46:48	2024-06-08 13:46:48
fcff76d5-eb04-43b5-9b36-e0af109b0a24	Perxonomiz	\N	10000.00	5	percent	0.00	ed833c80-198c-41fe-8b74-5dc9a4e382cb	263f8a88-0f9c-4e2d-a696-9c60dd7f2335	2024-06-08 13:46:48	2024-06-08 13:46:48
07f9cade-378f-4c31-bea0-132a75899626	PERXONOMIZ	\N	10000.00	5	percent	2.00	0fb4485f-73b5-49b9-ae7d-8649742e004f	13b929ad-1ee6-4e9c-a740-098279364fc2	2024-06-11 11:49:41	2024-06-11 11:49:41
c74b2191-63f5-47f8-94a0-2ff65b90094f	Perxonomiz	\N	1500.00	100	percent	0.00	177f080f-8e58-4cdc-acf7-50b5ded00c73	263f8a88-0f9c-4e2d-a696-9c60dd7f2335	2024-06-11 12:36:50	2024-06-11 12:36:50
4b8f2e4a-f283-4e91-8d5d-96f164f9f048	Perxo-epargne	\N	2000.00	2	percent	0.00	177f080f-8e58-4cdc-acf7-50b5ded00c73	56d1218e-4a62-46a1-b729-67516d4a27a2	2024-06-11 12:36:50	2024-06-11 12:36:50
13af35dc-3015-4685-a0e2-03c894e86040	Perxonomiz	\N	10000.00	1	percent	0.00	6843400a-fa9f-4def-b80d-94a34be2a486	263f8a88-0f9c-4e2d-a696-9c60dd7f2335	2024-06-10 14:18:24	2024-06-10 14:18:24
89a5d6b6-5bfa-4593-9d79-b6bdef848e4b	Perxo-epargne	\N	5000.00	1	percent	0.00	6843400a-fa9f-4def-b80d-94a34be2a486	78febad0-b864-476f-a5bd-58efa6814647	2024-06-10 14:18:24	2024-06-10 14:18:24
91216d5d-49fc-4c91-afd5-d9059f4af150	PERXONOMIZ	\N	10000.00	1	percent	2.00	22acbaab-0936-46a6-b79e-5758526c7fed	13b929ad-1ee6-4e9c-a740-098279364fc2	2024-06-10 15:59:46	2024-06-10 15:59:46
9ea30e04-889d-44a5-b207-44abd1499d1d	PERXONOMIZ		10000.00	1	percent	10.00	d09b98a4-f282-4737-892f-0bf5d900af2f	13b929ad-1ee6-4e9c-a740-098279364fc2	2024-06-12 18:34:26	2024-06-12 18:34:26
3828169b-9fae-47ed-b86a-ef98ad5ff7f7	Serveur		1000.00	1	percent	0.00	d09b98a4-f282-4737-892f-0bf5d900af2f	9495cd9b-4a78-49e7-b281-27d6939ab448	2024-06-12 18:34:26	2024-06-12 18:34:26
b5305473-cfec-4dc8-9afd-54038f421660	MAC BOOK	\N	150000.00	2	percent	0.00	2290c5f6-3ed0-4ea0-8ebb-d1db5e591630	94914a84-fe13-48e8-a804-68db7e58882c	2024-06-13 09:35:36	2024-06-13 09:35:36
9152fc8f-e285-4755-bdab-b79b9fa78b32	PERXONOMIZ		10000.00	1	amount	360.00	55d59f6c-5c65-4a38-bc7b-ceb57be22409	b5d004ec-2813-4532-8489-63cdc4d6186b	2024-06-10 20:47:26	2024-06-10 20:47:26
b59c52d0-7695-4caf-9b2a-6d7a9ad9b82b	Serveur		1000.00	100	percent	5.00	55d59f6c-5c65-4a38-bc7b-ceb57be22409	9495cd9b-4a78-49e7-b281-27d6939ab448	2024-06-10 20:47:26	2024-06-10 20:47:26
a083b08e-9c69-41fb-8c37-c9853c45adc5	PERXONOMIZ	\N	10000.00	1	percent	0.00	f3b12d0a-582b-4a63-b923-0029f28d2309	3e57eed8-7c9c-4df5-89ea-b1414804f5e3	2024-06-10 20:50:13	2024-06-10 20:50:13
9c9583c0-0a41-4ddd-8bfc-f8cc853c82cb	Serveur  | Couleurs : Neutre		1000.00	1	percent	5.00	03f166ca-e168-4660-85b3-1227e68292e5	9495cd9b-4a78-49e7-b281-27d6939ab448	2024-06-13 21:08:56	2024-06-13 21:08:56
38600773-c9b1-4153-acb7-2a420bf3d036	Perxo-epargne  | Couleurs : Neutre		1000.00	4	percent	5.00	03f166ca-e168-4660-85b3-1227e68292e5	56d1218e-4a62-46a1-b729-67516d4a27a2	2024-06-13 21:08:56	2024-06-13 21:08:56
3b278d39-0f45-4354-9636-3fe750e42e04	Serveur  | Couleurs : Neutre		1000.00	100	percent	0.00	fa444b15-a562-48d3-be86-c2380e1265b6	9495cd9b-4a78-49e7-b281-27d6939ab448	2024-06-14 11:23:21	2024-06-14 11:23:21
16f212f8-268d-4d6c-9143-326e96575909	MAC BOOK  | Couleurs : Jaune | Processeur : Dual Core		150000.00	2	percent	0.00	fa444b15-a562-48d3-be86-c2380e1265b6	f9b9eb2f-0204-4e3d-b17d-13ac87cb9644	2024-06-14 11:23:21	2024-06-14 11:23:21
a00e72b3-9ea8-4479-bc11-75a9750973d1	Consulting	\N	1500000.00	1	percent	0.00	602b5f37-1246-4b0d-9f0b-4cc31ae65219	7bff9ac7-8007-42ec-86dd-6bd0fb811c38	2024-06-14 16:37:37	2024-06-14 16:37:37
be3c4c74-9b70-4177-b729-7eb0b8e66bf7	Serveur  | Couleurs : Neutre	\N	500000.00	15	percent	0.00	602b5f37-1246-4b0d-9f0b-4cc31ae65219	9495cd9b-4a78-49e7-b281-27d6939ab448	2024-06-14 16:37:37	2024-06-14 16:37:37
ef55d614-7d96-4c4a-9771-3235399e10a1	Ram	\N	25000.00	10	percent	0.00	602b5f37-1246-4b0d-9f0b-4cc31ae65219	7ce259e4-93c4-4016-95b6-b33eea2cfbe0	2024-06-14 16:37:37	2024-06-14 16:37:37
36f187e4-2928-4b0f-a78c-2a14d340b6ac	Perxonomiz  | Couleurs : Neutre	\N	10000.00	1	amount	1000.00	9a0ee864-ff71-4c0e-8dcd-5edd25a266b1	263f8a88-0f9c-4e2d-a696-9c60dd7f2335	2024-06-14 16:38:46	2024-06-14 16:38:46
3a4a178d-7176-4616-bd44-ace0a60650b8	Perxonomiz  | Couleurs : Neutre	\N	10000.00	3	percent	0.00	f65d137c-eef0-4b8e-9c99-d083a2b79e32	263f8a88-0f9c-4e2d-a696-9c60dd7f2335	2024-06-27 14:21:12	2024-06-27 14:21:12
e0f8675f-aa62-46e6-8b21-7787c7fd16f4	Consulting	\N	1000.00	1	percent	0.00	634cd9b8-0778-4ebf-804f-52418ae5ee81	7bff9ac7-8007-42ec-86dd-6bd0fb811c38	2024-07-03 15:28:46	2024-07-03 15:28:46
6d5f8ca8-dc4a-4b02-8c1d-4782fdfa4f29	Perxonomiz  | Couleurs : Neutre	\N	10000.00	1	percent	0.00	634cd9b8-0778-4ebf-804f-52418ae5ee81	263f8a88-0f9c-4e2d-a696-9c60dd7f2335	2024-07-03 15:28:46	2024-07-03 15:28:46
\.


--
-- Data for Name: invoice_taxes; Type: TABLE DATA; Schema: public; Owner: postgres
--

COPY public.invoice_taxes (id, invoice_id, taxe_id, tax_name, tax_type, tax_amount, created_at, updated_at) FROM stdin;
a974c5d6-8c72-4fd8-a974-4a54a1b9e857	ed833c80-198c-41fe-8b74-5dc9a4e382cb	58bffb8c-7804-448a-b723-93f877c81108	TVA	percent	11	2024-06-08 13:46:48	2024-06-08 13:46:48
b9c1ff88-a0fd-4a76-bd21-121f88906166	6843400a-fa9f-4def-b80d-94a34be2a486	13f7e962-0e56-4400-8c99-b2821166cf8f	TVB	percent	3	2024-06-10 14:18:24	2024-06-10 14:18:24
2aec1359-4f5d-486b-b60b-2e8c7c3ac281	6843400a-fa9f-4def-b80d-94a34be2a486	0c37c346-225c-4455-9893-ddc617d133a9	Impots Fixe	amount	1000	2024-06-10 14:18:24	2024-06-10 14:18:24
cb85d151-bcdc-4dc5-a156-6f6f5f4dc2d6	22acbaab-0936-46a6-b79e-5758526c7fed	13f7e962-0e56-4400-8c99-b2821166cf8f	TVB	percent	3	2024-06-10 15:59:46	2024-06-10 15:59:46
7dd242da-a834-49c4-a28a-13462133abd9	55d59f6c-5c65-4a38-bc7b-ceb57be22409	58bffb8c-7804-448a-b723-93f877c81108	TVA	percent	11	2024-06-10 20:47:26	2024-06-10 20:47:26
4c0bc4d5-851c-457d-b009-a1d28cbb3145	f3b12d0a-582b-4a63-b923-0029f28d2309	13f7e962-0e56-4400-8c99-b2821166cf8f	TVB	percent	2	2024-06-10 20:50:13	2024-06-10 20:50:13
b3466b45-b0e5-4ef5-81fd-a332a5b9e348	177f080f-8e58-4cdc-acf7-50b5ded00c73	58bffb8c-7804-448a-b723-93f877c81108	TVA	percent	11	2024-06-11 11:09:39	2024-06-11 11:09:39
ca50be8a-87e7-4a79-9e06-5f9d2e57106a	0fb4485f-73b5-49b9-ae7d-8649742e004f	66abc931-1230-46cc-85d7-5f708ae312cc	TV	amount	2500	2024-06-11 11:38:07	2024-06-11 11:38:07
a76778cc-6719-49b1-8605-411018fedbb4	03f166ca-e168-4660-85b3-1227e68292e5	0c37c346-225c-4455-9893-ddc617d133a9	Impots Fixe	amount	1000	2024-06-13 21:08:56	2024-06-13 21:08:56
9fd70886-ada1-453d-b0f4-95e4695c01b4	fa444b15-a562-48d3-be86-c2380e1265b6	0c37c346-225c-4455-9893-ddc617d133a9	Impots Fixe	amount	1000	2024-06-14 11:23:21	2024-06-14 11:23:21
7d2069d4-4ee9-48a2-b73f-49b98f191e39	602b5f37-1246-4b0d-9f0b-4cc31ae65219	58bffb8c-7804-448a-b723-93f877c81108	TVA	percent	11	2024-06-14 16:37:37	2024-06-14 16:37:37
cbae1040-9917-4de5-954e-654f097c8db9	f65d137c-eef0-4b8e-9c99-d083a2b79e32	58bffb8c-7804-448a-b723-93f877c81108	TVA	percent	11	2024-06-27 14:21:12	2024-06-27 14:21:12
5388630f-6e14-4463-be0e-48e88e54ba31	634cd9b8-0778-4ebf-804f-52418ae5ee81	58bffb8c-7804-448a-b723-93f877c81108	TVA	percent	11	2024-07-03 15:28:46	2024-07-03 15:28:46
b8814625-34d4-4882-8f82-3fc2bce1b756	634cd9b8-0778-4ebf-804f-52418ae5ee81	0c37c346-225c-4455-9893-ddc617d133a9	Impots Fixe	amount	1000	2024-07-03 15:28:46	2024-07-03 15:28:46
\.


--
-- Data for Name: invoices; Type: TABLE DATA; Schema: public; Owner: postgres
--

COPY public.invoices (id, invoice_date, due_date, invoice_number, payment_status, notes, sub_total, invoice_discount_value, invoice_total_tax, due_amount, total, sent, exchange_rate, invoice_discount_type, overdue, contact_id, currency_id, creator_id, created_at, updated_at) FROM stdin;
ed833c80-198c-41fe-8b74-5dc9a4e382cb	2024-06-08	2024-06-30	2024/06/08/INV-000002	PAID	\N	53000.00	1000.00	5830.00	57830.00	57830.00	f	650.00	amount	f	b7c47960-3aab-4944-8a14-b7cd0fcd3816	ee2d59c1-bcee-4e9d-a341-4319d0680ea1	32af066e-9d8e-49aa-a6d3-1eeed568c298	2024-06-08 13:46:48	2024-06-08 14:58:19
d09b98a4-f282-4737-892f-0bf5d900af2f	2024-06-12	2024-06-22	2024/06/12/INV-000010	PAID	\N	10000.00	0.00	0.00	10000.00	10000.00	f	13.00	percent	f	14548643-618a-4369-bedf-b838ada23861	ee2d59c1-bcee-4e9d-a341-4319d0680ea1	32af066e-9d8e-49aa-a6d3-1eeed568c298	2024-06-12 18:33:47	2024-06-12 18:35:15
6843400a-fa9f-4def-b80d-94a34be2a486	2024-06-10	2024-06-21	2024/06/10/INV-000004	PAID	Je suppose que le champ s’adapte au contenu \nOui\nNon\nPas sur	15000.00	4.00	1450.00	20196.00	20196.00	f	600.00	amount	f	bf268018-e4ba-460b-bcd0-4f150ab4e13d	273952a6-9300-4672-b2ea-0b3118e30a02	0f7c2e3c-3b44-4dec-92a1-fe4d1c53b259	2024-06-10 14:07:55	2024-06-10 14:25:14
22acbaab-0936-46a6-b79e-5758526c7fed	2024-06-10	2024-06-20	2024/06/10/INV-000005	UNPAID	\N	10100.00	10.00	303.00	9362.70	9362.70	f	2.00	percent	f	74145c17-2443-41d1-b3e9-bcd0b57696ec	bae3a483-4ec6-4c51-9e31-574da46e2fcc	32af066e-9d8e-49aa-a6d3-1eeed568c298	2024-06-10 15:59:46	2024-06-10 15:59:46
55d59f6c-5c65-4a38-bc7b-ceb57be22409	2024-06-10	2024-06-30	2024/06/10/INV-000003	UNPAID	\N	109635.00	2.00	12059.85	123887.55	123887.55	f	650.00	percent	f	3a2cb2e0-052a-45bf-a3bc-94543ec5df9d	ee2d59c1-bcee-4e9d-a341-4319d0680ea1	0fd19db7-02d6-45b1-9817-82b5062df2f1	2024-06-10 11:05:28	2024-06-10 20:47:26
2290c5f6-3ed0-4ea0-8ebb-d1db5e591630	2024-06-13	2024-06-25	2024/06/13/INV-000011	PAID	\N	306000.00	0.00	0.00	306000.00	306000.00	f	0.20	percent	f	0e74db8b-8ef4-42d0-a2f1-0cb271c27233	75f2b99a-6c8a-4b6c-b3fe-f6c156831753	b8bbd38b-face-49c9-bb8d-06439b093e57	2024-06-13 09:35:36	2024-06-13 09:42:52
0fb4485f-73b5-49b9-ae7d-8649742e004f	2024-06-11	2024-06-25	2024/06/11/INV-000008	PAID	\N	50000.00	2480.00	2500.00	50020.00	50020.00	f	0.20	amount	f	67279831-d27c-41f8-a50d-dd95fc8c0a5d	1fab0b6f-5497-402e-a2d4-b8edbe559e7b	b8bbd38b-face-49c9-bb8d-06439b093e57	2024-06-11 11:38:07	2024-06-11 11:59:14
f3b12d0a-582b-4a63-b923-0029f28d2309	2024-06-10	2024-07-19	2024/06/10/INV-000006	PAID	\N	10000.00	0.00	200.00	10400.00	10400.00	f	2.00	percent	f	b8ebf202-895f-48ce-941b-340de603079a	bae3a483-4ec6-4c51-9e31-574da46e2fcc	0fd19db7-02d6-45b1-9817-82b5062df2f1	2024-06-10 20:49:10	2024-06-13 12:15:21
177f080f-8e58-4cdc-acf7-50b5ded00c73	2024-06-08	2024-07-06	2024/06/08/INV-000001	PAID	Lorem ipsum dolor sit amet, consectetur adipiscing elit, sed do eiusmod tempor incididunt ut labore et dolore magna aliqua.	156000.00	7.00	17160.00	173153.00	173153.00	f	650.00	amount	f	597c7b6e-bd47-44d9-b0e4-06bc0f4a1dc8	a81ca902-1bc4-4bc8-9e61-73dce88d6677	0fd19db7-02d6-45b1-9817-82b5062df2f1	2024-06-08 10:18:27	2024-06-11 13:00:59
03f166ca-e168-4660-85b3-1227e68292e5	2024-06-11	2024-06-27	2024/06/11/INV-000007	UNPAID	\N	6750.00	0.00	1000.00	7750.00	7750.00	f	2.00	percent	f	c871b600-956f-4438-ad71-6b7784492172	1fab0b6f-5497-402e-a2d4-b8edbe559e7b	32af066e-9d8e-49aa-a6d3-1eeed568c298	2024-06-11 10:15:40	2024-06-13 21:08:56
fa444b15-a562-48d3-be86-c2380e1265b6	2024-06-11	2024-08-08	2024/06/11/INV-000009	UNPAID	Client endetté	400000.00	50000.00	1000.00	401000.00	351000.00	f	1.50	amount	f	b8ebf202-895f-48ce-941b-340de603079a	ee2d59c1-bcee-4e9d-a341-4319d0680ea1	0fd19db7-02d6-45b1-9817-82b5062df2f1	2024-06-11 14:36:23	2024-06-14 11:23:21
602b5f37-1246-4b0d-9f0b-4cc31ae65219	2024-06-14	2024-07-31	2024/06/14/INV-000012	UNPAID	\N	9250000.00	5.00	1017500.00	9754125.00	9754125.00	f	650.00	percent	f	d3a462fc-7ed1-4aac-8842-cd83dbd3863d	ee2d59c1-bcee-4e9d-a341-4319d0680ea1	0fd19db7-02d6-45b1-9817-82b5062df2f1	2024-06-14 16:37:37	2024-06-14 16:37:37
9a0ee864-ff71-4c0e-8dcd-5edd25a266b1	2024-06-14	2024-06-30	2024/06/14/INV-000013	UNPAID	\N	9000.00	0.00	0.00	9000.00	9000.00	f	1.00	percent	f	c1942083-4e9b-4b98-bf38-00601b5f34e2	a81ca902-1bc4-4bc8-9e61-73dce88d6677	0fd19db7-02d6-45b1-9817-82b5062df2f1	2024-06-14 16:38:46	2024-06-14 16:38:46
f65d137c-eef0-4b8e-9c99-d083a2b79e32	2024-06-27	2024-07-31	2024/06/27/INV-000014	UNPAID	\N	30000.00	0.00	3300.00	33300.00	33300.00	f	1.00	percent	f	c1942083-4e9b-4b98-bf38-00601b5f34e2	a81ca902-1bc4-4bc8-9e61-73dce88d6677	0fd19db7-02d6-45b1-9817-82b5062df2f1	2024-06-27 14:21:12	2024-06-27 14:21:12
634cd9b8-0778-4ebf-804f-52418ae5ee81	2024-07-03	2024-07-23	2024/07/03/INV-000015	UNPAID	\N	13110.00	10.00	2442.10	13996.89	13996.89	f	1.00	percent	f	b8ebf202-895f-48ce-941b-340de603079a	273952a6-9300-4672-b2ea-0b3118e30a02	b726bef6-12fe-4564-a5eb-b758533fb253	2024-07-03 15:28:46	2024-07-03 15:28:46
\.


--
-- Data for Name: migrations; Type: TABLE DATA; Schema: public; Owner: postgres
--

COPY public.migrations (id, migration, batch) FROM stdin;
1	2022_06_27_212044_create_brands_table	1
2	2022_06_27_220022_create_countries_table	1
3	2022_06_27_221131_create_cities_table	1
4	2022_06_28_121205_create_taxes_table	1
5	2022_06_28_131326_create_categories_table	1
6	2022_06_28_142242_create_category_parent_table	1
7	2022_06_28_184421_create_attributs_table	1
8	2022_06_28_185318_create_variations_table	1
9	2022_06_29_135617_create_products_table	1
10	2022_06_29_135642_create_product_sale_elements_table	1
11	2022_06_30_112532_create_contacts_table	1
12	2022_07_04_164545_create_country_taxe_table	1
13	2022_07_10_223211_create_addresses_table	1
14	2022_07_11_115633_create_attribut_combinaisons_table	1
15	2023_02_06_042128_create_product_imaages_table	1
16	2023_02_06_042245_create_product_variation_imaages_table	1
17	2024_01_31_114147_create_product_sale_element_taxes_table	1
18	2024_06_05_114859_create_departments_table	1
19	2024_06_05_050000_create_users_table	2
20	2024_06_06_085605_laratrust_setup_tables	2
21	2024_06_06_102144_create_personal_access_tokens_table	2
22	2024_06_06_181405_add_department_id_to_users_table	3
23	2024_06_06_183659_add_module_field_to_permissions_table	3
24	2024_06_06_183958_create_removed_permissions_table	3
25	2023_05_03_000000_add_currency_fields_to_countries_table	4
26	2024_06_05_191711_create_currencies_table	4
27	2024_06_05_191836_create_invoices_table	4
28	2024_06_05_191843_create_invoice_product_sale_elements_table	4
29	2024_06_05_191940_create_payment_types_table	4
30	2024_06_05_191946_create_payments_table	4
31	2024_06_05_194635_create_invoice_product_sale_element_taxes_table	4
32	2024_06_05_200517_create_invoice_taxes_table	4
33	2024_06_07_164010_add_confirmation_token_to_users_table	5
34	2024_06_07_170019_set_address_to_nullable_in_address_table	5
35	2024_06_08_111639_add_currency_id_to_contacts_table	6
36	2024_06_08_143446_update_invoice_product_sale_element_taxes_table	7
37	2024_06_08_144439_create_oauth_auth_codes_table	7
38	2024_06_08_144440_create_oauth_clients_table	7
39	2024_06_08_144441_create_oauth_personal_access_clients_table	7
40	2024_06_08_144442_create_oauth_refresh_tokens_table	7
41	2024_06_08_144443_create_oauth_access_tokens_table	7
42	2024_06_08_152649_delete_personal_access_tokens_table	7
43	2024_06_12_134321_delete_name_fields_to_addresses_table	8
44	2024_06_12_141248_delete_country_taxe_table	8
45	2024_06_12_163956_delete_product_images_table	8
58	2024_06_12_191930_delete_unused_fields_on_invoices_table	9
59	2024_06_12_200304_delete_unused_fields_on_payments_table	9
\.


--
-- Data for Name: oauth_auth_codes; Type: TABLE DATA; Schema: public; Owner: postgres
--

COPY public.oauth_auth_codes (id, user_id, client_id, scopes, revoked, expires_at) FROM stdin;
\.


--
-- Data for Name: oauth_personal_access_clients; Type: TABLE DATA; Schema: public; Owner: postgres
--

COPY public.oauth_personal_access_clients (id, client_id, created_at, updated_at) FROM stdin;
1	2	2024-06-10 10:28:28	2024-06-10 10:28:28
2	4	2024-07-02 18:38:09	2024-07-02 18:38:09
\.


--
-- Data for Name: payment_types; Type: TABLE DATA; Schema: public; Owner: postgres
--

COPY public.payment_types (id, name, created_at, updated_at) FROM stdin;
f3c39816-2d16-42b7-b9a4-22849cd052cb	Cryptomonnaie	2024-06-08 13:43:03	2024-06-08 13:43:03
b72af57e-ab85-4bee-878a-288ab8f2d0c7	Chèque	2024-06-08 13:43:03	2024-06-08 13:43:03
832903e5-b321-4893-bac0-f4a95e15e024	Cryptomonnaie	2024-06-08 13:43:03	2024-06-08 13:43:03
6f29eed5-3a7c-4c03-acc2-5713b445d11d	Espèces	2024-06-08 13:43:03	2024-06-08 13:43:03
52b79b11-8c15-4a9c-a344-766134dc40fd	PayPal	2024-06-08 13:43:03	2024-06-08 13:43:03
b17918cf-fdf0-4e3e-a997-c40889aedf9e	PayPal	2024-06-08 13:43:03	2024-06-08 13:43:03
dc015ec5-1b9e-4862-9b3b-2a13a3554c36	Chèque	2024-06-08 13:43:03	2024-06-08 13:43:03
40af65b6-602e-4500-8347-8460569fb04c	Espèces	2024-06-08 13:43:03	2024-06-08 13:43:03
a515e7bb-5fe8-447f-93d3-ce78783e2be4	Cryptomonnaie	2024-06-08 13:43:03	2024-06-08 13:43:03
df424b11-25ea-4c3b-b93c-8be6da5ff22a	Virement bancaire	2024-06-08 13:43:03	2024-06-08 13:43:03
\.


--
-- Data for Name: payments; Type: TABLE DATA; Schema: public; Owner: postgres
--

COPY public.payments (id, payment_number, payment_date, amount, status, payment_id, creator_id, invoice_id, payment_type_id, created_at, updated_at) FROM stdin;
370042ed-f915-43ca-a3e0-6454973b46d2	2024/06/08/PAY-000001	2024-06-08	57830.00	PAID	\N	\N	ed833c80-198c-41fe-8b74-5dc9a4e382cb	f3c39816-2d16-42b7-b9a4-22849cd052cb	2024-06-08 14:58:19	2024-06-08 14:58:19
dd9e2566-cd50-4994-8c13-7a1ef7598c3c	2024/06/10/PAY-000002	2024-06-10	20196.00	PAID	\N	\N	6843400a-fa9f-4def-b80d-94a34be2a486	40af65b6-602e-4500-8347-8460569fb04c	2024-06-10 14:25:14	2024-06-10 14:25:14
8d219c2e-5dfb-4937-ac40-8fadbc75ce0f	2024/06/11/PAY-000003	2024-06-11	50020.00	PAID	\N	\N	0fb4485f-73b5-49b9-ae7d-8649742e004f	832903e5-b321-4893-bac0-f4a95e15e024	2024-06-11 11:59:14	2024-06-11 11:59:14
35718dcc-4961-4bda-bbf2-0105e8e52c39	2024/06/11/PAY-000004	2024-06-11	173153.00	PAID	\N	\N	177f080f-8e58-4cdc-acf7-50b5ded00c73	f3c39816-2d16-42b7-b9a4-22849cd052cb	2024-06-11 13:00:59	2024-06-11 13:00:59
02b19ed3-06a9-4c88-863b-1b8a40916244	2024/06/12/PAY-000005	2024-06-12	10000.00	PAID	\N	\N	d09b98a4-f282-4737-892f-0bf5d900af2f	6f29eed5-3a7c-4c03-acc2-5713b445d11d	2024-06-12 18:35:15	2024-06-12 18:35:15
e534010f-71bc-4039-8034-02dcab1a5e36	2024/06/13/PAY-000006	2024-06-13	306000.00	PAID	\N	\N	2290c5f6-3ed0-4ea0-8ebb-d1db5e591630	6f29eed5-3a7c-4c03-acc2-5713b445d11d	2024-06-13 09:42:52	2024-06-13 09:42:52
c951f4e2-8bce-46ae-bed6-b65c77b6cce2	2024/06/13/PAY-000007	2024-06-13	10400.00	PAID	\N	\N	f3b12d0a-582b-4a63-b923-0029f28d2309	832903e5-b321-4893-bac0-f4a95e15e024	2024-06-13 12:15:21	2024-06-13 12:15:21
\.


--
-- Data for Name: permission_role; Type: TABLE DATA; Schema: public; Owner: postgres
--

COPY public.permission_role (permission_id, role_id) FROM stdin;
faee7fb0-e552-4d01-acc9-4bab1c666a0e	407e3b71-d321-4680-bb63-19c1a20de890
6d523275-a8c2-4096-b1bf-106553c7deaa	407e3b71-d321-4680-bb63-19c1a20de890
32291a7a-91be-4398-8ce1-48378bd6d08d	407e3b71-d321-4680-bb63-19c1a20de890
e6887613-93d8-497c-a1b9-b7d462173de7	407e3b71-d321-4680-bb63-19c1a20de890
607476e9-013e-4915-9089-20a420be5066	407e3b71-d321-4680-bb63-19c1a20de890
10020d4a-e7d5-44e0-89b7-2002da730e53	407e3b71-d321-4680-bb63-19c1a20de890
34ff252c-6ab7-4f5d-8bb7-9acd9abb117c	407e3b71-d321-4680-bb63-19c1a20de890
b47f6fb0-7d13-4552-ab90-d34c4799cbcc	407e3b71-d321-4680-bb63-19c1a20de890
80d870e0-cbb3-46e0-ba6d-03edb43f9918	407e3b71-d321-4680-bb63-19c1a20de890
75943604-44a5-420a-9ad7-423c069ab503	407e3b71-d321-4680-bb63-19c1a20de890
34c77896-5e1e-472b-8a58-a3f6e1b784f4	407e3b71-d321-4680-bb63-19c1a20de890
b4714d7e-9bed-4914-af42-65b6e733bef8	407e3b71-d321-4680-bb63-19c1a20de890
c72f9f41-7d19-4303-8c0b-e09490981cbf	407e3b71-d321-4680-bb63-19c1a20de890
f36de40b-a4b6-45d0-81a4-1f9c5b08c0c5	407e3b71-d321-4680-bb63-19c1a20de890
b96dfba1-4df3-45ed-ad58-475fc65bc260	407e3b71-d321-4680-bb63-19c1a20de890
5dac2e49-f048-4ed1-a695-c509bb53df31	407e3b71-d321-4680-bb63-19c1a20de890
c7941b54-3f1a-488e-ab7b-f3005b2bd4cd	407e3b71-d321-4680-bb63-19c1a20de890
6cae5d57-70eb-4aaf-a1cc-cd0772048c2f	407e3b71-d321-4680-bb63-19c1a20de890
13eed6c4-3610-4ea5-89ba-ceddf2246f89	407e3b71-d321-4680-bb63-19c1a20de890
2d86f48e-ed1c-42f0-8dc4-6a22e29a8160	407e3b71-d321-4680-bb63-19c1a20de890
85568ec6-6a18-486f-b062-871246fa8182	407e3b71-d321-4680-bb63-19c1a20de890
42863159-a123-48dd-9260-66e4ba0546cd	407e3b71-d321-4680-bb63-19c1a20de890
42726228-d6ac-4086-bc41-da97473855c9	407e3b71-d321-4680-bb63-19c1a20de890
9dc0cb3b-fc82-4739-aa6c-846f3295f233	407e3b71-d321-4680-bb63-19c1a20de890
2b1137e8-ca53-44db-b1f6-2ab19a04c9b1	407e3b71-d321-4680-bb63-19c1a20de890
37737f86-4ed1-430a-8b8f-50837109e1fc	407e3b71-d321-4680-bb63-19c1a20de890
1f8608b3-5d54-4a93-a0ce-7a22a4e26ffc	407e3b71-d321-4680-bb63-19c1a20de890
7e572450-8a93-4c3e-943e-919f9601ecd4	407e3b71-d321-4680-bb63-19c1a20de890
8c22fe41-d1d6-447d-aaea-d2e600fd7b3d	407e3b71-d321-4680-bb63-19c1a20de890
923ae361-6d79-4a70-a89f-4190c5a2cc4b	407e3b71-d321-4680-bb63-19c1a20de890
063a5951-e36c-4f86-96cc-e4979a656466	407e3b71-d321-4680-bb63-19c1a20de890
28b646ef-71c8-4f08-9558-284ec3811880	407e3b71-d321-4680-bb63-19c1a20de890
f56f274d-924e-46a4-9c6c-5988d0f7e2bb	407e3b71-d321-4680-bb63-19c1a20de890
c51f7e59-7772-4c5f-ac7e-e0b042f1e75d	407e3b71-d321-4680-bb63-19c1a20de890
be8b6255-4a2b-469b-9d52-540b53306bda	407e3b71-d321-4680-bb63-19c1a20de890
9632b33b-4a11-4a97-a330-76b74ee28e67	407e3b71-d321-4680-bb63-19c1a20de890
c8be3779-2857-4299-9a60-776f66925016	407e3b71-d321-4680-bb63-19c1a20de890
b14c5099-0e4c-403d-ac93-a03bbb45007a	407e3b71-d321-4680-bb63-19c1a20de890
0177e4ba-d97f-4b59-8832-5068576dc3cb	407e3b71-d321-4680-bb63-19c1a20de890
e377f1da-9037-4f08-8e64-2b1bf16bd163	407e3b71-d321-4680-bb63-19c1a20de890
e1e7b52a-aa39-4e9e-aa82-b0a93af92ce2	407e3b71-d321-4680-bb63-19c1a20de890
d5d0907e-a2bc-453a-b4e9-64339151a752	407e3b71-d321-4680-bb63-19c1a20de890
42726228-d6ac-4086-bc41-da97473855c9	cca6b4f7-cc56-4575-a61d-2e1e5625d879
42726228-d6ac-4086-bc41-da97473855c9	fa1458cf-d4ba-42ec-9af9-e6231a95bb17
42726228-d6ac-4086-bc41-da97473855c9	bd43d3c4-a822-4ff7-b032-ef81a12e53e7
b14c5099-0e4c-403d-ac93-a03bbb45007a	bd43d3c4-a822-4ff7-b032-ef81a12e53e7
c7941b54-3f1a-488e-ab7b-f3005b2bd4cd	bd43d3c4-a822-4ff7-b032-ef81a12e53e7
b96dfba1-4df3-45ed-ad58-475fc65bc260	bd43d3c4-a822-4ff7-b032-ef81a12e53e7
6d523275-a8c2-4096-b1bf-106553c7deaa	bd43d3c4-a822-4ff7-b032-ef81a12e53e7
11d334d8-b880-4282-8b37-6fb5990a563b	3f54150c-c74c-411d-b2e2-3b99e8982b06
\.


--
-- Data for Name: permission_user; Type: TABLE DATA; Schema: public; Owner: postgres
--

COPY public.permission_user (permission_id, user_id, user_type, team_id) FROM stdin;
42726228-d6ac-4086-bc41-da97473855c9	2a98b68e-4712-450e-a152-36200058b17b	Core\\v1\\User\\Models\\User	\N
42726228-d6ac-4086-bc41-da97473855c9	7ba1ad61-372a-4116-9fcd-9b5ed90339c2	Core\\v1\\User\\Models\\User	\N
b96dfba1-4df3-45ed-ad58-475fc65bc260	7ba1ad61-372a-4116-9fcd-9b5ed90339c2	Core\\v1\\User\\Models\\User	\N
6d523275-a8c2-4096-b1bf-106553c7deaa	7ba1ad61-372a-4116-9fcd-9b5ed90339c2	Core\\v1\\User\\Models\\User	\N
c7941b54-3f1a-488e-ab7b-f3005b2bd4cd	7ba1ad61-372a-4116-9fcd-9b5ed90339c2	Core\\v1\\User\\Models\\User	\N
b14c5099-0e4c-403d-ac93-a03bbb45007a	7ba1ad61-372a-4116-9fcd-9b5ed90339c2	Core\\v1\\User\\Models\\User	\N
11d334d8-b880-4282-8b37-6fb5990a563b	7ba1ad61-372a-4116-9fcd-9b5ed90339c2	Core\\v1\\User\\Models\\User	\N
9dc0cb3b-fc82-4739-aa6c-846f3295f233	7ba1ad61-372a-4116-9fcd-9b5ed90339c2	Core\\v1\\User\\Models\\User	\N
8c22fe41-d1d6-447d-aaea-d2e600fd7b3d	7ba1ad61-372a-4116-9fcd-9b5ed90339c2	Core\\v1\\User\\Models\\User	\N
6cae5d57-70eb-4aaf-a1cc-cd0772048c2f	7ba1ad61-372a-4116-9fcd-9b5ed90339c2	Core\\v1\\User\\Models\\User	\N
530e9c9c-7d4e-4c99-a9ce-ef7b5f2ee71e	7ba1ad61-372a-4116-9fcd-9b5ed90339c2	Core\\v1\\User\\Models\\User	\N
13eed6c4-3610-4ea5-89ba-ceddf2246f89	7ba1ad61-372a-4116-9fcd-9b5ed90339c2	Core\\v1\\User\\Models\\User	\N
2d86f48e-ed1c-42f0-8dc4-6a22e29a8160	7ba1ad61-372a-4116-9fcd-9b5ed90339c2	Core\\v1\\User\\Models\\User	\N
d5d0907e-a2bc-453a-b4e9-64339151a752	7ba1ad61-372a-4116-9fcd-9b5ed90339c2	Core\\v1\\User\\Models\\User	\N
e1e7b52a-aa39-4e9e-aa82-b0a93af92ce2	7ba1ad61-372a-4116-9fcd-9b5ed90339c2	Core\\v1\\User\\Models\\User	\N
e377f1da-9037-4f08-8e64-2b1bf16bd163	7ba1ad61-372a-4116-9fcd-9b5ed90339c2	Core\\v1\\User\\Models\\User	\N
0177e4ba-d97f-4b59-8832-5068576dc3cb	7ba1ad61-372a-4116-9fcd-9b5ed90339c2	Core\\v1\\User\\Models\\User	\N
f36de40b-a4b6-45d0-81a4-1f9c5b08c0c5	7ba1ad61-372a-4116-9fcd-9b5ed90339c2	Core\\v1\\User\\Models\\User	\N
80d870e0-cbb3-46e0-ba6d-03edb43f9918	7ba1ad61-372a-4116-9fcd-9b5ed90339c2	Core\\v1\\User\\Models\\User	\N
faee7fb0-e552-4d01-acc9-4bab1c666a0e	7ba1ad61-372a-4116-9fcd-9b5ed90339c2	Core\\v1\\User\\Models\\User	\N
5dac2e49-f048-4ed1-a695-c509bb53df31	7ba1ad61-372a-4116-9fcd-9b5ed90339c2	Core\\v1\\User\\Models\\User	\N
b47f6fb0-7d13-4552-ab90-d34c4799cbcc	7ba1ad61-372a-4116-9fcd-9b5ed90339c2	Core\\v1\\User\\Models\\User	\N
c72f9f41-7d19-4303-8c0b-e09490981cbf	7ba1ad61-372a-4116-9fcd-9b5ed90339c2	Core\\v1\\User\\Models\\User	\N
b4714d7e-9bed-4914-af42-65b6e733bef8	7ba1ad61-372a-4116-9fcd-9b5ed90339c2	Core\\v1\\User\\Models\\User	\N
34ff252c-6ab7-4f5d-8bb7-9acd9abb117c	7ba1ad61-372a-4116-9fcd-9b5ed90339c2	Core\\v1\\User\\Models\\User	\N
10020d4a-e7d5-44e0-89b7-2002da730e53	7ba1ad61-372a-4116-9fcd-9b5ed90339c2	Core\\v1\\User\\Models\\User	\N
75943604-44a5-420a-9ad7-423c069ab503	7ba1ad61-372a-4116-9fcd-9b5ed90339c2	Core\\v1\\User\\Models\\User	\N
34c77896-5e1e-472b-8a58-a3f6e1b784f4	7ba1ad61-372a-4116-9fcd-9b5ed90339c2	Core\\v1\\User\\Models\\User	\N
42726228-d6ac-4086-bc41-da97473855c9	44452d23-8b3b-4c4f-a406-7bcc5ef08d4d	Core\\v1\\User\\Models\\User	\N
b96dfba1-4df3-45ed-ad58-475fc65bc260	44452d23-8b3b-4c4f-a406-7bcc5ef08d4d	Core\\v1\\User\\Models\\User	\N
6d523275-a8c2-4096-b1bf-106553c7deaa	44452d23-8b3b-4c4f-a406-7bcc5ef08d4d	Core\\v1\\User\\Models\\User	\N
c7941b54-3f1a-488e-ab7b-f3005b2bd4cd	44452d23-8b3b-4c4f-a406-7bcc5ef08d4d	Core\\v1\\User\\Models\\User	\N
b14c5099-0e4c-403d-ac93-a03bbb45007a	44452d23-8b3b-4c4f-a406-7bcc5ef08d4d	Core\\v1\\User\\Models\\User	\N
42726228-d6ac-4086-bc41-da97473855c9	db0b5a0c-f268-439a-9415-800f8b3cd81a	Core\\v1\\User\\Models\\User	\N
\.


--
-- Data for Name: permissions; Type: TABLE DATA; Schema: public; Owner: postgres
--

COPY public.permissions (id, name, display_name, description, created_at, updated_at, module) FROM stdin;
8c22fe41-d1d6-447d-aaea-d2e600fd7b3d	contact_view	\N	\N	2024-06-06 18:51:59	2024-06-06 18:51:59	\N
28b646ef-71c8-4f08-9558-284ec3811880	contact_create	\N	\N	2024-06-06 18:51:59	2024-06-06 18:51:59	\N
923ae361-6d79-4a70-a89f-4190c5a2cc4b	contact_update	\N	\N	2024-06-06 18:51:59	2024-06-06 18:51:59	\N
f56f274d-924e-46a4-9c6c-5988d0f7e2bb	contact_delete	\N	\N	2024-06-06 18:51:59	2024-06-06 18:51:59	\N
063a5951-e36c-4f86-96cc-e4979a656466	contact_import	\N	\N	2024-06-06 18:51:59	2024-06-06 18:51:59	\N
c51f7e59-7772-4c5f-ac7e-e0b042f1e75d	contact_export	\N	\N	2024-06-06 18:51:59	2024-06-06 18:51:59	\N
72cf6ffd-b4a7-482f-b12b-bd3aaea7670b	attribut_view	\N	\N	2024-06-06 18:52:00	2024-06-06 18:52:00	\N
b39c9259-39e3-48e5-9863-db9adc79cf40	attribut_create	\N	\N	2024-06-06 18:52:00	2024-06-06 18:52:00	\N
9ea9580b-7743-4d1f-a664-d36078499ef0	attribut_update	\N	\N	2024-06-06 18:52:00	2024-06-06 18:52:00	\N
5ec9530b-2566-48b1-b62c-b90bb10a347e	attribut_delete	\N	\N	2024-06-06 18:52:00	2024-06-06 18:52:00	\N
34ff252c-6ab7-4f5d-8bb7-9acd9abb117c	marque_view	\N	\N	2024-06-06 18:52:00	2024-06-06 18:52:00	\N
75943604-44a5-420a-9ad7-423c069ab503	marque_create	\N	\N	2024-06-06 18:52:00	2024-06-06 18:52:00	\N
10020d4a-e7d5-44e0-89b7-2002da730e53	marque_update	\N	\N	2024-06-06 18:52:00	2024-06-06 18:52:00	\N
34c77896-5e1e-472b-8a58-a3f6e1b784f4	marque_delete	\N	\N	2024-06-06 18:52:00	2024-06-06 18:52:00	\N
d5d0907e-a2bc-453a-b4e9-64339151a752	category_view	\N	\N	2024-06-06 18:52:00	2024-06-06 18:52:00	\N
e377f1da-9037-4f08-8e64-2b1bf16bd163	category_create	\N	\N	2024-06-06 18:52:00	2024-06-06 18:52:00	\N
e1e7b52a-aa39-4e9e-aa82-b0a93af92ce2	category_update	\N	\N	2024-06-06 18:52:00	2024-06-06 18:52:00	\N
0177e4ba-d97f-4b59-8832-5068576dc3cb	category_delete	\N	\N	2024-06-06 18:52:00	2024-06-06 18:52:00	\N
42726228-d6ac-4086-bc41-da97473855c9	product_view	\N	\N	2024-06-06 18:52:00	2024-06-06 18:52:00	\N
9dc0cb3b-fc82-4739-aa6c-846f3295f233	product_create	\N	\N	2024-06-06 18:52:00	2024-06-06 18:52:00	\N
1f8608b3-5d54-4a93-a0ce-7a22a4e26ffc	product_update	\N	\N	2024-06-06 18:52:00	2024-06-06 18:52:00	\N
2b1137e8-ca53-44db-b1f6-2ab19a04c9b1	product_delete	\N	\N	2024-06-06 18:52:00	2024-06-06 18:52:00	\N
7e572450-8a93-4c3e-943e-919f9601ecd4	product_import	\N	\N	2024-06-06 18:52:00	2024-06-06 18:52:00	\N
37737f86-4ed1-430a-8b8f-50837109e1fc	product_export	\N	\N	2024-06-06 18:52:00	2024-06-06 18:52:00	\N
b96dfba1-4df3-45ed-ad58-475fc65bc260	taxe_view	\N	\N	2024-06-06 18:52:00	2024-06-06 18:52:00	\N
f36de40b-a4b6-45d0-81a4-1f9c5b08c0c5	taxe_create	\N	\N	2024-06-06 18:52:00	2024-06-06 18:52:00	\N
5dac2e49-f048-4ed1-a695-c509bb53df31	taxe_update	\N	\N	2024-06-06 18:52:00	2024-06-06 18:52:00	\N
c72f9f41-7d19-4303-8c0b-e09490981cbf	taxe_delete	\N	\N	2024-06-06 18:52:00	2024-06-06 18:52:00	\N
faee7fb0-e552-4d01-acc9-4bab1c666a0e	variation_view	\N	\N	2024-06-06 18:52:00	2024-06-06 18:52:00	\N
b4714d7e-9bed-4914-af42-65b6e733bef8	variation_create	\N	\N	2024-06-06 18:52:00	2024-06-06 18:52:00	\N
b47f6fb0-7d13-4552-ab90-d34c4799cbcc	variation_update	\N	\N	2024-06-06 18:52:00	2024-06-06 18:52:00	\N
80d870e0-cbb3-46e0-ba6d-03edb43f9918	variation_delete	\N	\N	2024-06-06 18:52:00	2024-06-06 18:52:00	\N
6d523275-a8c2-4096-b1bf-106553c7deaa	department_view	\N	\N	2024-06-06 18:52:00	2024-06-06 18:52:00	\N
32291a7a-91be-4398-8ce1-48378bd6d08d	department_create	\N	\N	2024-06-06 18:52:00	2024-06-06 18:52:00	\N
607476e9-013e-4915-9089-20a420be5066	department_update	\N	\N	2024-06-06 18:52:00	2024-06-06 18:52:00	\N
e6887613-93d8-497c-a1b9-b7d462173de7	department_delete	\N	\N	2024-06-06 18:52:00	2024-06-06 18:52:00	\N
c7941b54-3f1a-488e-ab7b-f3005b2bd4cd	right_view	\N	\N	2024-06-06 18:52:00	2024-06-06 18:52:00	\N
2d86f48e-ed1c-42f0-8dc4-6a22e29a8160	right_create	\N	\N	2024-06-06 18:52:00	2024-06-06 18:52:00	\N
6cae5d57-70eb-4aaf-a1cc-cd0772048c2f	right_update	\N	\N	2024-06-06 18:52:00	2024-06-06 18:52:00	\N
13eed6c4-3610-4ea5-89ba-ceddf2246f89	right_delete	\N	\N	2024-06-06 18:52:00	2024-06-06 18:52:00	\N
be8b6255-4a2b-469b-9d52-540b53306bda	users_create	\N	\N	2024-06-06 18:52:00	2024-06-06 18:52:00	\N
b14c5099-0e4c-403d-ac93-a03bbb45007a	users_view	\N	\N	2024-06-06 18:52:00	2024-06-06 18:52:00	\N
c8be3779-2857-4299-9a60-776f66925016	users_update	\N	\N	2024-06-06 18:52:00	2024-06-06 18:52:00	\N
9632b33b-4a11-4a97-a330-76b74ee28e67	users_delete	\N	\N	2024-06-06 18:52:00	2024-06-06 18:52:00	\N
85568ec6-6a18-486f-b062-871246fa8182	users_import	\N	\N	2024-06-06 18:52:00	2024-06-06 18:52:00	\N
42863159-a123-48dd-9260-66e4ba0546cd	users_export	\N	\N	2024-06-06 18:52:00	2024-06-06 18:52:00	\N
530e9c9c-7d4e-4c99-a9ce-ef7b5f2ee71e	right_permission_view	\N	\N	2024-06-07 18:07:16	2024-06-07 18:07:16	\N
49ccc6e3-c900-4ab0-b884-0ba4ea9c6e23	users_permission	\N	\N	2024-06-07 18:07:16	2024-06-07 18:07:16	\N
9f3f92d4-f38d-4836-87e5-f6144267b95e	invoice_view	\N	\N	2024-06-07 18:07:16	2024-06-07 18:07:16	\N
ad1c4981-06e1-4cd1-b9e1-66b3b3e7780e	invoice_create	\N	\N	2024-06-07 18:07:16	2024-06-07 18:07:16	\N
0e508753-62cc-472e-98b6-b420aff8adcf	invoice_update	\N	\N	2024-06-07 18:07:16	2024-06-07 18:07:16	\N
8c4bbe53-81f5-4d45-81aa-057a71cbe3f7	invoice_delete	\N	\N	2024-06-07 18:07:16	2024-06-07 18:07:16	\N
5b25df0e-3a64-4055-a64c-99ab8ee85d3a	invoice_export	\N	\N	2024-06-07 18:07:16	2024-06-07 18:07:16	\N
65e95065-4560-4752-8b64-5c3e24ba4f28	invoice_paid	\N	\N	2024-06-07 18:07:16	2024-06-07 18:07:16	\N
763a3d7a-f7e7-44ec-bc26-4d57982e84ef	invoice_send	\N	\N	2024-06-07 18:07:16	2024-06-07 18:07:16	\N
11d334d8-b880-4282-8b37-6fb5990a563b	dashboard_view	\N	\N	2024-06-07 18:07:16	2024-06-07 18:07:16	\N
070dd16a-3d0e-4816-9fcd-9d726bce913d	invoice_import	\N	\N	2024-06-10 10:28:28	2024-06-10 10:28:28	\N
\.


--
-- Data for Name: product_sale_elements; Type: TABLE DATA; Schema: public; Owner: postgres
--

COPY public.product_sale_elements (id, reference, quantity, purchase_price, selling_price, online, is_default, barcode, barcode_file, product_id, created_at, updated_at) FROM stdin;
4f805161-8126-4c1d-8bfe-92f6d6b46f96	RFVGE664	0	1500.00	2000.00	t	t	\N	\N	f53e771f-8b3a-44a7-add2-2c41a86759a4	2024-06-12 18:38:52	2024-06-12 18:38:52
7bff9ac7-8007-42ec-86dd-6bd0fb811c38	Ref 123	0	1000.00	1500.00	t	t	\N	\N	322224cc-b96e-47cc-b18f-229c8d5766eb	2024-06-11 14:47:28	2024-06-13 09:57:36
263f8a88-0f9c-4e2d-a696-9c60dd7f2335	REF00011	0	10000.00	15000.00	t	f	0000000003	\N	1d6a2749-12ee-4b24-92a0-51536f0aa8e8	2024-06-06 20:27:51	2024-06-06 20:28:33
9495cd9b-4a78-49e7-b281-27d6939ab448	REF0021	0	1000.00	1500.00	t	f	\N	\N	f933364a-88ed-405b-979f-a9199a57a8a6	2024-06-06 20:52:52	2024-06-06 20:52:52
13b929ad-1ee6-4e9c-a740-098279364fc2	REF000111	0	10000.00	15000.00	t	f	\N	\N	24be8f5b-7574-41f6-a147-d3bf87d48673	2024-06-08 15:03:48	2024-06-08 15:03:48
3e57eed8-7c9c-4df5-89ea-b1414804f5e3	REF000112	0	10000.00	15000.00	t	f	\N	\N	24be8f5b-7574-41f6-a147-d3bf87d48673	2024-06-08 15:03:48	2024-06-08 15:03:48
b5d004ec-2813-4532-8489-63cdc4d6186b	REF000113	0	10000.00	15000.00	t	f	\N	\N	24be8f5b-7574-41f6-a147-d3bf87d48673	2024-06-08 15:03:48	2024-06-08 15:03:48
fbccf1e7-c58f-40b1-adcd-5b6a822123e7	REF000114	0	10000.00	15000.00	t	f	\N	\N	24be8f5b-7574-41f6-a147-d3bf87d48673	2024-06-08 15:03:48	2024-06-08 15:03:48
56d1218e-4a62-46a1-b729-67516d4a27a2	REF000021	0	1000.00	1500.00	t	f	0	\N	2422e2d9-d224-431e-a0ab-ce64f064b71e	2024-06-07 20:02:27	2024-06-10 13:26:43
78febad0-b864-476f-a5bd-58efa6814647	REF000023	0	1000.00	1500.00	t	f	\N	\N	2422e2d9-d224-431e-a0ab-ce64f064b71e	2024-06-10 13:28:26	2024-06-10 13:28:26
ceab0872-c9f9-47e6-9722-e35112440779	REF00010	0	1000.00	1500.00	t	f	\N	\N	11638adc-3cfd-42a8-8d6b-4ddee95ae2f4	2024-06-10 15:54:21	2024-06-10 15:54:21
5e3641f0-a8a3-4adf-b00c-f3c297fb0099	Ref12A	0	10.00	100.00	t	t	\N	\N	098c371a-227b-4847-a285-d6a7ee769f25	2024-06-10 17:58:27	2024-06-10 17:58:27
a8177e7a-c236-473e-8c65-43dd1565a722	Ref12A6	0	10.00	100.00	t	f	\N	\N	098c371a-227b-4847-a285-d6a7ee769f25	2024-06-10 17:59:07	2024-06-10 17:59:07
21f1f7a1-7a72-4338-a5a0-f23527ed4295	Redttt	0	1000.00	1500.00	t	f	\N	\N	32c2f4c1-04ee-49d9-a7aa-23cb1333ba9b	2024-06-10 18:02:42	2024-06-10 18:02:42
4397fa44-9fa6-4e36-b6ba-afdcf85793fd	RF00616	0	150000.00	250000.00	t	f	\N	\N	bb606146-0493-41b1-8629-bc8989cf16ec	2024-06-10 18:17:46	2024-06-10 18:17:46
94914a84-fe13-48e8-a804-68db7e58882c	RF00617	0	150000.00	250000.00	t	f	\N	\N	bb606146-0493-41b1-8629-bc8989cf16ec	2024-06-10 18:17:46	2024-06-10 18:17:46
d183e73f-b472-40d3-ba82-f9fe5d6e6bd0	RF00618	0	150000.00	250000.00	t	f	\N	\N	bb606146-0493-41b1-8629-bc8989cf16ec	2024-06-10 18:17:46	2024-06-10 18:17:46
f9b9eb2f-0204-4e3d-b17d-13ac87cb9644	RF00619	0	150000.00	250000.00	t	f	\N	\N	bb606146-0493-41b1-8629-bc8989cf16ec	2024-06-10 18:17:46	2024-06-10 18:17:46
a61f9874-949d-4c16-b6a0-d8dfce3cdd13	RF00620	0	150000.00	250000.00	t	f	\N	\N	bb606146-0493-41b1-8629-bc8989cf16ec	2024-06-10 18:17:46	2024-06-10 18:17:46
caa1f1a8-f7d0-4b8b-8da8-e57f7f5064b7	RF00621	0	150000.00	250000.00	t	f	\N	\N	bb606146-0493-41b1-8629-bc8989cf16ec	2024-06-10 18:17:46	2024-06-10 18:17:46
7ce259e4-93c4-4016-95b6-b33eea2cfbe0	RF007	0	5000.00	6000.00	t	f	\N	\N	60bd1bec-54d4-4ec1-9138-9c823fb1a120	2024-06-10 18:21:36	2024-06-10 18:21:36
5bae501c-0258-49b8-9ec7-41453ce920aa	RF002222	0	0.00	2000000.00	t	t	\N	\N	3e527b15-cff3-477f-995c-53022913ae3d	2024-06-11 14:31:02	2024-06-11 14:31:02
\.


--
-- Data for Name: product_taxes; Type: TABLE DATA; Schema: public; Owner: postgres
--

COPY public.product_taxes (product_id, taxe_id, created_at, updated_at) FROM stdin;
\.


--
-- Data for Name: product_variation_images; Type: TABLE DATA; Schema: public; Owner: postgres
--

COPY public.product_variation_images (id, file, product_sale_element_id, created_at, updated_at) FROM stdin;
\.


--
-- Data for Name: products; Type: TABLE DATA; Schema: public; Owner: postgres
--

COPY public.products (id, name, reference, description, online, purchase_price, selling_price, type, category_id, brand_id, image, created_at, updated_at) FROM stdin;
1d6a2749-12ee-4b24-92a0-51536f0aa8e8	Perxonomiz	REF0001	\N	t	10000.00	15000.00	PRODUCT	ab9bfe9f-f26b-4bf2-bc0b-fb3336d24f7f	9cb047fa-a22a-44ed-bdc2-ea0801631046	favicon-k-1717847389.png	2024-06-06 20:13:32	2024-06-08 11:49:49
2422e2d9-d224-431e-a0ab-ce64f064b71e	Perxo-epargne	REF00002	\N	t	1000.00	1500.00	PRODUCT	ab9bfe9f-f26b-4bf2-bc0b-fb3336d24f7f	\N	favicon-k-1717848428.png	2024-06-07 20:02:27	2024-06-08 12:07:08
24be8f5b-7574-41f6-a147-d3bf87d48673	PERXONOMIZ	REF00011	Description	t	10000.00	15000.00	PRODUCT	ab9bfe9f-f26b-4bf2-bc0b-fb3336d24f7f	9cb047fa-a22a-44ed-bdc2-ea0801631046	top-logo-new-perxo-1717859030.png	2024-06-08 15:03:48	2024-06-08 15:04:21
f933364a-88ed-405b-979f-a9199a57a8a6	Serveur	REF002	Description	t	1000.00	1500.00	PRODUCT	6d46ae03-c71b-4cf2-a953-67c877974d4b	\N	capture-decran-du-2024-04-17-13-15-11-1717848506.png	2024-06-06 20:52:52	2024-06-10 13:24:51
11638adc-3cfd-42a8-8d6b-4ddee95ae2f4	Produit	REF00010	\N	t	1000.00	1500.00	\N	a4d2fa52-e777-4174-8342-c344044b09a4	\N	\N	2024-06-10 15:54:21	2024-06-10 15:54:21
098c371a-227b-4847-a285-d6a7ee769f25	Trotinette	Ref12A	\N	t	10.00	100.00	SERVICE	723b69b3-39db-4bda-b6ff-554e9b300da4	\N	\N	2024-06-10 17:58:27	2024-06-10 17:58:27
32c2f4c1-04ee-49d9-a7aa-23cb1333ba9b	Test	Redttt	\N	t	1000.00	1500.00	\N	aa717250-5e1c-4f72-8315-ba2126415962	\N	\N	2024-06-10 18:02:42	2024-06-10 18:02:42
bb606146-0493-41b1-8629-bc8989cf16ec	MAC BOOK	RF006	\N	t	150000.00	250000.00	PRODUCT	6d46ae03-c71b-4cf2-a953-67c877974d4b	\N	\N	2024-06-10 18:17:46	2024-06-10 18:17:46
60bd1bec-54d4-4ec1-9138-9c823fb1a120	Ram	RF007	\N	t	5000.00	6000.00	\N	c246f202-22a4-4351-bfea-75a693e7e97c	\N	\N	2024-06-10 18:21:36	2024-06-10 18:21:36
3e527b15-cff3-477f-995c-53022913ae3d	Consulting	RF002222	\N	t	0.00	2000000.00	SERVICE	723b69b3-39db-4bda-b6ff-554e9b300da4	\N	\N	2024-06-11 14:31:02	2024-06-11 14:31:02
322224cc-b96e-47cc-b18f-229c8d5766eb	Consulting	Ref 123	\N	t	1000.00	1500.00	SERVICE	bd8aa70a-2a9c-4af0-a01b-041f3f4fcccc	\N	\N	2024-06-11 14:47:28	2024-06-13 09:57:36
\.


--
-- Data for Name: removed_permissions; Type: TABLE DATA; Schema: public; Owner: postgres
--

COPY public.removed_permissions (user_id, permission_id) FROM stdin;
db0b5a0c-f268-439a-9415-800f8b3cd81a	42726228-d6ac-4086-bc41-da97473855c9
2a98b68e-4712-450e-a152-36200058b17b	11d334d8-b880-4282-8b37-6fb5990a563b
\.


--
-- Data for Name: role_user; Type: TABLE DATA; Schema: public; Owner: postgres
--

COPY public.role_user (role_id, user_id, user_type, team_id) FROM stdin;
b3b9b5ab-4fc0-459f-a78f-e9054f768f49	32af066e-9d8e-49aa-a6d3-1eeed568c298	Core\\v1\\User\\Models\\User	\N
cca6b4f7-cc56-4575-a61d-2e1e5625d879	db0b5a0c-f268-439a-9415-800f8b3cd81a	Core\\v1\\User\\Models\\User	\N
b3b9b5ab-4fc0-459f-a78f-e9054f768f49	0fd19db7-02d6-45b1-9817-82b5062df2f1	Core\\v1\\User\\Models\\User	\N
b3b9b5ab-4fc0-459f-a78f-e9054f768f49	b726bef6-12fe-4564-a5eb-b758533fb253	Core\\v1\\User\\Models\\User	\N
b3b9b5ab-4fc0-459f-a78f-e9054f768f49	0f7c2e3c-3b44-4dec-92a1-fe4d1c53b259	Core\\v1\\User\\Models\\User	\N
b3b9b5ab-4fc0-459f-a78f-e9054f768f49	b8bbd38b-face-49c9-bb8d-06439b093e57	Core\\v1\\User\\Models\\User	\N
b3b9b5ab-4fc0-459f-a78f-e9054f768f49	0e7fb003-517b-4b70-8941-45c8e5b1a14f	Core\\v1\\User\\Models\\User	\N
2ca7c337-eb67-48a2-9a19-0ca8a27805d4	b8442914-21f7-4da9-bd54-723abed3f214	Core\\v1\\User\\Models\\User	\N
b3b9b5ab-4fc0-459f-a78f-e9054f768f49	65a005bd-95f9-47e3-9652-72b49161cd7e	Core\\v1\\User\\Models\\User	\N
b3b9b5ab-4fc0-459f-a78f-e9054f768f49	dc05d211-2237-4b4b-bab7-bf99db7479d8	Core\\v1\\User\\Models\\User	\N
cca6b4f7-cc56-4575-a61d-2e1e5625d879	2a98b68e-4712-450e-a152-36200058b17b	Core\\v1\\User\\Models\\User	\N
bd43d3c4-a822-4ff7-b032-ef81a12e53e7	7ba1ad61-372a-4116-9fcd-9b5ed90339c2	Core\\v1\\User\\Models\\User	\N
bd43d3c4-a822-4ff7-b032-ef81a12e53e7	44452d23-8b3b-4c4f-a406-7bcc5ef08d4d	Core\\v1\\User\\Models\\User	\N
b3b9b5ab-4fc0-459f-a78f-e9054f768f49	f599be6d-c9dd-4dfb-acae-f30bff9dc1a2	Core\\v1\\User\\Models\\User	\N
b3b9b5ab-4fc0-459f-a78f-e9054f768f49	cedde390-d775-4f11-9cba-e294ac94d307	Core\\v1\\User\\Models\\User	\N
b3b9b5ab-4fc0-459f-a78f-e9054f768f49	628d5488-5298-45be-8b67-372cc255171c	Core\\v1\\User\\Models\\User	\N
\.


--
-- Data for Name: roles; Type: TABLE DATA; Schema: public; Owner: postgres
--

COPY public.roles (id, name, display_name, description, created_at, updated_at) FROM stdin;
fa1458cf-d4ba-42ec-9af9-e6231a95bb17	Marketing	\N	market tout	2024-06-06 18:05:44	2024-06-06 18:42:27
2ca7c337-eb67-48a2-9a19-0ca8a27805d4	gestonnaire d'acces	\N	gere tout	2024-06-06 18:00:44	2024-06-06 18:45:13
407e3b71-d321-4680-bb63-19c1a20de890	administrateur	\N	admin tout	2024-06-06 18:06:18	2024-06-06 18:45:44
b3b9b5ab-4fc0-459f-a78f-e9054f768f49	Super Admin	\N	\N	2024-06-06 19:18:06	2024-06-06 19:18:06
cca6b4f7-cc56-4575-a61d-2e1e5625d879	Serveur	\N	Juste servir	2024-06-07 11:27:24	2024-06-07 11:29:08
bd43d3c4-a822-4ff7-b032-ef81a12e53e7	test	\N	test	2024-06-07 15:10:01	2024-06-07 15:10:01
d5b2d11a-d1d8-44b4-90d0-6df3ffbea57a	Musicien	\N	Juste chanter	2024-06-07 15:41:15	2024-06-07 15:41:32
559e243a-bb76-4890-ab07-3c2bae0c25d6	Artiste	\N	\N	2024-06-07 15:57:14	2024-06-07 15:57:14
3f54150c-c74c-411d-b2e2-3b99e8982b06	Role	\N	\N	2024-06-07 15:58:39	2024-06-07 15:58:39
4fbe12e7-7efb-4e31-ab2e-6f5ace374455	Role 2	\N	\N	2024-06-07 16:02:13	2024-06-07 16:02:13
f3a32042-d419-43e0-982a-d56debc134b4	Role 20	\N	\N	2024-06-07 16:04:15	2024-06-07 16:04:15
c4f724a3-f0e0-4f5f-8b6f-096f5afc181b	Right2	\N	\N	2024-06-07 16:21:43	2024-06-07 16:21:43
\.


--
-- Data for Name: sessions; Type: TABLE DATA; Schema: public; Owner: postgres
--

COPY public.sessions (id, user_id, ip_address, user_agent, payload, last_activity) FROM stdin;
8cvyJGKcEUHvK3A7Xn9vCdN9gs6y1xstfVNC0LAz	\N	178.128.157.217	Mozilla/5.0 (Windows NT 10.0; Win64; x64) AppleWebKit/537.36 (KHTML, like Gecko) Chrome/126.0.0.0 Safari/537.36	YTozOntzOjY6Il90b2tlbiI7czo0MDoicFRzdXdBYmJCeEJ4dTBBS2ZubGJBM0VoMThZVGtKVTB2N1J6N3lUbCI7czo5OiJfcHJldmlvdXMiO2E6MTp7czozOiJ1cmwiO3M6NDc6Imh0dHA6Ly9uZXRieXVzLmRlbW8tYnktYXBpLmludHJhbmV0LW5ldGJ5dXMuY29tIjt9czo2OiJfZmxhc2giO2E6Mjp7czozOiJvbGQiO2E6MDp7fXM6MzoibmV3IjthOjA6e319fQ==	1724758994
6ySd5BFdy0eTCOmj8kam6tWMYuPGKulK0QEAx9s1	\N	178.128.157.217	Mozilla/5.0 (Windows NT 10.0; Win64; x64) AppleWebKit/537.36 (KHTML, like Gecko) Chrome/126.0.0.0 Safari/537.36	YTozOntzOjY6Il90b2tlbiI7czo0MDoiWllmeGNEMmdhMWFUc3NRVjQydlpha005TDk5d2lScm12ZWVBcTJmciI7czo5OiJfcHJldmlvdXMiO2E6MTp7czozOiJ1cmwiO3M6NDg6Imh0dHBzOi8vbmV0Ynl1cy5kZW1vLWJ5LWFwaS5pbnRyYW5ldC1uZXRieXVzLmNvbSI7fXM6NjoiX2ZsYXNoIjthOjI6e3M6Mzoib2xkIjthOjA6e31zOjM6Im5ldyI7YTowOnt9fX0=	1724758994
SInyLHF5Cb82FtDfX806UakRX8fhphiPkIO27Hcf	\N	167.94.145.106	Mozilla/5.0 (compatible; CensysInspect/1.1; +https://about.censys.io/)	YTozOntzOjY6Il90b2tlbiI7czo0MDoiOFB2Y2hJRFF1MTIzdjNWb2N0cTN1MVRtSU1OYktFcXYwWGVaWnk2ayI7czo5OiJfcHJldmlvdXMiO2E6MTp7czozOiJ1cmwiO3M6NDc6Imh0dHA6Ly9uZXRieXVzLmRlbW8tYnktYXBpLmludHJhbmV0LW5ldGJ5dXMuY29tIjt9czo2OiJfZmxhc2giO2E6Mjp7czozOiJvbGQiO2E6MDp7fXM6MzoibmV3IjthOjA6e319fQ==	1725576045
67Fnf5h8L8z7tinFIJ1N0D6S8ngKt7ds7xsp1jLg	\N	199.45.154.124	Mozilla/5.0 (compatible; CensysInspect/1.1; +https://about.censys.io/)	YTozOntzOjY6Il90b2tlbiI7czo0MDoiVlZ3N09SQm0zRGoxTlB4d3BPdUQ2STJadkNYbUlnWGpXRVVCeHRDaCI7czo5OiJfcHJldmlvdXMiO2E6MTp7czozOiJ1cmwiO3M6NDg6Imh0dHBzOi8vbmV0Ynl1cy5kZW1vLWJ5LWFwaS5pbnRyYW5ldC1uZXRieXVzLmNvbSI7fXM6NjoiX2ZsYXNoIjthOjI6e3M6Mzoib2xkIjthOjA6e31zOjM6Im5ldyI7YTowOnt9fX0=	1725577168
gB66yl61n7XhJupgn1LmRVNxkKO36Bt6fGHSI4SD	\N	164.92.150.246	Mozilla/5.0 (Windows NT 10.0; Win64; x64) AppleWebKit/537.36 (KHTML, like Gecko) Chrome/126.0.0.0 Safari/537.36	YTozOntzOjY6Il90b2tlbiI7czo0MDoibDA3MUhxeDB1RkNCN052dWRSV2c0OExHSXRSOWh3MVZIOXhGYzdxOCI7czo5OiJfcHJldmlvdXMiO2E6MTp7czozOiJ1cmwiO3M6NDc6Imh0dHA6Ly9uZXRieXVzLmRlbW8tYnktYXBpLmludHJhbmV0LW5ldGJ5dXMuY29tIjt9czo2OiJfZmxhc2giO2E6Mjp7czozOiJvbGQiO2E6MDp7fXM6MzoibmV3IjthOjA6e319fQ==	1725940456
BD02UjUeydxDF3J0yOwl4TQfAVcFQhqScl2W1pBR	\N	164.92.150.246	Mozilla/5.0 (Windows NT 10.0; Win64; x64) AppleWebKit/537.36 (KHTML, like Gecko) Chrome/126.0.0.0 Safari/537.36	YTozOntzOjY6Il90b2tlbiI7czo0MDoianBsNkwxclhxNmJlVlBhTDNmUWF3TGtYeGFlcW9wZ1dVQk40ODJhTiI7czo5OiJfcHJldmlvdXMiO2E6MTp7czozOiJ1cmwiO3M6NDg6Imh0dHBzOi8vbmV0Ynl1cy5kZW1vLWJ5LWFwaS5pbnRyYW5ldC1uZXRieXVzLmNvbSI7fXM6NjoiX2ZsYXNoIjthOjI6e3M6Mzoib2xkIjthOjA6e31zOjM6Im5ldyI7YTowOnt9fX0=	1725940456
xs7qhSaTreH88S1CcoD68PFrUwJkGzcMkfoD6jOj	\N	199.45.155.104	Mozilla/5.0 (compatible; CensysInspect/1.1; +https://about.censys.io/)	YTozOntzOjY6Il90b2tlbiI7czo0MDoiQlhDblRFd0dyWHAzUnB5QjZmbWc0bGJaVTBzcG5uM3Q1blNCem8zQyI7czo5OiJfcHJldmlvdXMiO2E6MTp7czozOiJ1cmwiO3M6NDg6Imh0dHBzOi8vbmV0Ynl1cy5kZW1vLWJ5LWFwaS5pbnRyYW5ldC1uZXRieXVzLmNvbSI7fXM6NjoiX2ZsYXNoIjthOjI6e3M6Mzoib2xkIjthOjA6e31zOjM6Im5ldyI7YTowOnt9fX0=	1725992040
VKMeBKsWdSpA1it04Apr8x2qQFH5QzAN76jF97QQ	\N	51.81.46.212		YTozOntzOjY6Il90b2tlbiI7czo0MDoia3B3NFNLVWdmSmtuS0xaYUpzTk42eEp2VDJra1pjUk92eHZkUXpkVyI7czo5OiJfcHJldmlvdXMiO2E6MTp7czozOiJ1cmwiO3M6NDg6Imh0dHBzOi8vbmV0Ynl1cy5kZW1vLWJ5LWFwaS5pbnRyYW5ldC1uZXRieXVzLmNvbSI7fXM6NjoiX2ZsYXNoIjthOjI6e3M6Mzoib2xkIjthOjA6e31zOjM6Im5ldyI7YTowOnt9fX0=	1726459433
9DlzaKID3zfNgLciA8ljw2UJzaPA69V7sdGHhVIs	\N	64.227.79.222	Mozilla/5.0 (Windows NT 10.0; Win64; x64) AppleWebKit/537.36 (KHTML, like Gecko) Chrome/126.0.0.0 Safari/537.36	YTozOntzOjY6Il90b2tlbiI7czo0MDoiazBlcXV0cTFFTTdheTRrZW1BZUtpcThkT3huVzN4NWxrNlFtNzhSSSI7czo5OiJfcHJldmlvdXMiO2E6MTp7czozOiJ1cmwiO3M6NDc6Imh0dHA6Ly9uZXRieXVzLmRlbW8tYnktYXBpLmludHJhbmV0LW5ldGJ5dXMuY29tIjt9czo2OiJfZmxhc2giO2E6Mjp7czozOiJvbGQiO2E6MDp7fXM6MzoibmV3IjthOjA6e319fQ==	1727167388
hfbHbtJTjxLdck8vGPGcrla4wphnlXj7qCEhuQ0B	\N	64.227.79.222	Mozilla/5.0 (Windows NT 10.0; Win64; x64) AppleWebKit/537.36 (KHTML, like Gecko) Chrome/126.0.0.0 Safari/537.36	YTozOntzOjY6Il90b2tlbiI7czo0MDoiNFVTd3AxS0ZTSG1ubVozTjNlSUNaV29mZ2licndXTlBCV1NyclN1NyI7czo5OiJfcHJldmlvdXMiO2E6MTp7czozOiJ1cmwiO3M6NDg6Imh0dHBzOi8vbmV0Ynl1cy5kZW1vLWJ5LWFwaS5pbnRyYW5ldC1uZXRieXVzLmNvbSI7fXM6NjoiX2ZsYXNoIjthOjI6e3M6Mzoib2xkIjthOjA6e31zOjM6Im5ldyI7YTowOnt9fX0=	1727167389
mMDMUOOK02LFXDVZvAXjD0Hpq7ak0iGL0X2PpIbO	\N	138.197.168.233	Mozilla/5.0 (Windows NT 10.0; Win64; x64) AppleWebKit/537.36 (KHTML, like Gecko) Chrome/126.0.0.0 Safari/537.36	YTozOntzOjY6Il90b2tlbiI7czo0MDoiREFKdGdObnVuYlB1dm1NblNWSVE3Y0ZoU0VDSjZJNWUzQmRxdFFZNyI7czo5OiJfcHJldmlvdXMiO2E6MTp7czozOiJ1cmwiO3M6NDc6Imh0dHA6Ly9uZXRieXVzLmRlbW8tYnktYXBpLmludHJhbmV0LW5ldGJ5dXMuY29tIjt9czo2OiJfZmxhc2giO2E6Mjp7czozOiJvbGQiO2E6MDp7fXM6MzoibmV3IjthOjA6e319fQ==	1728380359
BsXt4wscC2PVA85fbCkDWsTHDiBXKJSz3bg6fjop	\N	138.197.168.233	Mozilla/5.0 (Windows NT 10.0; Win64; x64) AppleWebKit/537.36 (KHTML, like Gecko) Chrome/126.0.0.0 Safari/537.36	YTozOntzOjY6Il90b2tlbiI7czo0MDoibkxDcUJGeXl4OGh6eXRjd0VPZ0dmalYzaGZnVEFMMTFhOGFsczlveSI7czo5OiJfcHJldmlvdXMiO2E6MTp7czozOiJ1cmwiO3M6NDg6Imh0dHBzOi8vbmV0Ynl1cy5kZW1vLWJ5LWFwaS5pbnRyYW5ldC1uZXRieXVzLmNvbSI7fXM6NjoiX2ZsYXNoIjthOjI6e3M6Mzoib2xkIjthOjA6e31zOjM6Im5ldyI7YTowOnt9fX0=	1728380360
z0DiJJ4JiRAC2VXldrrH9gHWIRz06ByVd7bXOASx	\N	199.45.155.101	Mozilla/5.0 (compatible; CensysInspect/1.1; +https://about.censys.io/)	YTozOntzOjY6Il90b2tlbiI7czo0MDoid0NjbUFTUHlsZUlNOVA4dDZPMDY3VmFKZnNQVndGM3ViSzF3QWh3ViI7czo5OiJfcHJldmlvdXMiO2E6MTp7czozOiJ1cmwiO3M6NDc6Imh0dHA6Ly9uZXRieXVzLmRlbW8tYnktYXBpLmludHJhbmV0LW5ldGJ5dXMuY29tIjt9czo2OiJfZmxhc2giO2E6Mjp7czozOiJvbGQiO2E6MDp7fXM6MzoibmV3IjthOjA6e319fQ==	1728682649
B8ifrYnAcLGd21tL13DjOrNUhzr2IGYNX7wtGtU9	\N	199.45.155.77	Mozilla/5.0 (compatible; CensysInspect/1.1; +https://about.censys.io/)	YTozOntzOjY6Il90b2tlbiI7czo0MDoiS29qbjRZYlZCUEtVcndNNXlZUTBGbWZMcWpsalZHRjF3MGZsMzMyQyI7czo5OiJfcHJldmlvdXMiO2E6MTp7czozOiJ1cmwiO3M6NDg6Imh0dHBzOi8vbmV0Ynl1cy5kZW1vLWJ5LWFwaS5pbnRyYW5ldC1uZXRieXVzLmNvbSI7fXM6NjoiX2ZsYXNoIjthOjI6e3M6Mzoib2xkIjthOjA6e31zOjM6Im5ldyI7YTowOnt9fX0=	1728683472
YCZTkbMJYPpPYffhew5UU3MVnogN7DE5ukkJ1kKg	\N	167.94.146.61	Mozilla/5.0 (compatible; CensysInspect/1.1; +https://about.censys.io/)	YTozOntzOjY6Il90b2tlbiI7czo0MDoic2RycEhZSUZjT0doUEhSVVJnSmtTWjIwMUM5U1VHVUdUakZ1Z25uSCI7czo5OiJfcHJldmlvdXMiO2E6MTp7czozOiJ1cmwiO3M6NDc6Imh0dHA6Ly9uZXRieXVzLmRlbW8tYnktYXBpLmludHJhbmV0LW5ldGJ5dXMuY29tIjt9czo2OiJfZmxhc2giO2E6Mjp7czozOiJvbGQiO2E6MDp7fXM6MzoibmV3IjthOjA6e319fQ==	1728763709
IemzhLTr9YTv3UJcnsx0qKgg4JJYGQC9RwUj8A0o	\N	199.45.155.72	Mozilla/5.0 (compatible; CensysInspect/1.1; +https://about.censys.io/)	YTozOntzOjY6Il90b2tlbiI7czo0MDoiMDVKSFJheWx3Y2lQYnBiVFJNNjVOdzE2ZnU2NWpUR0N1YXhyWXFLdSI7czo5OiJfcHJldmlvdXMiO2E6MTp7czozOiJ1cmwiO3M6NDg6Imh0dHBzOi8vbmV0Ynl1cy5kZW1vLWJ5LWFwaS5pbnRyYW5ldC1uZXRieXVzLmNvbSI7fXM6NjoiX2ZsYXNoIjthOjI6e3M6Mzoib2xkIjthOjA6e31zOjM6Im5ldyI7YTowOnt9fX0=	1728861377
PzdQR7DV7jZQKRcAd8clpkp79ny5paIpQrh6MJmE	\N	162.142.125.218	Mozilla/5.0 (compatible; CensysInspect/1.1; +https://about.censys.io/)	YTozOntzOjY6Il90b2tlbiI7czo0MDoia2E4TDdVSXZ0NHdTb1p0MnphRUc1WG9maWRwdUlFNndKYmVRTnFUUSI7czo5OiJfcHJldmlvdXMiO2E6MTp7czozOiJ1cmwiO3M6NDc6Imh0dHA6Ly9uZXRieXVzLmRlbW8tYnktYXBpLmludHJhbmV0LW5ldGJ5dXMuY29tIjt9czo2OiJfZmxhc2giO2E6Mjp7czozOiJvbGQiO2E6MDp7fXM6MzoibmV3IjthOjA6e319fQ==	1728866869
CFnrYlliVsvThtVwMdP4aY0PQorBiUrGbkHbb42t	\N	135.148.100.196		YTozOntzOjY6Il90b2tlbiI7czo0MDoiOHZMYjdESWIzSldWU3ZFWFpJUHZCaHR6cVh2djdiZ1NGUlB6bGNTZiI7czo5OiJfcHJldmlvdXMiO2E6MTp7czozOiJ1cmwiO3M6NDg6Imh0dHBzOi8vbmV0Ynl1cy5kZW1vLWJ5LWFwaS5pbnRyYW5ldC1uZXRieXVzLmNvbSI7fXM6NjoiX2ZsYXNoIjthOjI6e3M6Mzoib2xkIjthOjA6e31zOjM6Im5ldyI7YTowOnt9fX0=	1729076874
t4m0yoku5iwtzKh88X1610oc1etMfF7biwcplzDK	\N	206.189.17.46	Mozilla/5.0 (Windows NT 10.0; Win64; x64) AppleWebKit/537.36 (KHTML, like Gecko) Chrome/126.0.0.0 Safari/537.36	YTozOntzOjY6Il90b2tlbiI7czo0MDoieURpWlJSWkM4RENleDBVNFRnTlZXMEtYSUtlY0ZrVmt0WXBvQTJ1WSI7czo5OiJfcHJldmlvdXMiO2E6MTp7czozOiJ1cmwiO3M6NDc6Imh0dHA6Ly9uZXRieXVzLmRlbW8tYnktYXBpLmludHJhbmV0LW5ldGJ5dXMuY29tIjt9czo2OiJfZmxhc2giO2E6Mjp7czozOiJvbGQiO2E6MDp7fXM6MzoibmV3IjthOjA6e319fQ==	1729562631
XFI9nLZz2mOyN57CXLENByRcTVpsoTesXqJOuc1h	\N	206.189.17.46	Mozilla/5.0 (Windows NT 10.0; Win64; x64) AppleWebKit/537.36 (KHTML, like Gecko) Chrome/126.0.0.0 Safari/537.36	YTozOntzOjY6Il90b2tlbiI7czo0MDoiSElTbWNUYTk5TFJSQjgzRGh3eDdFU3pRdVR2Ym1YUnQ2NmFaOXVwYSI7czo5OiJfcHJldmlvdXMiO2E6MTp7czozOiJ1cmwiO3M6NDg6Imh0dHBzOi8vbmV0Ynl1cy5kZW1vLWJ5LWFwaS5pbnRyYW5ldC1uZXRieXVzLmNvbSI7fXM6NjoiX2ZsYXNoIjthOjI6e3M6Mzoib2xkIjthOjA6e31zOjM6Im5ldyI7YTowOnt9fX0=	1729562631
dwmvTet1GnlFl3a1PySnjLraEutx96Wo4cK4VgRH	\N	199.45.154.149	Mozilla/5.0 (compatible; CensysInspect/1.1; +https://about.censys.io/)	YTozOntzOjY6Il90b2tlbiI7czo0MDoicE1ONUhmQmV5czM1bWtybFBhbWlER1c1TzVlRXhrMmUySlpGOWZBaiI7czo5OiJfcHJldmlvdXMiO2E6MTp7czozOiJ1cmwiO3M6NDg6Imh0dHBzOi8vbmV0Ynl1cy5kZW1vLWJ5LWFwaS5pbnRyYW5ldC1uZXRieXVzLmNvbSI7fXM6NjoiX2ZsYXNoIjthOjI6e3M6Mzoib2xkIjthOjA6e31zOjM6Im5ldyI7YTowOnt9fX0=	1729811896
lfhSm1GUP94HD0GVii7IJI1XpQym3salm1fMEKHk	\N	167.94.145.105	Mozilla/5.0 (compatible; CensysInspect/1.1; +https://about.censys.io/)	YTozOntzOjY6Il90b2tlbiI7czo0MDoid09UVlpqVE9EV0VhdHp6Z0NMTWtKcERSWWhmcjhnQWxvbXZJeUpqVSI7czo5OiJfcHJldmlvdXMiO2E6MTp7czozOiJ1cmwiO3M6NDc6Imh0dHA6Ly9uZXRieXVzLmRlbW8tYnktYXBpLmludHJhbmV0LW5ldGJ5dXMuY29tIjt9czo2OiJfZmxhc2giO2E6Mjp7czozOiJvbGQiO2E6MDp7fXM6MzoibmV3IjthOjA6e319fQ==	1729816088
XxTm9IsIqqCUAUIXG8o9KhHrNvZHWmkxY0o7UqsB	\N	199.45.155.111	Mozilla/5.0 (compatible; CensysInspect/1.1; +https://about.censys.io/)	YTozOntzOjY6Il90b2tlbiI7czo0MDoiYjBSeEJwTWdscGNOcTB4dDV3bWhJUXNJUDBJbnpxa2JRSndKWTFRUyI7czo5OiJfcHJldmlvdXMiO2E6MTp7czozOiJ1cmwiO3M6NDg6Imh0dHBzOi8vbmV0Ynl1cy5kZW1vLWJ5LWFwaS5pbnRyYW5ldC1uZXRieXVzLmNvbSI7fXM6NjoiX2ZsYXNoIjthOjI6e3M6Mzoib2xkIjthOjA6e31zOjM6Im5ldyI7YTowOnt9fX0=	1729817261
zo5bVXblNzkXh50VBOCXB22tikFYtDS8cQa7Thsq	\N	167.94.145.111	Mozilla/5.0 (compatible; CensysInspect/1.1; +https://about.censys.io/)	YTozOntzOjY6Il90b2tlbiI7czo0MDoid2VnTGVteDF5OUltSWJoQVNlTTdJcUtjREJ6WDlEQkR4TzhtUEdJMyI7czo5OiJfcHJldmlvdXMiO2E6MTp7czozOiJ1cmwiO3M6NDc6Imh0dHA6Ly9uZXRieXVzLmRlbW8tYnktYXBpLmludHJhbmV0LW5ldGJ5dXMuY29tIjt9czo2OiJfZmxhc2giO2E6Mjp7czozOiJvbGQiO2E6MDp7fXM6MzoibmV3IjthOjA6e319fQ==	1729817668
ETpQJkmchKnEUG9CoVBS4OTcP5DhpUuKt2FKosMj	\N	199.45.155.105	Mozilla/5.0 (compatible; CensysInspect/1.1; +https://about.censys.io/)	YTozOntzOjY6Il90b2tlbiI7czo0MDoiUEUzamM3eDhxQ3N4Q0ZhVmgwUkhhWXp3M1loTTd4U09xMGZZSnVEdSI7czo5OiJfcHJldmlvdXMiO2E6MTp7czozOiJ1cmwiO3M6NDg6Imh0dHBzOi8vbmV0Ynl1cy5kZW1vLWJ5LWFwaS5pbnRyYW5ldC1uZXRieXVzLmNvbSI7fXM6NjoiX2ZsYXNoIjthOjI6e3M6Mzoib2xkIjthOjA6e31zOjM6Im5ldyI7YTowOnt9fX0=	1729903615
puQfmCLswtIniOKrb83Q9otUvVtMd4ZzkRVdo0nI	\N	167.94.138.38	Mozilla/5.0 (compatible; CensysInspect/1.1; +https://about.censys.io/)	YTozOntzOjY6Il90b2tlbiI7czo0MDoiaU1Eek9IOUk0ckFKNnpnbzFYRHFvQUxGaU5weVJwMFFkc0FBdkNqaSI7czo5OiJfcHJldmlvdXMiO2E6MTp7czozOiJ1cmwiO3M6NDc6Imh0dHA6Ly9uZXRieXVzLmRlbW8tYnktYXBpLmludHJhbmV0LW5ldGJ5dXMuY29tIjt9czo2OiJfZmxhc2giO2E6Mjp7czozOiJvbGQiO2E6MDp7fXM6MzoibmV3IjthOjA6e319fQ==	1729908107
MhLELDl3uYDASq8ViL095EEntY5d8LJfx01nLFZI	\N	199.45.155.90	Mozilla/5.0 (compatible; CensysInspect/1.1; +https://about.censys.io/)	YTozOntzOjY6Il90b2tlbiI7czo0MDoiZGRDOE5qU0lEWXJHWjJZVmYxa0lTNmFHa25tSlZiOHQzUWdnQ1Z1eSI7czo5OiJfcHJldmlvdXMiO2E6MTp7czozOiJ1cmwiO3M6NDg6Imh0dHBzOi8vbmV0Ynl1cy5kZW1vLWJ5LWFwaS5pbnRyYW5ldC1uZXRieXVzLmNvbSI7fXM6NjoiX2ZsYXNoIjthOjI6e3M6Mzoib2xkIjthOjA6e31zOjM6Im5ldyI7YTowOnt9fX0=	1730421880
GkHUeOQilEW6z7UwpQfsbRaaVxz2inWLNQ8uMGN6	\N	162.142.125.198	Mozilla/5.0 (compatible; CensysInspect/1.1; +https://about.censys.io/)	YTozOntzOjY6Il90b2tlbiI7czo0MDoidFNqUFZvQVZBV2Z0WUs2MmlYZ2k0allCazQ0OUpQN0dFdmJWcE80TSI7czo5OiJfcHJldmlvdXMiO2E6MTp7czozOiJ1cmwiO3M6NDc6Imh0dHA6Ly9uZXRieXVzLmRlbW8tYnktYXBpLmludHJhbmV0LW5ldGJ5dXMuY29tIjt9czo2OiJfZmxhc2giO2E6Mjp7czozOiJvbGQiO2E6MDp7fXM6MzoibmV3IjthOjA6e319fQ==	1730582543
dh5q7NJ4Fk2gQ4XA393KNnkT3DgQm6mUFbZv1kM0	\N	206.168.34.204	Mozilla/5.0 (compatible; CensysInspect/1.1; +https://about.censys.io/)	YTozOntzOjY6Il90b2tlbiI7czo0MDoiVU02NUdZY3dBdHZyOGNGZDdoNnJQY3RvRU5oNkl0N0hmSDRaSk5zQyI7czo5OiJfcHJldmlvdXMiO2E6MTp7czozOiJ1cmwiO3M6NDg6Imh0dHBzOi8vbmV0Ynl1cy5kZW1vLWJ5LWFwaS5pbnRyYW5ldC1uZXRieXVzLmNvbSI7fXM6NjoiX2ZsYXNoIjthOjI6e3M6Mzoib2xkIjthOjA6e31zOjM6Im5ldyI7YTowOnt9fX0=	1730584292
0lXAksXJDlJWQdvVVCOp0HVFgSSg0FB0nKzy811i	\N	164.92.130.229	Mozilla/5.0 (X11; Linux x86_64) AppleWebKit/537.36 (KHTML, like Gecko) Chrome/129.0.0.0 Safari/537.36	YTozOntzOjY6Il90b2tlbiI7czo0MDoiN2hETUFVbVBVYnp1ZWZWV01vQkxsMUU4Z1QxUHAweGdEN0hsNTdZZiI7czo5OiJfcHJldmlvdXMiO2E6MTp7czozOiJ1cmwiO3M6NDc6Imh0dHA6Ly9uZXRieXVzLmRlbW8tYnktYXBpLmludHJhbmV0LW5ldGJ5dXMuY29tIjt9czo2OiJfZmxhc2giO2E6Mjp7czozOiJvbGQiO2E6MDp7fXM6MzoibmV3IjthOjA6e319fQ==	1730801213
kVMEEIdjktoS89mHShPDDgLMHOOxbzLuOjfhV01S	\N	164.92.130.229	Mozilla/5.0 (X11; Linux x86_64) AppleWebKit/537.36 (KHTML, like Gecko) Chrome/129.0.0.0 Safari/537.36	YTozOntzOjY6Il90b2tlbiI7czo0MDoibVBlenVMT1phcDNuZVBJOHZycXR0YlhwYzlXUDZmSjdhOEJDcDB1VCI7czo5OiJfcHJldmlvdXMiO2E6MTp7czozOiJ1cmwiO3M6NDg6Imh0dHBzOi8vbmV0Ynl1cy5kZW1vLWJ5LWFwaS5pbnRyYW5ldC1uZXRieXVzLmNvbSI7fXM6NjoiX2ZsYXNoIjthOjI6e3M6Mzoib2xkIjthOjA6e31zOjM6Im5ldyI7YTowOnt9fX0=	1730801213
joKCXknCBOKHuKtGUp18rogPqgILLsZ6oPexN5Kk	\N	199.45.154.139	Mozilla/5.0 (compatible; CensysInspect/1.1; +https://about.censys.io/)	YTozOntzOjY6Il90b2tlbiI7czo0MDoiQXBiWVFtTnpOdFNZcU5HVXhsMzNjcVpSSnhNWGQxc3VFV0g4Z3lVTSI7czo5OiJfcHJldmlvdXMiO2E6MTp7czozOiJ1cmwiO3M6NDg6Imh0dHBzOi8vbmV0Ynl1cy5kZW1vLWJ5LWFwaS5pbnRyYW5ldC1uZXRieXVzLmNvbSI7fXM6NjoiX2ZsYXNoIjthOjI6e3M6Mzoib2xkIjthOjA6e31zOjM6Im5ldyI7YTowOnt9fX0=	1731377004
ViYT9wpCtII9TK0obD2iGRLea47XM8YvPSGShfMS	\N	206.168.34.118	Mozilla/5.0 (compatible; CensysInspect/1.1; +https://about.censys.io/)	YTozOntzOjY6Il90b2tlbiI7czo0MDoibWFrRVNHaDc5WU1MbTVZdVp5NTJRYjFBcTdrQVJpall4SGxRWnYwRCI7czo5OiJfcHJldmlvdXMiO2E6MTp7czozOiJ1cmwiO3M6NDc6Imh0dHA6Ly9uZXRieXVzLmRlbW8tYnktYXBpLmludHJhbmV0LW5ldGJ5dXMuY29tIjt9czo2OiJfZmxhc2giO2E6Mjp7czozOiJvbGQiO2E6MDp7fXM6MzoibmV3IjthOjA6e319fQ==	1731378883
6YDtmaFoydEhyLNQ0fLYMpbZltu74JrF63GE41jf	\N	135.148.100.196		YTozOntzOjY6Il90b2tlbiI7czo0MDoiNkxpM0lyYzNkZzNmSUdaSzVTak01QjBzaGljZEZKRUI2RHBPY1dDcSI7czo5OiJfcHJldmlvdXMiO2E6MTp7czozOiJ1cmwiO3M6NDg6Imh0dHBzOi8vbmV0Ynl1cy5kZW1vLWJ5LWFwaS5pbnRyYW5ldC1uZXRieXVzLmNvbSI7fXM6NjoiX2ZsYXNoIjthOjI6e3M6Mzoib2xkIjthOjA6e31zOjM6Im5ldyI7YTowOnt9fX0=	1731645468
gpTlpPur9WbZCTRhxbPID92m7owYuZZfbycB0Qaa	\N	165.232.83.216	Mozilla/5.0 (X11; Linux x86_64) AppleWebKit/537.36 (KHTML, like Gecko) Chrome/129.0.0.0 Safari/537.36	YTozOntzOjY6Il90b2tlbiI7czo0MDoiYmRzYjYzOUtKQXRYQVhmOFlZZTZjTU9sQzc5ZHdRY1ZyR09kdkNhSyI7czo5OiJfcHJldmlvdXMiO2E6MTp7czozOiJ1cmwiO3M6NDc6Imh0dHA6Ly9uZXRieXVzLmRlbW8tYnktYXBpLmludHJhbmV0LW5ldGJ5dXMuY29tIjt9czo2OiJfZmxhc2giO2E6Mjp7czozOiJvbGQiO2E6MDp7fXM6MzoibmV3IjthOjA6e319fQ==	1732008984
P03rq8sC65GGePF7ElPpHTwo35cfLtjoQMufdVsl	\N	165.232.83.216	Mozilla/5.0 (X11; Linux x86_64) AppleWebKit/537.36 (KHTML, like Gecko) Chrome/129.0.0.0 Safari/537.36	YTozOntzOjY6Il90b2tlbiI7czo0MDoiUTFFQ2g2QnBzSTBmVGEyZ3NMdHlKT3FNemh3NWIyemdpZWpqNlZ1YiI7czo5OiJfcHJldmlvdXMiO2E6MTp7czozOiJ1cmwiO3M6NDg6Imh0dHBzOi8vbmV0Ynl1cy5kZW1vLWJ5LWFwaS5pbnRyYW5ldC1uZXRieXVzLmNvbSI7fXM6NjoiX2ZsYXNoIjthOjI6e3M6Mzoib2xkIjthOjA6e31zOjM6Im5ldyI7YTowOnt9fX0=	1732008984
\.


--
-- Data for Name: taxes; Type: TABLE DATA; Schema: public; Owner: postgres
--

COPY public.taxes (id, title, type, amount, created_at, updated_at) FROM stdin;
58bffb8c-7804-448a-b723-93f877c81108	TVA	percent	11	2024-06-07 16:54:22	2024-06-07 16:54:34
0c37c346-225c-4455-9893-ddc617d133a9	Impots Fixe	amount	1000	2024-06-08 12:19:04	2024-06-10 13:08:12
13f7e962-0e56-4400-8c99-b2821166cf8f	TVB	percent	2	2024-06-08 12:17:00	2024-06-10 16:04:56
66abc931-1230-46cc-85d7-5f708ae312cc	TV	amount	2500	2024-06-10 18:37:49	2024-06-10 18:38:11
\.


--
-- Data for Name: teams; Type: TABLE DATA; Schema: public; Owner: postgres
--

COPY public.teams (id, name, display_name, description, created_at, updated_at) FROM stdin;
\.


--
-- Data for Name: variations; Type: TABLE DATA; Schema: public; Owner: postgres
--

COPY public.variations (id, name, attribut_id, created_at, updated_at) FROM stdin;
90519406-8910-430c-8a1d-036e898245fb	Bleue	53ab4f84-c471-403d-8b65-ebb7fc9d2d17	\N	\N
7f25fffd-dc81-4fdd-bad0-77269e3d0c4c	Noire	53ab4f84-c471-403d-8b65-ebb7fc9d2d17	\N	\N
1b3fc41e-01dd-40d6-9d30-5a8f2f03c148	Verte	53ab4f84-c471-403d-8b65-ebb7fc9d2d17	\N	\N
925d8588-c5b3-4c4b-8292-e941cec03f43	ROuge	53ab4f84-c471-403d-8b65-ebb7fc9d2d17	\N	\N
355daaa7-637d-42ac-a7eb-2baa8fef6747	Jaune	53ab4f84-c471-403d-8b65-ebb7fc9d2d17	\N	\N
9214ce36-5471-40c3-a8a1-6c3a84067dca	Orange	53ab4f84-c471-403d-8b65-ebb7fc9d2d17	\N	\N
75109c43-0533-4b6c-934f-858d526d1719	Dédié	7c616744-7632-4744-9ee2-b03e298c23f2	\N	\N
c8a93799-96a6-4d30-857f-aff52a49017d	Cloud	7c616744-7632-4744-9ee2-b03e298c23f2	\N	\N
da9a6f71-71f9-4b18-8736-f7b4942a765d	IAAS	7c616744-7632-4744-9ee2-b03e298c23f2	\N	\N
5a0aaedb-a5e8-4494-b16f-fb282cbc1fe4	Neutre	53ab4f84-c471-403d-8b65-ebb7fc9d2d17	\N	2024-06-08 12:15:28
c7258563-ac21-4dc0-b9e0-05d43473d3ef	Mutualisé	7c616744-7632-4744-9ee2-b03e298c23f2	\N	2024-06-08 12:20:18
68d95ecd-7048-4d7b-9394-5226844f4475	iCore3	6a6ad809-b9f3-4390-adec-fe3661fc671d	\N	\N
d5f08b39-c83b-4e36-a29d-f3b33bcacb01	Core2	6a6ad809-b9f3-4390-adec-fe3661fc671d	\N	\N
ae7e61ab-5e92-4ad0-b2c5-888770b9dc3f	Dual Core	6a6ad809-b9f3-4390-adec-fe3661fc671d	\N	\N
86c596a9-1c13-423b-b05b-a67051e75d97	Mobile	e6ae6a76-8e80-41cb-8c8a-c211472d23e6	\N	\N
93a6bddb-25b5-4009-bf46-f3ed3515b26b	Web	e6ae6a76-8e80-41cb-8c8a-c211472d23e6	\N	\N
8575c277-8ca1-46df-871b-181375409df3	XX	9386b87a-9583-4b66-93d0-cdb473c4e874	\N	\N
97a593a8-ec08-4227-a637-e4dba6822cfc	XL	9386b87a-9583-4b66-93d0-cdb473c4e874	\N	\N
e5d91f5f-cd26-44f7-8470-588c1914729c	M	9386b87a-9583-4b66-93d0-cdb473c4e874	\N	\N
210b996d-f58a-48db-9783-4079e99131d1	S	9386b87a-9583-4b66-93d0-cdb473c4e874	\N	\N
\.



--
-- Name: addresses addresses_pkey; Type: CONSTRAINT; Schema: public; Owner: postgres
--

ALTER TABLE ONLY public.addresses
    ADD CONSTRAINT addresses_pkey PRIMARY KEY (id);


--
-- Name: attributs attributs_pkey; Type: CONSTRAINT; Schema: public; Owner: postgres
--

ALTER TABLE ONLY public.attributs
    ADD CONSTRAINT attributs_pkey PRIMARY KEY (id);


--
-- Name: brands brands_pkey; Type: CONSTRAINT; Schema: public; Owner: postgres
--

ALTER TABLE ONLY public.brands
    ADD CONSTRAINT brands_pkey PRIMARY KEY (id);


--
-- Name: categories categories_pkey; Type: CONSTRAINT; Schema: public; Owner: postgres
--

ALTER TABLE ONLY public.categories
    ADD CONSTRAINT categories_pkey PRIMARY KEY (id);


--
-- Name: cities cities_pkey; Type: CONSTRAINT; Schema: public; Owner: postgres
--

ALTER TABLE ONLY public.cities
    ADD CONSTRAINT cities_pkey PRIMARY KEY (id);


--
-- Name: contacts contacts_pkey; Type: CONSTRAINT; Schema: public; Owner: postgres
--

ALTER TABLE ONLY public.contacts
    ADD CONSTRAINT contacts_pkey PRIMARY KEY (id);


--
-- Name: countries countries_pkey; Type: CONSTRAINT; Schema: public; Owner: postgres
--

ALTER TABLE ONLY public.countries
    ADD CONSTRAINT countries_pkey PRIMARY KEY (id);


--
-- Name: currencies currencies_pkey; Type: CONSTRAINT; Schema: public; Owner: postgres
--

ALTER TABLE ONLY public.currencies
    ADD CONSTRAINT currencies_pkey PRIMARY KEY (id);


--
-- Name: departments departments_name_unique; Type: CONSTRAINT; Schema: public; Owner: postgres
--

ALTER TABLE ONLY public.departments
    ADD CONSTRAINT departments_name_unique UNIQUE (name);


--
-- Name: departments departments_pkey; Type: CONSTRAINT; Schema: public; Owner: postgres
--

ALTER TABLE ONLY public.departments
    ADD CONSTRAINT departments_pkey PRIMARY KEY (id);


--
-- Name: invoice_product_sale_element_taxes invoice_product_sale_element_taxes_pkey; Type: CONSTRAINT; Schema: public; Owner: postgres
--

ALTER TABLE ONLY public.invoice_product_sale_element_taxes
    ADD CONSTRAINT invoice_product_sale_element_taxes_pkey PRIMARY KEY (id);


--
-- Name: invoice_product_sale_elements invoice_product_sale_elements_pkey; Type: CONSTRAINT; Schema: public; Owner: postgres
--

ALTER TABLE ONLY public.invoice_product_sale_elements
    ADD CONSTRAINT invoice_product_sale_elements_pkey PRIMARY KEY (id);


--
-- Name: invoice_taxes invoice_taxes_pkey; Type: CONSTRAINT; Schema: public; Owner: postgres
--

ALTER TABLE ONLY public.invoice_taxes
    ADD CONSTRAINT invoice_taxes_pkey PRIMARY KEY (id);


--
-- Name: invoices invoices_pkey; Type: CONSTRAINT; Schema: public; Owner: postgres
--

ALTER TABLE ONLY public.invoices
    ADD CONSTRAINT invoices_pkey PRIMARY KEY (id);


--
-- Name: migrations migrations_pkey; Type: CONSTRAINT; Schema: public; Owner: postgres
--

ALTER TABLE ONLY public.migrations
    ADD CONSTRAINT migrations_pkey PRIMARY KEY (id);


--
-- Name: oauth_auth_codes oauth_auth_codes_pkey; Type: CONSTRAINT; Schema: public; Owner: postgres
--

ALTER TABLE ONLY public.oauth_auth_codes
    ADD CONSTRAINT oauth_auth_codes_pkey PRIMARY KEY (id);


--
-- Name: oauth_personal_access_clients oauth_personal_access_clients_pkey; Type: CONSTRAINT; Schema: public; Owner: postgres
--

ALTER TABLE ONLY public.oauth_personal_access_clients
    ADD CONSTRAINT oauth_personal_access_clients_pkey PRIMARY KEY (id);


--
-- Name: payment_types payment_types_pkey; Type: CONSTRAINT; Schema: public; Owner: postgres
--

ALTER TABLE ONLY public.payment_types
    ADD CONSTRAINT payment_types_pkey PRIMARY KEY (id);


--
-- Name: payments payments_pkey; Type: CONSTRAINT; Schema: public; Owner: postgres
--

ALTER TABLE ONLY public.payments
    ADD CONSTRAINT payments_pkey PRIMARY KEY (id);


--
-- Name: permission_role permission_role_pkey; Type: CONSTRAINT; Schema: public; Owner: postgres
--

ALTER TABLE ONLY public.permission_role
    ADD CONSTRAINT permission_role_pkey PRIMARY KEY (permission_id, role_id);


--
-- Name: permission_user permission_user_user_id_permission_id_user_type_team_id_unique; Type: CONSTRAINT; Schema: public; Owner: postgres
--

ALTER TABLE ONLY public.permission_user
    ADD CONSTRAINT permission_user_user_id_permission_id_user_type_team_id_unique UNIQUE (user_id, permission_id, user_type, team_id);


--
-- Name: permissions permissions_name_unique; Type: CONSTRAINT; Schema: public; Owner: postgres
--

ALTER TABLE ONLY public.permissions
    ADD CONSTRAINT permissions_name_unique UNIQUE (name);


--
-- Name: permissions permissions_pkey; Type: CONSTRAINT; Schema: public; Owner: postgres
--

ALTER TABLE ONLY public.permissions
    ADD CONSTRAINT permissions_pkey PRIMARY KEY (id);


--
-- Name: product_sale_elements product_sale_elements_pkey; Type: CONSTRAINT; Schema: public; Owner: postgres
--

ALTER TABLE ONLY public.product_sale_elements
    ADD CONSTRAINT product_sale_elements_pkey PRIMARY KEY (id);


--
-- Name: product_variation_images product_variation_images_pkey; Type: CONSTRAINT; Schema: public; Owner: postgres
--

ALTER TABLE ONLY public.product_variation_images
    ADD CONSTRAINT product_variation_images_pkey PRIMARY KEY (id);


--
-- Name: products products_pkey; Type: CONSTRAINT; Schema: public; Owner: postgres
--

ALTER TABLE ONLY public.products
    ADD CONSTRAINT products_pkey PRIMARY KEY (id);


--
-- Name: products products_reference_unique; Type: CONSTRAINT; Schema: public; Owner: postgres
--

ALTER TABLE ONLY public.products
    ADD CONSTRAINT products_reference_unique UNIQUE (reference);


--
-- Name: role_user role_user_user_id_role_id_user_type_team_id_unique; Type: CONSTRAINT; Schema: public; Owner: postgres
--

ALTER TABLE ONLY public.role_user
    ADD CONSTRAINT role_user_user_id_role_id_user_type_team_id_unique UNIQUE (user_id, role_id, user_type, team_id);


--
-- Name: roles roles_name_unique; Type: CONSTRAINT; Schema: public; Owner: postgres
--

ALTER TABLE ONLY public.roles
    ADD CONSTRAINT roles_name_unique UNIQUE (name);


--
-- Name: roles roles_pkey; Type: CONSTRAINT; Schema: public; Owner: postgres
--

ALTER TABLE ONLY public.roles
    ADD CONSTRAINT roles_pkey PRIMARY KEY (id);


--
-- Name: sessions sessions_pkey; Type: CONSTRAINT; Schema: public; Owner: postgres
--

ALTER TABLE ONLY public.sessions
    ADD CONSTRAINT sessions_pkey PRIMARY KEY (id);


--
-- Name: taxes taxes_pkey; Type: CONSTRAINT; Schema: public; Owner: postgres
--

ALTER TABLE ONLY public.taxes
    ADD CONSTRAINT taxes_pkey PRIMARY KEY (id);


--
-- Name: teams teams_name_unique; Type: CONSTRAINT; Schema: public; Owner: postgres
--

ALTER TABLE ONLY public.teams
    ADD CONSTRAINT teams_name_unique UNIQUE (name);


--
-- Name: teams teams_pkey; Type: CONSTRAINT; Schema: public; Owner: postgres
--

ALTER TABLE ONLY public.teams
    ADD CONSTRAINT teams_pkey PRIMARY KEY (id);


--
-- Name: variations variations_pkey; Type: CONSTRAINT; Schema: public; Owner: postgres
--

ALTER TABLE ONLY public.variations
    ADD CONSTRAINT variations_pkey PRIMARY KEY (id);


--
-- Name: sessions_last_activity_index; Type: INDEX; Schema: public; Owner: postgres
--

CREATE INDEX sessions_last_activity_index ON public.sessions USING btree (last_activity);


--
-- Name: addresses addresses_city_id_foreign; Type: FK CONSTRAINT; Schema: public; Owner: postgres
--

ALTER TABLE ONLY public.addresses
    ADD CONSTRAINT addresses_city_id_foreign FOREIGN KEY (city_id) REFERENCES public.cities(id);


--
-- Name: addresses addresses_contact_id_foreign; Type: FK CONSTRAINT; Schema: public; Owner: postgres
--

ALTER TABLE ONLY public.addresses
    ADD CONSTRAINT addresses_contact_id_foreign FOREIGN KEY (contact_id) REFERENCES public.contacts(id);


--
-- Name: addresses addresses_country_id_foreign; Type: FK CONSTRAINT; Schema: public; Owner: postgres
--

ALTER TABLE ONLY public.addresses
    ADD CONSTRAINT addresses_country_id_foreign FOREIGN KEY (country_id) REFERENCES public.countries(id);


--
-- Name: attribut_combinaisons attribut_combinaisons_attribute_value_id_foreign; Type: FK CONSTRAINT; Schema: public; Owner: postgres
--

ALTER TABLE ONLY public.attribut_combinaisons
    ADD CONSTRAINT attribut_combinaisons_attribute_value_id_foreign FOREIGN KEY (attribute_value_id) REFERENCES public.variations(id);


--
-- Name: attribut_combinaisons attribut_combinaisons_product_sale_element_id_foreign; Type: FK CONSTRAINT; Schema: public; Owner: postgres
--

ALTER TABLE ONLY public.attribut_combinaisons
    ADD CONSTRAINT attribut_combinaisons_product_sale_element_id_foreign FOREIGN KEY (product_sale_element_id) REFERENCES public.product_sale_elements(id);


--
-- Name: category_parent category_parent_category_id_foreign; Type: FK CONSTRAINT; Schema: public; Owner: postgres
--

ALTER TABLE ONLY public.category_parent
    ADD CONSTRAINT category_parent_category_id_foreign FOREIGN KEY (category_id) REFERENCES public.categories(id);


--
-- Name: category_parent category_parent_parent_id_foreign; Type: FK CONSTRAINT; Schema: public; Owner: postgres
--

ALTER TABLE ONLY public.category_parent
    ADD CONSTRAINT category_parent_parent_id_foreign FOREIGN KEY (parent_id) REFERENCES public.categories(id);


--
-- Name: cities cities_country_id_foreign; Type: FK CONSTRAINT; Schema: public; Owner: postgres
--

ALTER TABLE ONLY public.cities
    ADD CONSTRAINT cities_country_id_foreign FOREIGN KEY (country_id) REFERENCES public.countries(id);


--
-- Name: contacts contacts_currency_id_foreign; Type: FK CONSTRAINT; Schema: public; Owner: postgres
--

ALTER TABLE ONLY public.contacts
    ADD CONSTRAINT contacts_currency_id_foreign FOREIGN KEY (currency_id) REFERENCES public.currencies(id);


--
-- Name: invoice_product_sale_element_taxes invoice_product_sale_element_taxes_invoice_product_sale_element; Type: FK CONSTRAINT; Schema: public; Owner: postgres
--

ALTER TABLE ONLY public.invoice_product_sale_element_taxes
    ADD CONSTRAINT invoice_product_sale_element_taxes_invoice_product_sale_element FOREIGN KEY (invoice_product_sale_element_id) REFERENCES public.invoice_product_sale_elements(id);


--
-- Name: invoice_product_sale_element_taxes invoice_product_sale_element_taxes_taxe_id_foreign; Type: FK CONSTRAINT; Schema: public; Owner: postgres
--

ALTER TABLE ONLY public.invoice_product_sale_element_taxes
    ADD CONSTRAINT invoice_product_sale_element_taxes_taxe_id_foreign FOREIGN KEY (taxe_id) REFERENCES public.taxes(id);


--
-- Name: invoice_product_sale_elements invoice_product_sale_elements_invoice_id_foreign; Type: FK CONSTRAINT; Schema: public; Owner: postgres
--

ALTER TABLE ONLY public.invoice_product_sale_elements
    ADD CONSTRAINT invoice_product_sale_elements_invoice_id_foreign FOREIGN KEY (invoice_id) REFERENCES public.invoices(id);


--
-- Name: invoice_product_sale_elements invoice_product_sale_elements_product_sale_element_id_foreign; Type: FK CONSTRAINT; Schema: public; Owner: postgres
--

ALTER TABLE ONLY public.invoice_product_sale_elements
    ADD CONSTRAINT invoice_product_sale_elements_product_sale_element_id_foreign FOREIGN KEY (product_sale_element_id) REFERENCES public.product_sale_elements(id);


--
-- Name: invoice_taxes invoice_taxes_invoice_id_foreign; Type: FK CONSTRAINT; Schema: public; Owner: postgres
--

ALTER TABLE ONLY public.invoice_taxes
    ADD CONSTRAINT invoice_taxes_invoice_id_foreign FOREIGN KEY (invoice_id) REFERENCES public.invoices(id);


--
-- Name: invoice_taxes invoice_taxes_taxe_id_foreign; Type: FK CONSTRAINT; Schema: public; Owner: postgres
--

ALTER TABLE ONLY public.invoice_taxes
    ADD CONSTRAINT invoice_taxes_taxe_id_foreign FOREIGN KEY (taxe_id) REFERENCES public.taxes(id);


--
-- Name: invoices invoices_contact_id_foreign; Type: FK CONSTRAINT; Schema: public; Owner: postgres
--

ALTER TABLE ONLY public.invoices
    ADD CONSTRAINT invoices_contact_id_foreign FOREIGN KEY (contact_id) REFERENCES public.contacts(id);


--
-- Name: invoices invoices_currency_id_foreign; Type: FK CONSTRAINT; Schema: public; Owner: postgres
--

ALTER TABLE ONLY public.invoices
    ADD CONSTRAINT invoices_currency_id_foreign FOREIGN KEY (currency_id) REFERENCES public.currencies(id);


--
-- Name: payments payments_invoice_id_foreign; Type: FK CONSTRAINT; Schema: public; Owner: postgres
--

ALTER TABLE ONLY public.payments
    ADD CONSTRAINT payments_invoice_id_foreign FOREIGN KEY (invoice_id) REFERENCES public.invoices(id);


--
-- Name: payments payments_payment_type_id_foreign; Type: FK CONSTRAINT; Schema: public; Owner: postgres
--

ALTER TABLE ONLY public.payments
    ADD CONSTRAINT payments_payment_type_id_foreign FOREIGN KEY (payment_type_id) REFERENCES public.payment_types(id);


--
-- Name: permission_role permission_role_permission_id_foreign; Type: FK CONSTRAINT; Schema: public; Owner: postgres
--

ALTER TABLE ONLY public.permission_role
    ADD CONSTRAINT permission_role_permission_id_foreign FOREIGN KEY (permission_id) REFERENCES public.permissions(id) ON UPDATE CASCADE;


--
-- Name: permission_role permission_role_role_id_foreign; Type: FK CONSTRAINT; Schema: public; Owner: postgres
--

ALTER TABLE ONLY public.permission_role
    ADD CONSTRAINT permission_role_role_id_foreign FOREIGN KEY (role_id) REFERENCES public.roles(id) ON UPDATE CASCADE;


--
-- Name: permission_user permission_user_permission_id_foreign; Type: FK CONSTRAINT; Schema: public; Owner: postgres
--

ALTER TABLE ONLY public.permission_user
    ADD CONSTRAINT permission_user_permission_id_foreign FOREIGN KEY (permission_id) REFERENCES public.permissions(id) ON UPDATE CASCADE;


--
-- Name: permission_user permission_user_team_id_foreign; Type: FK CONSTRAINT; Schema: public; Owner: postgres
--

ALTER TABLE ONLY public.permission_user
    ADD CONSTRAINT permission_user_team_id_foreign FOREIGN KEY (team_id) REFERENCES public.teams(id) ON UPDATE CASCADE;


--
-- Name: permission_user permission_user_user_id_foreign; Type: FK CONSTRAINT; Schema: public; Owner: postgres
--

ALTER TABLE ONLY public.permission_user
    ADD CONSTRAINT permission_user_user_id_foreign FOREIGN KEY (user_id) REFERENCES public.users(id);


--
-- Name: product_taxes product_taxes_product_id_foreign; Type: FK CONSTRAINT; Schema: public; Owner: postgres
--

ALTER TABLE ONLY public.product_taxes
    ADD CONSTRAINT product_taxes_product_id_foreign FOREIGN KEY (product_id) REFERENCES public.products(id);


--
-- Name: product_taxes product_taxes_taxe_id_foreign; Type: FK CONSTRAINT; Schema: public; Owner: postgres
--

ALTER TABLE ONLY public.product_taxes
    ADD CONSTRAINT product_taxes_taxe_id_foreign FOREIGN KEY (taxe_id) REFERENCES public.taxes(id);


--
-- Name: product_variation_images product_variation_images_product_sale_element_id_foreign; Type: FK CONSTRAINT; Schema: public; Owner: postgres
--

ALTER TABLE ONLY public.product_variation_images
    ADD CONSTRAINT product_variation_images_product_sale_element_id_foreign FOREIGN KEY (product_sale_element_id) REFERENCES public.product_sale_elements(id);


--
-- Name: products products_brand_id_foreign; Type: FK CONSTRAINT; Schema: public; Owner: postgres
--

ALTER TABLE ONLY public.products
    ADD CONSTRAINT products_brand_id_foreign FOREIGN KEY (brand_id) REFERENCES public.brands(id);


--
-- Name: products products_category_id_foreign; Type: FK CONSTRAINT; Schema: public; Owner: postgres
--

ALTER TABLE ONLY public.products
    ADD CONSTRAINT products_category_id_foreign FOREIGN KEY (category_id) REFERENCES public.categories(id);


--
-- Name: removed_permissions removed_permissions_permission_id_foreign; Type: FK CONSTRAINT; Schema: public; Owner: postgres
--

ALTER TABLE ONLY public.removed_permissions
    ADD CONSTRAINT removed_permissions_permission_id_foreign FOREIGN KEY (permission_id) REFERENCES public.permissions(id);


--
-- Name: removed_permissions removed_permissions_user_id_foreign; Type: FK CONSTRAINT; Schema: public; Owner: postgres
--

ALTER TABLE ONLY public.removed_permissions
    ADD CONSTRAINT removed_permissions_user_id_foreign FOREIGN KEY (user_id) REFERENCES public.users(id);


--
-- Name: role_user role_user_role_id_foreign; Type: FK CONSTRAINT; Schema: public; Owner: postgres
--

ALTER TABLE ONLY public.role_user
    ADD CONSTRAINT role_user_role_id_foreign FOREIGN KEY (role_id) REFERENCES public.roles(id) ON UPDATE CASCADE;


--
-- Name: role_user role_user_team_id_foreign; Type: FK CONSTRAINT; Schema: public; Owner: postgres
--

ALTER TABLE ONLY public.role_user
    ADD CONSTRAINT role_user_team_id_foreign FOREIGN KEY (team_id) REFERENCES public.teams(id) ON UPDATE CASCADE;


--
-- Name: role_user role_user_user_id_foreign; Type: FK CONSTRAINT; Schema: public; Owner: postgres
--

ALTER TABLE ONLY public.role_user
    ADD CONSTRAINT role_user_user_id_foreign FOREIGN KEY (user_id) REFERENCES public.users(id);


--
-- Name: variations variations_attribut_id_foreign; Type: FK CONSTRAINT; Schema: public; Owner: postgres
--

ALTER TABLE ONLY public.variations
    ADD CONSTRAINT variations_attribut_id_foreign FOREIGN KEY (attribut_id) REFERENCES public.attributs(id);


--
--

